{"id":451,"date":"2019-06-27T16:36:06","date_gmt":"2019-06-27T14:36:06","guid":{"rendered":"http:\/\/www.akilles.fi\/bandy\/?page_id=451"},"modified":"2024-01-22T10:55:42","modified_gmt":"2024-01-22T08:55:42","slug":"u10","status":"publish","type":"page","link":"https:\/\/www.akilles.fi\/bandy\/u10\/","title":{"rendered":"U10"},"content":{"rendered":"\t\t<div data-elementor-type=\"wp-post\" data-elementor-id=\"451\" class=\"elementor elementor-451\" data-elementor-post-type=\"page\">\n\t\t\t\t\t\t<section class=\"elementor-section elementor-top-section elementor-element elementor-element-5696bdf elementor-section-boxed elementor-section-height-default elementor-section-height-default\" data-id=\"5696bdf\" data-element_type=\"section\">\n\t\t\t\t\t\t<div class=\"elementor-container elementor-column-gap-default\">\n\t\t\t\t\t<div class=\"elementor-column elementor-col-100 elementor-top-column elementor-element elementor-element-915daa5\" data-id=\"915daa5\" data-element_type=\"column\">\n\t\t\t<div class=\"elementor-widget-wrap elementor-element-populated\">\n\t\t\t\t\t\t<div class=\"elementor-element elementor-element-13bfb5a elementor-widget elementor-widget-heading\" data-id=\"13bfb5a\" data-element_type=\"widget\" data-widget_type=\"heading.default\">\n\t\t\t\t<div class=\"elementor-widget-container\">\n\t\t\t\t\t<h2 class=\"elementor-heading-title elementor-size-default\"><a href=\"http:\/\/www.akilles.fi\/bandy\/juniorlag-juniorijoukkueet\/\"><br>Yhteystiedot - Kontaktuppgifter<br><\/a><\/h2>\t\t\t\t<\/div>\n\t\t\t\t<\/div>\n\t\t\t\t\t<\/div>\n\t\t<\/div>\n\t\t\t\t\t<\/div>\n\t\t<\/section>\n\t\t\t\t<section class=\"elementor-section elementor-top-section elementor-element elementor-element-5601e63 elementor-section-boxed elementor-section-height-default elementor-section-height-default\" data-id=\"5601e63\" data-element_type=\"section\">\n\t\t\t\t\t\t<div class=\"elementor-container elementor-column-gap-default\">\n\t\t\t\t\t<div class=\"elementor-column elementor-col-100 elementor-top-column elementor-element elementor-element-c549d85\" data-id=\"c549d85\" data-element_type=\"column\">\n\t\t\t<div class=\"elementor-widget-wrap elementor-element-populated\">\n\t\t\t\t\t\t<div class=\"elementor-element elementor-element-612723b elementor-widget elementor-widget-text-editor\" data-id=\"612723b\" data-element_type=\"widget\" data-widget_type=\"text-editor.default\">\n\t\t\t\t<div class=\"elementor-widget-container\">\n\t\t\t\t\t\t\t\t\t<h5><strong>Harjoitukset &#8211; Tr\u00e4ningar<\/strong><\/h5><p>tiistaisin &#8211; tisdagar 18-19 (j\u00e4\u00e4pallokoulu\/bandyskolan)<\/p><p>lauantaisin &#8211; l\u00f6rdagar 9:30-11:00 (Pallokentt\u00e4\/Bollplan)<\/p>\t\t\t\t\t\t\t\t<\/div>\n\t\t\t\t<\/div>\n\t\t\t\t\t<\/div>\n\t\t<\/div>\n\t\t\t\t\t<\/div>\n\t\t<\/section>\n\t\t\t\t<section class=\"elementor-section elementor-top-section elementor-element elementor-element-9f66cf6 elementor-section-boxed elementor-section-height-default elementor-section-height-default\" data-id=\"9f66cf6\" data-element_type=\"section\">\n\t\t\t\t\t\t<div class=\"elementor-container elementor-column-gap-default\">\n\t\t\t\t\t<div class=\"elementor-column elementor-col-50 elementor-top-column elementor-element elementor-element-45fc0a7\" data-id=\"45fc0a7\" data-element_type=\"column\">\n\t\t\t<div class=\"elementor-widget-wrap elementor-element-populated\">\n\t\t\t\t\t\t<div class=\"elementor-element elementor-element-88ff142 elementor-widget elementor-widget-image\" data-id=\"88ff142\" data-element_type=\"widget\" data-widget_type=\"image.default\">\n\t\t\t\t<div class=\"elementor-widget-container\">\n\t\t\t\t\t\t\t\t\t\t\t\t\t\t\t<img fetchpriority=\"high\" decoding=\"async\" width=\"1024\" height=\"768\" src=\"https:\/\/www.akilles.fi\/bandy\/wp-content\/uploads\/sites\/26\/2024\/01\/U10_2023-24-1024x768.jpg\" class=\"attachment-large size-large wp-image-4092\" alt=\"\" srcset=\"https:\/\/www.akilles.fi\/bandy\/wp-content\/uploads\/sites\/26\/2024\/01\/U10_2023-24-1024x768.jpg 1024w, https:\/\/www.akilles.fi\/bandy\/wp-content\/uploads\/sites\/26\/2024\/01\/U10_2023-24-300x225.jpg 300w, https:\/\/www.akilles.fi\/bandy\/wp-content\/uploads\/sites\/26\/2024\/01\/U10_2023-24-768x576.jpg 768w, https:\/\/www.akilles.fi\/bandy\/wp-content\/uploads\/sites\/26\/2024\/01\/U10_2023-24-1536x1152.jpg 1536w, https:\/\/www.akilles.fi\/bandy\/wp-content\/uploads\/sites\/26\/2024\/01\/U10_2023-24.jpg 1600w\" sizes=\"(max-width: 1024px) 100vw, 1024px\" \/>\t\t\t\t\t\t\t\t\t\t\t\t\t\t\t<\/div>\n\t\t\t\t<\/div>\n\t\t\t\t\t<\/div>\n\t\t<\/div>\n\t\t\t\t<div class=\"elementor-column elementor-col-50 elementor-top-column elementor-element elementor-element-bd82ffc\" data-id=\"bd82ffc\" data-element_type=\"column\">\n\t\t\t<div class=\"elementor-widget-wrap elementor-element-populated\">\n\t\t\t\t\t\t<div class=\"elementor-element elementor-element-a1543ab elementor-widget elementor-widget-text-editor\" data-id=\"a1543ab\" data-element_type=\"widget\" data-widget_type=\"text-editor.default\">\n\t\t\t\t<div class=\"elementor-widget-container\">\n\t\t\t\t\t\t\t\t\t<p><b>2023-24<\/b> &#8211; U10 Joukkuekuva &#8211; Lagbild\u00a0<\/p><p><span style=\"text-decoration: underline;\">Pelaajat &#8211; Spelare:<\/span><br \/>8 Iivo Roiko<br \/>9 Rasmus \u00c5kermarck<br \/>11 Elvin Skog<br \/>12 Casper Weckman<br \/>13 Oscar Nyman<br \/>14 Edwin Vainio<br \/>18 Adrian Eklund<br \/>21 Melwin Petterson<br \/>22 Eljas Juurikkam\u00e4ki<br \/>23 Peetu Roiko<br \/>33 Hugo Tanskanen<br \/>49 Elliot Lassas<br \/>51 Alexander Mansner<br \/>62 Theodor G\u00f6tesson<br \/>64 Elliot Nyg\u00e5rd<br \/>86 Liam \u00c5kermarck<br \/>95 Noah Suoniemi<\/p><p><span style=\"text-decoration: underline;\">Valmentajat &#8211; Tr\u00e4nare:<\/span><br \/>Matti Lahti<br \/>Oscar Weckman<br \/>Mathias \u00c5kermarck<br \/>Markus \u00c5kermarck<br \/>Viktor Lassas<\/p><p><span style=\"text-decoration: underline;\">Joukkueenjohtaja &#8211; Lagledare:<\/span> <br \/>Anders Skog (050 458 2423)<\/p><p>\u00a0<\/p>\t\t\t\t\t\t\t\t<\/div>\n\t\t\t\t<\/div>\n\t\t\t\t\t<\/div>\n\t\t<\/div>\n\t\t\t\t\t<\/div>\n\t\t<\/section>\n\t\t\t\t<section class=\"elementor-section elementor-top-section elementor-element elementor-element-e8713bc elementor-section-boxed elementor-section-height-default elementor-section-height-default\" data-id=\"e8713bc\" data-element_type=\"section\">\n\t\t\t\t\t\t<div class=\"elementor-container elementor-column-gap-default\">\n\t\t\t\t\t<div class=\"elementor-column elementor-col-100 elementor-top-column elementor-element elementor-element-0aebd11\" data-id=\"0aebd11\" data-element_type=\"column\">\n\t\t\t<div class=\"elementor-widget-wrap elementor-element-populated\">\n\t\t\t\t\t\t<div class=\"elementor-element elementor-element-e7bf696 elementor-widget elementor-widget-text-editor\" data-id=\"e7bf696\" data-element_type=\"widget\" data-widget_type=\"text-editor.default\">\n\t\t\t\t<div class=\"elementor-widget-container\">\n\t\t\t\t\t\t\t\t\t<h4>Vanhat kaudet &#8211; Gamla s\u00e4songer<\/h4>\t\t\t\t\t\t\t\t<\/div>\n\t\t\t\t<\/div>\n\t\t\t\t\t<\/div>\n\t\t<\/div>\n\t\t\t\t\t<\/div>\n\t\t<\/section>\n\t\t\t\t<section class=\"elementor-section elementor-top-section elementor-element elementor-element-30a274b elementor-section-boxed elementor-section-height-default elementor-section-height-default\" data-id=\"30a274b\" data-element_type=\"section\">\n\t\t\t\t\t\t<div class=\"elementor-container elementor-column-gap-default\">\n\t\t\t\t\t<div class=\"elementor-column elementor-col-50 elementor-top-column elementor-element elementor-element-cb65c37\" data-id=\"cb65c37\" data-element_type=\"column\">\n\t\t\t<div class=\"elementor-widget-wrap elementor-element-populated\">\n\t\t\t\t\t\t<div class=\"elementor-element elementor-element-8a234e9 elementor-widget elementor-widget-image\" data-id=\"8a234e9\" data-element_type=\"widget\" data-widget_type=\"image.default\">\n\t\t\t\t<div class=\"elementor-widget-container\">\n\t\t\t\t\t\t\t\t\t\t\t\t\t\t\t<img decoding=\"async\" width=\"1024\" height=\"769\" src=\"https:\/\/www.akilles.fi\/bandy\/wp-content\/uploads\/sites\/26\/2019\/09\/P9lag-1024x769.jpg\" class=\"attachment-large size-large wp-image-954\" alt=\"\" srcset=\"https:\/\/www.akilles.fi\/bandy\/wp-content\/uploads\/sites\/26\/2019\/09\/P9lag-1024x769.jpg 1024w, https:\/\/www.akilles.fi\/bandy\/wp-content\/uploads\/sites\/26\/2019\/09\/P9lag-300x225.jpg 300w, https:\/\/www.akilles.fi\/bandy\/wp-content\/uploads\/sites\/26\/2019\/09\/P9lag-768x577.jpg 768w, https:\/\/www.akilles.fi\/bandy\/wp-content\/uploads\/sites\/26\/2019\/09\/P9lag.jpg 1934w\" sizes=\"(max-width: 1024px) 100vw, 1024px\" \/>\t\t\t\t\t\t\t\t\t\t\t\t\t\t\t<\/div>\n\t\t\t\t<\/div>\n\t\t\t\t\t<\/div>\n\t\t<\/div>\n\t\t\t\t<div class=\"elementor-column elementor-col-50 elementor-top-column elementor-element elementor-element-f5d05dc\" data-id=\"f5d05dc\" data-element_type=\"column\">\n\t\t\t<div class=\"elementor-widget-wrap elementor-element-populated\">\n\t\t\t\t\t\t<div class=\"elementor-element elementor-element-ca1abe0 elementor-widget elementor-widget-text-editor\" data-id=\"ca1abe0\" data-element_type=\"widget\" data-widget_type=\"text-editor.default\">\n\t\t\t\t<div class=\"elementor-widget-container\">\n\t\t\t\t\t\t\t\t\t<p>Joukkuekuva kaudelta 2018-19\u00a0<\/p>\t\t\t\t\t\t\t\t<\/div>\n\t\t\t\t<\/div>\n\t\t\t\t\t<\/div>\n\t\t<\/div>\n\t\t\t\t\t<\/div>\n\t\t<\/section>\n\t\t\t\t<\/div>\n\t\t","protected":false},"excerpt":{"rendered":"<p>Yhteystiedot &#8211; Kontaktuppgifter Harjoitukset &#8211; Tr\u00e4ningar tiistaisin &#8211; tisdagar 18-19 (j\u00e4\u00e4pallokoulu\/bandyskolan) lauantaisin &#8211; l\u00f6rdagar 9:30-11:00 (Pallokentt\u00e4\/Bollplan) 2023-24 &#8211; U10 Joukkuekuva &#8211; Lagbild\u00a0 Pelaajat &#8211; Spelare:8 Iivo Roiko9 Rasmus \u00c5kermarck11 Elvin Skog12 Casper Weckman13 Oscar Nyman14 Edwin Vainio18 Adrian Eklund21 Melwin Petterson22 Eljas Juurikkam\u00e4ki23 Peetu Roiko33 Hugo Tanskanen49 Elliot Lassas51 Alexander Mansner62 Theodor G\u00f6tesson64 Elliot Nyg\u00e5rd86 [&hellip;]<\/p>\n","protected":false},"author":4,"featured_media":0,"parent":0,"menu_order":0,"comment_status":"closed","ping_status":"closed","template":"","meta":{"_crdt_document":"","footnotes":""},"class_list":["post-451","page","type-page","status-publish","hentry"],"yoast_head":"<!-- This site is optimized with the Yoast SEO plugin v26.8 - https:\/\/yoast.com\/product\/yoast-seo-wordpress\/ -->\n<title>U10 - Bandy - J\u00e4\u00e4pallo<\/title>\n<meta name=\"robots\" content=\"index, follow, max-snippet:-1, max-image-preview:large, max-video-preview:-1\" \/>\n<link rel=\"canonical\" href=\"https:\/\/www.akilles.fi\/bandy\/u10\/\" \/>\n<meta property=\"og:locale\" content=\"en_US\" \/>\n<meta property=\"og:type\" content=\"article\" \/>\n<meta property=\"og:title\" content=\"U10 - Bandy - J\u00e4\u00e4pallo\" \/>\n<meta property=\"og:description\" content=\"Yhteystiedot &#8211; Kontaktuppgifter Harjoitukset &#8211; Tr\u00e4ningar tiistaisin &#8211; tisdagar 18-19 (j\u00e4\u00e4pallokoulu\/bandyskolan) lauantaisin &#8211; l\u00f6rdagar 9:30-11:00 (Pallokentt\u00e4\/Bollplan) 2023-24 &#8211; U10 Joukkuekuva &#8211; Lagbild\u00a0 Pelaajat &#8211; Spelare:8 Iivo Roiko9 Rasmus \u00c5kermarck11 Elvin Skog12 Casper Weckman13 Oscar Nyman14 Edwin Vainio18 Adrian Eklund21 Melwin Petterson22 Eljas Juurikkam\u00e4ki23 Peetu Roiko33 Hugo Tanskanen49 Elliot Lassas51 Alexander Mansner62 Theodor G\u00f6tesson64 Elliot Nyg\u00e5rd86 [&hellip;]\" \/>\n<meta property=\"og:url\" content=\"https:\/\/www.akilles.fi\/bandy\/u10\/\" \/>\n<meta property=\"og:site_name\" content=\"Bandy - J\u00e4\u00e4pallo\" \/>\n<meta property=\"article:modified_time\" content=\"2024-01-22T08:55:42+00:00\" \/>\n<meta property=\"og:image\" content=\"http:\/\/www.akilles.fi\/bandy\/wp-content\/uploads\/sites\/26\/2024\/01\/U10_2023-24-1024x768.jpg\" \/>\n<meta name=\"twitter:card\" content=\"summary_large_image\" \/>\n<meta name=\"twitter:label1\" content=\"Est. reading time\" \/>\n\t<meta name=\"twitter:data1\" content=\"1 minute\" \/>\n<script type=\"application\/ld+json\" class=\"yoast-schema-graph\">{\"@context\":\"https:\/\/schema.org\",\"@graph\":[{\"@type\":\"WebPage\",\"@id\":\"https:\/\/www.akilles.fi\/bandy\/u10\/\",\"url\":\"https:\/\/www.akilles.fi\/bandy\/u10\/\",\"name\":\"U10 - Bandy - J\u00e4\u00e4pallo\",\"isPartOf\":{\"@id\":\"https:\/\/www.akilles.fi\/bandy\/#website\"},\"primaryImageOfPage\":{\"@id\":\"https:\/\/www.akilles.fi\/bandy\/u10\/#primaryimage\"},\"image\":{\"@id\":\"https:\/\/www.akilles.fi\/bandy\/u10\/#primaryimage\"},\"thumbnailUrl\":\"http:\/\/www.akilles.fi\/bandy\/wp-content\/uploads\/sites\/26\/2024\/01\/U10_2023-24-1024x768.jpg\",\"datePublished\":\"2019-06-27T14:36:06+00:00\",\"dateModified\":\"2024-01-22T08:55:42+00:00\",\"breadcrumb\":{\"@id\":\"https:\/\/www.akilles.fi\/bandy\/u10\/#breadcrumb\"},\"inLanguage\":\"en-US\",\"potentialAction\":[{\"@type\":\"ReadAction\",\"target\":[\"https:\/\/www.akilles.fi\/bandy\/u10\/\"]}]},{\"@type\":\"ImageObject\",\"inLanguage\":\"en-US\",\"@id\":\"https:\/\/www.akilles.fi\/bandy\/u10\/#primaryimage\",\"url\":\"https:\/\/www.akilles.fi\/bandy\/wp-content\/uploads\/sites\/26\/2024\/01\/U10_2023-24.jpg\",\"contentUrl\":\"https:\/\/www.akilles.fi\/bandy\/wp-content\/uploads\/sites\/26\/2024\/01\/U10_2023-24.jpg\",\"width\":1600,\"height\":1200},{\"@type\":\"BreadcrumbList\",\"@id\":\"https:\/\/www.akilles.fi\/bandy\/u10\/#breadcrumb\",\"itemListElement\":[{\"@type\":\"ListItem\",\"position\":1,\"name\":\"Home\",\"item\":\"https:\/\/www.akilles.fi\/bandy\/\"},{\"@type\":\"ListItem\",\"position\":2,\"name\":\"U10\"}]},{\"@type\":\"WebSite\",\"@id\":\"https:\/\/www.akilles.fi\/bandy\/#website\",\"url\":\"https:\/\/www.akilles.fi\/bandy\/\",\"name\":\"Bandy - J\u00e4\u00e4pallo\",\"description\":\"Borg\u00e5 Akilles Bandy - Porvoon Akilles J\u00e4\u00e4pallo\",\"potentialAction\":[{\"@type\":\"SearchAction\",\"target\":{\"@type\":\"EntryPoint\",\"urlTemplate\":\"https:\/\/www.akilles.fi\/bandy\/?s={search_term_string}\"},\"query-input\":{\"@type\":\"PropertyValueSpecification\",\"valueRequired\":true,\"valueName\":\"search_term_string\"}}],\"inLanguage\":\"en-US\"}]}<\/script>\n<!-- \/ Yoast SEO plugin. -->","yoast_head_json":{"title":"U10 - Bandy - J\u00e4\u00e4pallo","robots":{"index":"index","follow":"follow","max-snippet":"max-snippet:-1","max-image-preview":"max-image-preview:large","max-video-preview":"max-video-preview:-1"},"canonical":"https:\/\/www.akilles.fi\/bandy\/u10\/","og_locale":"en_US","og_type":"article","og_title":"U10 - Bandy - J\u00e4\u00e4pallo","og_description":"Yhteystiedot &#8211; Kontaktuppgifter Harjoitukset &#8211; Tr\u00e4ningar tiistaisin &#8211; tisdagar 18-19 (j\u00e4\u00e4pallokoulu\/bandyskolan) lauantaisin &#8211; l\u00f6rdagar 9:30-11:00 (Pallokentt\u00e4\/Bollplan) 2023-24 &#8211; U10 Joukkuekuva &#8211; Lagbild\u00a0 Pelaajat &#8211; Spelare:8 Iivo Roiko9 Rasmus \u00c5kermarck11 Elvin Skog12 Casper Weckman13 Oscar Nyman14 Edwin Vainio18 Adrian Eklund21 Melwin Petterson22 Eljas Juurikkam\u00e4ki23 Peetu Roiko33 Hugo Tanskanen49 Elliot Lassas51 Alexander Mansner62 Theodor G\u00f6tesson64 Elliot Nyg\u00e5rd86 [&hellip;]","og_url":"https:\/\/www.akilles.fi\/bandy\/u10\/","og_site_name":"Bandy - J\u00e4\u00e4pallo","article_modified_time":"2024-01-22T08:55:42+00:00","og_image":[{"url":"http:\/\/www.akilles.fi\/bandy\/wp-content\/uploads\/sites\/26\/2024\/01\/U10_2023-24-1024x768.jpg","type":"","width":"","height":""}],"twitter_card":"summary_large_image","twitter_misc":{"Est. reading time":"1 minute"},"schema":{"@context":"https:\/\/schema.org","@graph":[{"@type":"WebPage","@id":"https:\/\/www.akilles.fi\/bandy\/u10\/","url":"https:\/\/www.akilles.fi\/bandy\/u10\/","name":"U10 - Bandy - J\u00e4\u00e4pallo","isPartOf":{"@id":"https:\/\/www.akilles.fi\/bandy\/#website"},"primaryImageOfPage":{"@id":"https:\/\/www.akilles.fi\/bandy\/u10\/#primaryimage"},"image":{"@id":"https:\/\/www.akilles.fi\/bandy\/u10\/#primaryimage"},"thumbnailUrl":"http:\/\/www.akilles.fi\/bandy\/wp-content\/uploads\/sites\/26\/2024\/01\/U10_2023-24-1024x768.jpg","datePublished":"2019-06-27T14:36:06+00:00","dateModified":"2024-01-22T08:55:42+00:00","breadcrumb":{"@id":"https:\/\/www.akilles.fi\/bandy\/u10\/#breadcrumb"},"inLanguage":"en-US","potentialAction":[{"@type":"ReadAction","target":["https:\/\/www.akilles.fi\/bandy\/u10\/"]}]},{"@type":"ImageObject","inLanguage":"en-US","@id":"https:\/\/www.akilles.fi\/bandy\/u10\/#primaryimage","url":"https:\/\/www.akilles.fi\/bandy\/wp-content\/uploads\/sites\/26\/2024\/01\/U10_2023-24.jpg","contentUrl":"https:\/\/www.akilles.fi\/bandy\/wp-content\/uploads\/sites\/26\/2024\/01\/U10_2023-24.jpg","width":1600,"height":1200},{"@type":"BreadcrumbList","@id":"https:\/\/www.akilles.fi\/bandy\/u10\/#breadcrumb","itemListElement":[{"@type":"ListItem","position":1,"name":"Home","item":"https:\/\/www.akilles.fi\/bandy\/"},{"@type":"ListItem","position":2,"name":"U10"}]},{"@type":"WebSite","@id":"https:\/\/www.akilles.fi\/bandy\/#website","url":"https:\/\/www.akilles.fi\/bandy\/","name":"Bandy - J\u00e4\u00e4pallo","description":"Borg\u00e5 Akilles Bandy - Porvoon Akilles J\u00e4\u00e4pallo","potentialAction":[{"@type":"SearchAction","target":{"@type":"EntryPoint","urlTemplate":"https:\/\/www.akilles.fi\/bandy\/?s={search_term_string}"},"query-input":{"@type":"PropertyValueSpecification","valueRequired":true,"valueName":"search_term_string"}}],"inLanguage":"en-US"}]}},"_links":{"self":[{"href":"https:\/\/www.akilles.fi\/bandy\/wp-json\/wp\/v2\/pages\/451","targetHints":{"allow":["GET"]}}],"collection":[{"href":"https:\/\/www.akilles.fi\/bandy\/wp-json\/wp\/v2\/pages"}],"about":[{"href":"https:\/\/www.akilles.fi\/bandy\/wp-json\/wp\/v2\/types\/page"}],"author":[{"embeddable":true,"href":"https:\/\/www.akilles.fi\/bandy\/wp-json\/wp\/v2\/users\/4"}],"replies":[{"embeddable":true,"href":"https:\/\/www.akilles.fi\/bandy\/wp-json\/wp\/v2\/comments?post=451"}],"version-history":[{"count":14,"href":"https:\/\/www.akilles.fi\/bandy\/wp-json\/wp\/v2\/pages\/451\/revisions"}],"predecessor-version":[{"id":4102,"href":"https:\/\/www.akilles.fi\/bandy\/wp-json\/wp\/v2\/pages\/451\/revisions\/4102"}],"wp:attachment":[{"href":"https:\/\/www.akilles.fi\/bandy\/wp-json\/wp\/v2\/media?parent=451"}],"curies":[{"name":"wp","href":"https:\/\/api.w.org\/{rel}","templated":true}]}}