{"id":452,"date":"2019-06-27T16:36:50","date_gmt":"2019-06-27T14:36:50","guid":{"rendered":"http:\/\/www.akilles.fi\/bandy\/?page_id=452"},"modified":"2024-01-22T14:44:06","modified_gmt":"2024-01-22T12:44:06","slug":"u16","status":"publish","type":"page","link":"https:\/\/www.akilles.fi\/bandy\/u16\/","title":{"rendered":"U16"},"content":{"rendered":"\t\t<div data-elementor-type=\"wp-post\" data-elementor-id=\"452\" class=\"elementor elementor-452\" data-elementor-post-type=\"page\">\n\t\t\t\t\t\t<section class=\"elementor-section elementor-top-section elementor-element elementor-element-b355562 elementor-section-boxed elementor-section-height-default elementor-section-height-default\" data-id=\"b355562\" data-element_type=\"section\">\n\t\t\t\t\t\t<div class=\"elementor-container elementor-column-gap-default\">\n\t\t\t\t\t<div class=\"elementor-column elementor-col-100 elementor-top-column elementor-element elementor-element-c1f6de8\" data-id=\"c1f6de8\" data-element_type=\"column\">\n\t\t\t<div class=\"elementor-widget-wrap elementor-element-populated\">\n\t\t\t\t\t\t<div class=\"elementor-element elementor-element-01aa88e elementor-widget elementor-widget-heading\" data-id=\"01aa88e\" data-element_type=\"widget\" data-widget_type=\"heading.default\">\n\t\t\t\t<div class=\"elementor-widget-container\">\n\t\t\t\t\t<h2 class=\"elementor-heading-title elementor-size-default\"><a href=\"http:\/\/www.akilles.fi\/bandy\/juniorlag-juniorijoukkueet\/\"><br>Yhteystiedot - Kontaktuppgifter<br><\/a><\/h2>\t\t\t\t<\/div>\n\t\t\t\t<\/div>\n\t\t\t\t\t<\/div>\n\t\t<\/div>\n\t\t\t\t\t<\/div>\n\t\t<\/section>\n\t\t\t\t<section class=\"elementor-section elementor-top-section elementor-element elementor-element-632de64 elementor-section-full_width elementor-section-height-default elementor-section-height-default\" data-id=\"632de64\" data-element_type=\"section\">\n\t\t\t\t\t\t<div class=\"elementor-container elementor-column-gap-default\">\n\t\t\t\t\t<div class=\"elementor-column elementor-col-50 elementor-top-column elementor-element elementor-element-a9f7fd0\" data-id=\"a9f7fd0\" data-element_type=\"column\">\n\t\t\t<div class=\"elementor-widget-wrap elementor-element-populated\">\n\t\t\t\t\t\t<div class=\"elementor-element elementor-element-f15664f elementor-widget elementor-widget-image\" data-id=\"f15664f\" data-element_type=\"widget\" data-widget_type=\"image.default\">\n\t\t\t\t<div class=\"elementor-widget-container\">\n\t\t\t\t\t\t\t\t\t\t\t\t\t\t\t<img fetchpriority=\"high\" decoding=\"async\" width=\"1024\" height=\"683\" src=\"https:\/\/www.akilles.fi\/bandy\/wp-content\/uploads\/sites\/26\/2024\/01\/U14_2023-24m-1024x683.jpg\" class=\"attachment-large size-large wp-image-4129\" alt=\"\" srcset=\"https:\/\/www.akilles.fi\/bandy\/wp-content\/uploads\/sites\/26\/2024\/01\/U14_2023-24m-1024x683.jpg 1024w, https:\/\/www.akilles.fi\/bandy\/wp-content\/uploads\/sites\/26\/2024\/01\/U14_2023-24m-300x200.jpg 300w, https:\/\/www.akilles.fi\/bandy\/wp-content\/uploads\/sites\/26\/2024\/01\/U14_2023-24m-768x512.jpg 768w, https:\/\/www.akilles.fi\/bandy\/wp-content\/uploads\/sites\/26\/2024\/01\/U14_2023-24m-1536x1024.jpg 1536w, https:\/\/www.akilles.fi\/bandy\/wp-content\/uploads\/sites\/26\/2024\/01\/U14_2023-24m-2048x1365.jpg 2048w\" sizes=\"(max-width: 1024px) 100vw, 1024px\" \/>\t\t\t\t\t\t\t\t\t\t\t\t\t\t\t<\/div>\n\t\t\t\t<\/div>\n\t\t\t\t\t<\/div>\n\t\t<\/div>\n\t\t\t\t<div class=\"elementor-column elementor-col-50 elementor-top-column elementor-element elementor-element-e96e1a7\" data-id=\"e96e1a7\" data-element_type=\"column\">\n\t\t\t<div class=\"elementor-widget-wrap elementor-element-populated\">\n\t\t\t\t\t\t<div class=\"elementor-element elementor-element-b9dccc0 elementor-widget elementor-widget-text-editor\" data-id=\"b9dccc0\" data-element_type=\"widget\" data-widget_type=\"text-editor.default\">\n\t\t\t\t<div class=\"elementor-widget-container\">\n\t\t\t\t\t\t\t\t\t<p>Joukkuekuva kaudelta 2023-24<\/p>\t\t\t\t\t\t\t\t<\/div>\n\t\t\t\t<\/div>\n\t\t\t\t\t<\/div>\n\t\t<\/div>\n\t\t\t\t\t<\/div>\n\t\t<\/section>\n\t\t\t\t<section class=\"elementor-section elementor-top-section elementor-element elementor-element-a04e8b6 elementor-section-boxed elementor-section-height-default elementor-section-height-default\" data-id=\"a04e8b6\" data-element_type=\"section\">\n\t\t\t\t\t\t<div class=\"elementor-container elementor-column-gap-default\">\n\t\t\t\t\t<div class=\"elementor-column elementor-col-100 elementor-top-column elementor-element elementor-element-e7549b0\" data-id=\"e7549b0\" data-element_type=\"column\">\n\t\t\t<div class=\"elementor-widget-wrap elementor-element-populated\">\n\t\t\t\t\t\t<div class=\"elementor-element elementor-element-3852ab9 elementor-widget elementor-widget-text-editor\" data-id=\"3852ab9\" data-element_type=\"widget\" data-widget_type=\"text-editor.default\">\n\t\t\t\t<div class=\"elementor-widget-container\">\n\t\t\t\t\t\t\t\t\t<h5>\u00a0<\/h5><h5>Menneet kaudet &#8211; Gamla s\u00e4songer<\/h5>\t\t\t\t\t\t\t\t<\/div>\n\t\t\t\t<\/div>\n\t\t\t\t\t<\/div>\n\t\t<\/div>\n\t\t\t\t\t<\/div>\n\t\t<\/section>\n\t\t\t\t<section class=\"elementor-section elementor-top-section elementor-element elementor-element-af26502 elementor-section-full_width elementor-section-height-default elementor-section-height-default\" data-id=\"af26502\" data-element_type=\"section\">\n\t\t\t\t\t\t<div class=\"elementor-container elementor-column-gap-default\">\n\t\t\t\t\t<div class=\"elementor-column elementor-col-50 elementor-top-column elementor-element elementor-element-fb53e26\" data-id=\"fb53e26\" data-element_type=\"column\">\n\t\t\t<div class=\"elementor-widget-wrap elementor-element-populated\">\n\t\t\t\t\t\t<div class=\"elementor-element elementor-element-b9b8b9d elementor-widget elementor-widget-image\" data-id=\"b9b8b9d\" data-element_type=\"widget\" data-widget_type=\"image.default\">\n\t\t\t\t<div class=\"elementor-widget-container\">\n\t\t\t\t\t\t\t\t\t\t\t\t\t\t\t<img decoding=\"async\" width=\"1024\" height=\"769\" src=\"https:\/\/www.akilles.fi\/bandy\/wp-content\/uploads\/sites\/26\/2019\/09\/P15lag-1024x769.jpg\" class=\"attachment-large size-large wp-image-960\" alt=\"\" srcset=\"https:\/\/www.akilles.fi\/bandy\/wp-content\/uploads\/sites\/26\/2019\/09\/P15lag-1024x769.jpg 1024w, https:\/\/www.akilles.fi\/bandy\/wp-content\/uploads\/sites\/26\/2019\/09\/P15lag-300x225.jpg 300w, https:\/\/www.akilles.fi\/bandy\/wp-content\/uploads\/sites\/26\/2019\/09\/P15lag-768x577.jpg 768w, https:\/\/www.akilles.fi\/bandy\/wp-content\/uploads\/sites\/26\/2019\/09\/P15lag.jpg 1934w\" sizes=\"(max-width: 1024px) 100vw, 1024px\" \/>\t\t\t\t\t\t\t\t\t\t\t\t\t\t\t<\/div>\n\t\t\t\t<\/div>\n\t\t\t\t\t<\/div>\n\t\t<\/div>\n\t\t\t\t<div class=\"elementor-column elementor-col-50 elementor-top-column elementor-element elementor-element-792dd07\" data-id=\"792dd07\" data-element_type=\"column\">\n\t\t\t<div class=\"elementor-widget-wrap elementor-element-populated\">\n\t\t\t\t\t\t<div class=\"elementor-element elementor-element-a0f646c elementor-widget elementor-widget-text-editor\" data-id=\"a0f646c\" data-element_type=\"widget\" data-widget_type=\"text-editor.default\">\n\t\t\t\t<div class=\"elementor-widget-container\">\n\t\t\t\t\t\t\t\t\t<p>Joukkuekuva kaudelta 2018-19<\/p>\t\t\t\t\t\t\t\t<\/div>\n\t\t\t\t<\/div>\n\t\t\t\t\t<\/div>\n\t\t<\/div>\n\t\t\t\t\t<\/div>\n\t\t<\/section>\n\t\t\t\t<\/div>\n\t\t","protected":false},"excerpt":{"rendered":"<p>Yhteystiedot &#8211; Kontaktuppgifter Joukkuekuva kaudelta 2023-24 \u00a0 Menneet kaudet &#8211; Gamla s\u00e4songer Joukkuekuva kaudelta 2018-19<\/p>\n","protected":false},"author":4,"featured_media":0,"parent":0,"menu_order":0,"comment_status":"closed","ping_status":"closed","template":"","meta":{"_crdt_document":"","footnotes":""},"class_list":["post-452","page","type-page","status-publish","hentry"],"yoast_head":"<!-- This site is optimized with the Yoast SEO plugin v26.8 - https:\/\/yoast.com\/product\/yoast-seo-wordpress\/ -->\n<title>U16 - Bandy - J\u00e4\u00e4pallo<\/title>\n<meta name=\"robots\" content=\"index, follow, max-snippet:-1, max-image-preview:large, max-video-preview:-1\" \/>\n<link rel=\"canonical\" href=\"https:\/\/www.akilles.fi\/bandy\/u16\/\" \/>\n<meta property=\"og:locale\" content=\"en_US\" \/>\n<meta property=\"og:type\" content=\"article\" \/>\n<meta property=\"og:title\" content=\"U16 - Bandy - J\u00e4\u00e4pallo\" \/>\n<meta property=\"og:description\" content=\"Yhteystiedot &#8211; Kontaktuppgifter Joukkuekuva kaudelta 2023-24 \u00a0 Menneet kaudet &#8211; Gamla s\u00e4songer Joukkuekuva kaudelta 2018-19\" \/>\n<meta property=\"og:url\" content=\"https:\/\/www.akilles.fi\/bandy\/u16\/\" \/>\n<meta property=\"og:site_name\" content=\"Bandy - J\u00e4\u00e4pallo\" \/>\n<meta property=\"article:modified_time\" content=\"2024-01-22T12:44:06+00:00\" \/>\n<meta property=\"og:image\" content=\"http:\/\/www.akilles.fi\/bandy\/wp-content\/uploads\/sites\/26\/2024\/01\/U14_2023-24m-1024x683.jpg\" \/>\n<meta name=\"twitter:card\" content=\"summary_large_image\" \/>\n<meta name=\"twitter:label1\" content=\"Est. reading time\" \/>\n\t<meta name=\"twitter:data1\" content=\"1 minute\" \/>\n<script type=\"application\/ld+json\" class=\"yoast-schema-graph\">{\"@context\":\"https:\/\/schema.org\",\"@graph\":[{\"@type\":\"WebPage\",\"@id\":\"https:\/\/www.akilles.fi\/bandy\/u16\/\",\"url\":\"https:\/\/www.akilles.fi\/bandy\/u16\/\",\"name\":\"U16 - Bandy - J\u00e4\u00e4pallo\",\"isPartOf\":{\"@id\":\"https:\/\/www.akilles.fi\/bandy\/#website\"},\"primaryImageOfPage\":{\"@id\":\"https:\/\/www.akilles.fi\/bandy\/u16\/#primaryimage\"},\"image\":{\"@id\":\"https:\/\/www.akilles.fi\/bandy\/u16\/#primaryimage\"},\"thumbnailUrl\":\"http:\/\/www.akilles.fi\/bandy\/wp-content\/uploads\/sites\/26\/2024\/01\/U14_2023-24m-1024x683.jpg\",\"datePublished\":\"2019-06-27T14:36:50+00:00\",\"dateModified\":\"2024-01-22T12:44:06+00:00\",\"breadcrumb\":{\"@id\":\"https:\/\/www.akilles.fi\/bandy\/u16\/#breadcrumb\"},\"inLanguage\":\"en-US\",\"potentialAction\":[{\"@type\":\"ReadAction\",\"target\":[\"https:\/\/www.akilles.fi\/bandy\/u16\/\"]}]},{\"@type\":\"ImageObject\",\"inLanguage\":\"en-US\",\"@id\":\"https:\/\/www.akilles.fi\/bandy\/u16\/#primaryimage\",\"url\":\"https:\/\/www.akilles.fi\/bandy\/wp-content\/uploads\/sites\/26\/2024\/01\/U14_2023-24m-scaled.jpg\",\"contentUrl\":\"https:\/\/www.akilles.fi\/bandy\/wp-content\/uploads\/sites\/26\/2024\/01\/U14_2023-24m-scaled.jpg\",\"width\":2560,\"height\":1707},{\"@type\":\"BreadcrumbList\",\"@id\":\"https:\/\/www.akilles.fi\/bandy\/u16\/#breadcrumb\",\"itemListElement\":[{\"@type\":\"ListItem\",\"position\":1,\"name\":\"Home\",\"item\":\"https:\/\/www.akilles.fi\/bandy\/\"},{\"@type\":\"ListItem\",\"position\":2,\"name\":\"U16\"}]},{\"@type\":\"WebSite\",\"@id\":\"https:\/\/www.akilles.fi\/bandy\/#website\",\"url\":\"https:\/\/www.akilles.fi\/bandy\/\",\"name\":\"Bandy - J\u00e4\u00e4pallo\",\"description\":\"Borg\u00e5 Akilles Bandy - Porvoon Akilles J\u00e4\u00e4pallo\",\"potentialAction\":[{\"@type\":\"SearchAction\",\"target\":{\"@type\":\"EntryPoint\",\"urlTemplate\":\"https:\/\/www.akilles.fi\/bandy\/?s={search_term_string}\"},\"query-input\":{\"@type\":\"PropertyValueSpecification\",\"valueRequired\":true,\"valueName\":\"search_term_string\"}}],\"inLanguage\":\"en-US\"}]}<\/script>\n<!-- \/ Yoast SEO plugin. -->","yoast_head_json":{"title":"U16 - Bandy - J\u00e4\u00e4pallo","robots":{"index":"index","follow":"follow","max-snippet":"max-snippet:-1","max-image-preview":"max-image-preview:large","max-video-preview":"max-video-preview:-1"},"canonical":"https:\/\/www.akilles.fi\/bandy\/u16\/","og_locale":"en_US","og_type":"article","og_title":"U16 - Bandy - J\u00e4\u00e4pallo","og_description":"Yhteystiedot &#8211; Kontaktuppgifter Joukkuekuva kaudelta 2023-24 \u00a0 Menneet kaudet &#8211; Gamla s\u00e4songer Joukkuekuva kaudelta 2018-19","og_url":"https:\/\/www.akilles.fi\/bandy\/u16\/","og_site_name":"Bandy - J\u00e4\u00e4pallo","article_modified_time":"2024-01-22T12:44:06+00:00","og_image":[{"url":"http:\/\/www.akilles.fi\/bandy\/wp-content\/uploads\/sites\/26\/2024\/01\/U14_2023-24m-1024x683.jpg","type":"","width":"","height":""}],"twitter_card":"summary_large_image","twitter_misc":{"Est. reading time":"1 minute"},"schema":{"@context":"https:\/\/schema.org","@graph":[{"@type":"WebPage","@id":"https:\/\/www.akilles.fi\/bandy\/u16\/","url":"https:\/\/www.akilles.fi\/bandy\/u16\/","name":"U16 - Bandy - J\u00e4\u00e4pallo","isPartOf":{"@id":"https:\/\/www.akilles.fi\/bandy\/#website"},"primaryImageOfPage":{"@id":"https:\/\/www.akilles.fi\/bandy\/u16\/#primaryimage"},"image":{"@id":"https:\/\/www.akilles.fi\/bandy\/u16\/#primaryimage"},"thumbnailUrl":"http:\/\/www.akilles.fi\/bandy\/wp-content\/uploads\/sites\/26\/2024\/01\/U14_2023-24m-1024x683.jpg","datePublished":"2019-06-27T14:36:50+00:00","dateModified":"2024-01-22T12:44:06+00:00","breadcrumb":{"@id":"https:\/\/www.akilles.fi\/bandy\/u16\/#breadcrumb"},"inLanguage":"en-US","potentialAction":[{"@type":"ReadAction","target":["https:\/\/www.akilles.fi\/bandy\/u16\/"]}]},{"@type":"ImageObject","inLanguage":"en-US","@id":"https:\/\/www.akilles.fi\/bandy\/u16\/#primaryimage","url":"https:\/\/www.akilles.fi\/bandy\/wp-content\/uploads\/sites\/26\/2024\/01\/U14_2023-24m-scaled.jpg","contentUrl":"https:\/\/www.akilles.fi\/bandy\/wp-content\/uploads\/sites\/26\/2024\/01\/U14_2023-24m-scaled.jpg","width":2560,"height":1707},{"@type":"BreadcrumbList","@id":"https:\/\/www.akilles.fi\/bandy\/u16\/#breadcrumb","itemListElement":[{"@type":"ListItem","position":1,"name":"Home","item":"https:\/\/www.akilles.fi\/bandy\/"},{"@type":"ListItem","position":2,"name":"U16"}]},{"@type":"WebSite","@id":"https:\/\/www.akilles.fi\/bandy\/#website","url":"https:\/\/www.akilles.fi\/bandy\/","name":"Bandy - J\u00e4\u00e4pallo","description":"Borg\u00e5 Akilles Bandy - Porvoon Akilles J\u00e4\u00e4pallo","potentialAction":[{"@type":"SearchAction","target":{"@type":"EntryPoint","urlTemplate":"https:\/\/www.akilles.fi\/bandy\/?s={search_term_string}"},"query-input":{"@type":"PropertyValueSpecification","valueRequired":true,"valueName":"search_term_string"}}],"inLanguage":"en-US"}]}},"_links":{"self":[{"href":"https:\/\/www.akilles.fi\/bandy\/wp-json\/wp\/v2\/pages\/452","targetHints":{"allow":["GET"]}}],"collection":[{"href":"https:\/\/www.akilles.fi\/bandy\/wp-json\/wp\/v2\/pages"}],"about":[{"href":"https:\/\/www.akilles.fi\/bandy\/wp-json\/wp\/v2\/types\/page"}],"author":[{"embeddable":true,"href":"https:\/\/www.akilles.fi\/bandy\/wp-json\/wp\/v2\/users\/4"}],"replies":[{"embeddable":true,"href":"https:\/\/www.akilles.fi\/bandy\/wp-json\/wp\/v2\/comments?post=452"}],"version-history":[{"count":7,"href":"https:\/\/www.akilles.fi\/bandy\/wp-json\/wp\/v2\/pages\/452\/revisions"}],"predecessor-version":[{"id":4132,"href":"https:\/\/www.akilles.fi\/bandy\/wp-json\/wp\/v2\/pages\/452\/revisions\/4132"}],"wp:attachment":[{"href":"https:\/\/www.akilles.fi\/bandy\/wp-json\/wp\/v2\/media?parent=452"}],"curies":[{"name":"wp","href":"https:\/\/api.w.org\/{rel}","templated":true}]}}