{"id":463,"date":"2019-06-27T16:48:07","date_gmt":"2019-06-27T16:48:07","guid":{"rendered":"http:\/\/www.akilles.fi\/bandy\/?page_id=463"},"modified":"2025-01-28T10:47:59","modified_gmt":"2025-01-28T08:47:59","slug":"fanprodukter-fanituotteet","status":"publish","type":"page","link":"https:\/\/www.akilles.fi\/bandy\/fanprodukter-fanituotteet\/","title":{"rendered":"Merchandise &#8211; Fanituotteet"},"content":{"rendered":"\t\t<div data-elementor-type=\"wp-post\" data-elementor-id=\"463\" class=\"elementor elementor-463\" data-elementor-post-type=\"page\">\n\t\t\t\t\t\t<section class=\"elementor-section elementor-top-section elementor-element elementor-element-7a46e7b elementor-section-boxed elementor-section-height-default elementor-section-height-default\" data-id=\"7a46e7b\" data-element_type=\"section\">\n\t\t\t\t\t\t<div class=\"elementor-container elementor-column-gap-default\">\n\t\t\t\t\t<div class=\"elementor-column elementor-col-100 elementor-top-column elementor-element elementor-element-fdd74a4\" data-id=\"fdd74a4\" data-element_type=\"column\">\n\t\t\t<div class=\"elementor-widget-wrap elementor-element-populated\">\n\t\t\t\t\t\t<div class=\"elementor-element elementor-element-f62882e elementor-widget elementor-widget-text-editor\" data-id=\"f62882e\" data-element_type=\"widget\" data-widget_type=\"text-editor.default\">\n\t\t\t\t<div class=\"elementor-widget-container\">\n\t\t\t\t\t\t\t\t\t<h4 style=\"text-align: center\"><span style=\"color: #003300\"><strong>MYYNTIPAIKKA <\/strong><\/span><\/h4><h4 style=\"text-align: center\"><span style=\"color: #003300\"><strong>F\u00d6RS\u00c4LJNINGSST\u00c4LLE<\/strong><\/span><\/h4><p><a href=\"https:\/\/www.skobox.fi\/\"><img decoding=\"async\" class=\"size-medium wp-image-1270 aligncenter\" src=\"http:\/\/www.akilles.fi\/bandy\/wp-content\/uploads\/sites\/26\/2019\/11\/Skobox-300x67.jpg\" alt=\"\" width=\"300\" height=\"67\" srcset=\"https:\/\/www.akilles.fi\/bandy\/wp-content\/uploads\/sites\/26\/2019\/11\/Skobox-300x67.jpg 300w, https:\/\/www.akilles.fi\/bandy\/wp-content\/uploads\/sites\/26\/2019\/11\/Skobox-768x171.jpg 768w, https:\/\/www.akilles.fi\/bandy\/wp-content\/uploads\/sites\/26\/2019\/11\/Skobox.jpg 962w\" sizes=\"(max-width: 300px) 100vw, 300px\" \/><\/a><\/p>\t\t\t\t\t\t\t\t<\/div>\n\t\t\t\t<\/div>\n\t\t\t\t\t<\/div>\n\t\t<\/div>\n\t\t\t\t\t<\/div>\n\t\t<\/section>\n\t\t\t\t<section class=\"elementor-section elementor-top-section elementor-element elementor-element-570c634 elementor-section-boxed elementor-section-height-default elementor-section-height-default\" data-id=\"570c634\" data-element_type=\"section\">\n\t\t\t\t\t\t<div class=\"elementor-container elementor-column-gap-default\">\n\t\t\t\t\t<div class=\"elementor-column elementor-col-100 elementor-top-column elementor-element elementor-element-041430f\" data-id=\"041430f\" data-element_type=\"column\">\n\t\t\t<div class=\"elementor-widget-wrap elementor-element-populated\">\n\t\t\t\t\t\t<div class=\"elementor-element elementor-element-1ded949 elementor-widget elementor-widget-price-list\" data-id=\"1ded949\" data-element_type=\"widget\" data-widget_type=\"price-list.default\">\n\t\t\t\t<div class=\"elementor-widget-container\">\n\t\t\t\t\t\n\t\t<ul class=\"elementor-price-list\">\n\n\t\t\t\t\t\t\t\t\t<li><a class=\"elementor-price-list-item\" href=\"#\">\t\t\t\t\t\t\t\t\t<div class=\"elementor-price-list-image\">\n\t\t\t\t\t<img decoding=\"async\" src=\"https:\/\/www.akilles.fi\/bandy\/wp-content\/uploads\/sites\/26\/2021\/05\/ny_lippis-1-150x150.jpg\" alt=\"SNAPBACK CAP\" loading=\"lazy\" \/>\t\t\t\t<\/div>\n\t\t\t\t\n\t\t\t\t<div class=\"elementor-price-list-text\">\n\t\t\t\t\t\t\t\t\t<div class=\"elementor-price-list-header\">\n\t\t\t\t\t\t\t\t\t\t\t<span class=\"elementor-price-list-title\">\n\t\t\t\t\t\t\tSNAPBACK CAP\t\t\t\t\t\t<\/span>\n\t\t\t\t\t\t\t\t\t\t\t\t\t\t\t\t\t\t<span class=\"elementor-price-list-separator\"><\/span>\n\t\t\t\t\t\t\t\t\t\t\t\t\t\t\t\t\t\t\t<span class=\"elementor-price-list-price\">20 \u20ac<\/span>\n\t\t\t\t\t\t\t\t\t\t<\/div>\n\t\t\t\t\t\t\t\t\t\t\t\t\t\t\t<p class=\"elementor-price-list-description\">\n\t\t\t\t\t\t\tKokovihre\u00e4 snapback lippis - Helgr\u00f6n snapback keps\t\t\t\t\t\t<\/p>\n\t\t\t\t\t\t\t\t<\/div>\n\t\t\t\t<\/a><\/li>\t\t\t\t\t\t\t\t\t\t\t\t<li><a class=\"elementor-price-list-item\" href=\"#\">\t\t\t\t\t\t\t\t\t<div class=\"elementor-price-list-image\">\n\t\t\t\t\t<img decoding=\"async\" src=\"https:\/\/www.akilles.fi\/bandy\/wp-content\/uploads\/sites\/26\/2021\/04\/crewneck2.jpg\" alt=\"COLLEGE Crewneck\" loading=\"lazy\" \/>\t\t\t\t<\/div>\n\t\t\t\t\n\t\t\t\t<div class=\"elementor-price-list-text\">\n\t\t\t\t\t\t\t\t\t<div class=\"elementor-price-list-header\">\n\t\t\t\t\t\t\t\t\t\t\t<span class=\"elementor-price-list-title\">\n\t\t\t\t\t\t\tCOLLEGE Crewneck\t\t\t\t\t\t<\/span>\n\t\t\t\t\t\t\t\t\t\t\t\t\t\t\t\t\t\t<span class=\"elementor-price-list-separator\"><\/span>\n\t\t\t\t\t\t\t\t\t\t\t\t\t\t\t\t\t\t\t<span class=\"elementor-price-list-price\">50 \u20ac<\/span>\n\t\t\t\t\t\t\t\t\t\t<\/div>\n\t\t\t\t\t\t\t\t\t\t\t\t\t\t\t<p class=\"elementor-price-list-description\">\n\t\t\t\t\t\t\tKokovihre\u00e4 college - Helgr\u00f6n college\t\t\t\t\t\t<\/p>\n\t\t\t\t\t\t\t\t<\/div>\n\t\t\t\t<\/a><\/li>\t\t\t\t\t\t\t\t\t\t\t\t<li><a class=\"elementor-price-list-item\" href=\"#\">\t\t\t\t\t\t\t\t\t<div class=\"elementor-price-list-image\">\n\t\t\t\t\t<img decoding=\"async\" src=\"https:\/\/www.akilles.fi\/bandy\/wp-content\/uploads\/sites\/26\/2021\/03\/lippis-1.jpg\" alt=\"14 CAP  BASEBALL - ONLY WHITE COLOUR LEFT\" loading=\"lazy\" \/>\t\t\t\t<\/div>\n\t\t\t\t\n\t\t\t\t<div class=\"elementor-price-list-text\">\n\t\t\t\t\t\t\t\t\t<div class=\"elementor-price-list-header\">\n\t\t\t\t\t\t\t\t\t\t\t<span class=\"elementor-price-list-title\">\n\t\t\t\t\t\t\t14 CAP  BASEBALL - ONLY WHITE COLOUR LEFT\t\t\t\t\t\t<\/span>\n\t\t\t\t\t\t\t\t\t\t\t\t\t\t\t\t\t\t<span class=\"elementor-price-list-separator\"><\/span>\n\t\t\t\t\t\t\t\t\t\t\t\t\t\t\t\t\t\t\t<span class=\"elementor-price-list-price\">15 \u20ac<\/span>\n\t\t\t\t\t\t\t\t\t\t<\/div>\n\t\t\t\t\t\t\t\t\t\t\t\t\t\t\t<p class=\"elementor-price-list-description\">\n\t\t\t\t\t\t\tVihre\u00e4 tai Valkoinen lippis - Gr\u00f6n eller Vit keps\t\t\t\t\t\t<\/p>\n\t\t\t\t\t\t\t\t<\/div>\n\t\t\t\t<\/a><\/li>\t\t\t\t\t\t\t\t\t\t\t\t<li><a class=\"elementor-price-list-item\" href=\"#\">\t\t\t\t\t\t\t\t\t<div class=\"elementor-price-list-image\">\n\t\t\t\t\t<img decoding=\"async\" src=\"https:\/\/www.akilles.fi\/bandy\/wp-content\/uploads\/sites\/26\/2019\/09\/1B.png\" alt=\"1B HOOD\" loading=\"lazy\" \/>\t\t\t\t<\/div>\n\t\t\t\t\n\t\t\t\t<div class=\"elementor-price-list-text\">\n\t\t\t\t\t\t\t\t\t<div class=\"elementor-price-list-header\">\n\t\t\t\t\t\t\t\t\t\t\t<span class=\"elementor-price-list-title\">\n\t\t\t\t\t\t\t1B HOOD\t\t\t\t\t\t<\/span>\n\t\t\t\t\t\t\t\t\t\t\t\t\t\t\t\t\t\t<span class=\"elementor-price-list-separator\"><\/span>\n\t\t\t\t\t\t\t\t\t\t\t\t\t\t\t\t\t\t\t<span class=\"elementor-price-list-price\">55 \u20ac<\/span>\n\t\t\t\t\t\t\t\t\t\t<\/div>\n\t\t\t\t\t\t\t\t\t\t\t\t\t\t\t<p class=\"elementor-price-list-description\">\n\t\t\t\t\t\t\tKokovihre\u00e4 huppari ilman vetoketjua - Helgr\u00f6n munkjacka utan dragked\t\t\t\t\t\t<\/p>\n\t\t\t\t\t\t\t\t<\/div>\n\t\t\t\t<\/a><\/li>\t\t\t\t\t\t\t\t\t\t\t\t<li><a class=\"elementor-price-list-item\" href=\"#\">\t\t\t\t\t\t\t\t\t<div class=\"elementor-price-list-image\">\n\t\t\t\t\t<img decoding=\"async\" src=\"https:\/\/www.akilles.fi\/bandy\/wp-content\/uploads\/sites\/26\/2019\/09\/3A.png\" alt=\"3A ZIP HOOD\" loading=\"lazy\" \/>\t\t\t\t<\/div>\n\t\t\t\t\n\t\t\t\t<div class=\"elementor-price-list-text\">\n\t\t\t\t\t\t\t\t\t<div class=\"elementor-price-list-header\">\n\t\t\t\t\t\t\t\t\t\t\t<span class=\"elementor-price-list-title\">\n\t\t\t\t\t\t\t3A ZIP HOOD\t\t\t\t\t\t<\/span>\n\t\t\t\t\t\t\t\t\t\t\t\t\t\t\t\t\t\t<span class=\"elementor-price-list-separator\"><\/span>\n\t\t\t\t\t\t\t\t\t\t\t\t\t\t\t\t\t\t\t<span class=\"elementor-price-list-price\">55 \u20ac<\/span>\n\t\t\t\t\t\t\t\t\t\t<\/div>\n\t\t\t\t\t\t\t\t\t\t\t\t\t\t\t<p class=\"elementor-price-list-description\">\n\t\t\t\t\t\t\tVihre\u00e4 ja harmaa huppari vetoketjulla - Gr\u00f6n och gr\u00e5 munkjacka med dragked\t\t\t\t\t\t<\/p>\n\t\t\t\t\t\t\t\t<\/div>\n\t\t\t\t<\/a><\/li>\t\t\t\t\t\t\t\t\t\t\t\t<li><a class=\"elementor-price-list-item\" href=\"#\">\t\t\t\t\t\t\t\t\t<div class=\"elementor-price-list-image\">\n\t\t\t\t\t<img decoding=\"async\" src=\"https:\/\/www.akilles.fi\/bandy\/wp-content\/uploads\/sites\/26\/2019\/09\/6B.png\" alt=\"6B SWEATPANTS\" loading=\"lazy\" \/>\t\t\t\t<\/div>\n\t\t\t\t\n\t\t\t\t<div class=\"elementor-price-list-text\">\n\t\t\t\t\t\t\t\t\t<div class=\"elementor-price-list-header\">\n\t\t\t\t\t\t\t\t\t\t\t<span class=\"elementor-price-list-title\">\n\t\t\t\t\t\t\t6B SWEATPANTS\t\t\t\t\t\t<\/span>\n\t\t\t\t\t\t\t\t\t\t\t\t\t\t\t\t\t\t<span class=\"elementor-price-list-separator\"><\/span>\n\t\t\t\t\t\t\t\t\t\t\t\t\t\t\t\t\t\t\t<span class=\"elementor-price-list-price\">40 \u20ac<\/span>\n\t\t\t\t\t\t\t\t\t\t<\/div>\n\t\t\t\t\t\t\t\t\t\t\t\t\t\t\t<p class=\"elementor-price-list-description\">\n\t\t\t\t\t\t\tHamaat collegehousut - Gr\u00e5 collegebyxor\t\t\t\t\t\t<\/p>\n\t\t\t\t\t\t\t\t<\/div>\n\t\t\t\t<\/a><\/li>\t\t\t\t\t\t\t\t\t\t\t\t<li><a class=\"elementor-price-list-item\" href=\"#\">\t\t\t\t\t\t\t\t\t<div class=\"elementor-price-list-image\">\n\t\t\t\t\t<img decoding=\"async\" src=\"https:\/\/www.akilles.fi\/bandy\/wp-content\/uploads\/sites\/26\/2019\/09\/7A.png\" alt=\"7A T-SHIRT\" loading=\"lazy\" \/>\t\t\t\t<\/div>\n\t\t\t\t\n\t\t\t\t<div class=\"elementor-price-list-text\">\n\t\t\t\t\t\t\t\t\t<div class=\"elementor-price-list-header\">\n\t\t\t\t\t\t\t\t\t\t\t<span class=\"elementor-price-list-title\">\n\t\t\t\t\t\t\t7A T-SHIRT\t\t\t\t\t\t<\/span>\n\t\t\t\t\t\t\t\t\t\t\t\t\t\t\t\t\t\t<span class=\"elementor-price-list-separator\"><\/span>\n\t\t\t\t\t\t\t\t\t\t\t\t\t\t\t\t\t\t\t<span class=\"elementor-price-list-price\">20 \u20ac<\/span>\n\t\t\t\t\t\t\t\t\t\t<\/div>\n\t\t\t\t\t\t\t\t\t\t\t\t\t\t\t<p class=\"elementor-price-list-description\">\n\t\t\t\t\t\t\tVihre\u00e4 T-paita - Gr\u00f6n T-shirt\t\t\t\t\t\t<\/p>\n\t\t\t\t\t\t\t\t<\/div>\n\t\t\t\t<\/a><\/li>\t\t\t\t\t\t\t\t\t\t\t\t<li><a class=\"elementor-price-list-item\" href=\"#\">\t\t\t\t\t\t\t\t\t<div class=\"elementor-price-list-image\">\n\t\t\t\t\t<img decoding=\"async\" src=\"https:\/\/www.akilles.fi\/bandy\/wp-content\/uploads\/sites\/26\/2019\/09\/7C.png\" alt=\"7C T-SHIRT\" loading=\"lazy\" \/>\t\t\t\t<\/div>\n\t\t\t\t\n\t\t\t\t<div class=\"elementor-price-list-text\">\n\t\t\t\t\t\t\t\t\t<div class=\"elementor-price-list-header\">\n\t\t\t\t\t\t\t\t\t\t\t<span class=\"elementor-price-list-title\">\n\t\t\t\t\t\t\t7C T-SHIRT\t\t\t\t\t\t<\/span>\n\t\t\t\t\t\t\t\t\t\t\t\t\t\t\t\t\t\t<span class=\"elementor-price-list-separator\"><\/span>\n\t\t\t\t\t\t\t\t\t\t\t\t\t\t\t\t\t\t\t<span class=\"elementor-price-list-price\">20 \u20ac<\/span>\n\t\t\t\t\t\t\t\t\t\t<\/div>\n\t\t\t\t\t\t\t\t\t\t\t\t\t\t\t<p class=\"elementor-price-list-description\">\n\t\t\t\t\t\t\tValkoinen T-paita - Vit T-shirt\t\t\t\t\t\t<\/p>\n\t\t\t\t\t\t\t\t<\/div>\n\t\t\t\t<\/a><\/li>\t\t\t\t\t\t\t\t\t\t\t\t<li><a class=\"elementor-price-list-item\" href=\"#\">\t\t\t\t\t\t\t\t\t<div class=\"elementor-price-list-image\">\n\t\t\t\t\t<img decoding=\"async\" src=\"https:\/\/www.akilles.fi\/bandy\/wp-content\/uploads\/sites\/26\/2019\/09\/10-B2.png\" alt=\"10 B2 POLO PIK\u00c9\" loading=\"lazy\" \/>\t\t\t\t<\/div>\n\t\t\t\t\n\t\t\t\t<div class=\"elementor-price-list-text\">\n\t\t\t\t\t\t\t\t\t<div class=\"elementor-price-list-header\">\n\t\t\t\t\t\t\t\t\t\t\t<span class=\"elementor-price-list-title\">\n\t\t\t\t\t\t\t10 B2 POLO PIK\u00c9\t\t\t\t\t\t<\/span>\n\t\t\t\t\t\t\t\t\t\t\t\t\t\t\t\t\t\t<span class=\"elementor-price-list-separator\"><\/span>\n\t\t\t\t\t\t\t\t\t\t\t\t\t\t\t\t\t\t\t<span class=\"elementor-price-list-price\">35 \u20ac<\/span>\n\t\t\t\t\t\t\t\t\t\t<\/div>\n\t\t\t\t\t\t\t\t\t\t\t\t\t\t\t<p class=\"elementor-price-list-description\">\n\t\t\t\t\t\t\tValkoinen pikeepaita - Vit pik\u00e9skjorta\t\t\t\t\t\t<\/p>\n\t\t\t\t\t\t\t\t<\/div>\n\t\t\t\t<\/a><\/li>\t\t\t\t\t\t\t\t\t\t\t\t<li><a class=\"elementor-price-list-item\" href=\"#\">\t\t\t\t\t\t\t\t\t<div class=\"elementor-price-list-image\">\n\t\t\t\t\t<img decoding=\"async\" src=\"https:\/\/www.akilles.fi\/bandy\/wp-content\/uploads\/sites\/26\/2019\/09\/pipo-1-150x116.png\" alt=\"15 BEANIE TAZZLE\" loading=\"lazy\" \/>\t\t\t\t<\/div>\n\t\t\t\t\n\t\t\t\t<div class=\"elementor-price-list-text\">\n\t\t\t\t\t\t\t\t\t<div class=\"elementor-price-list-header\">\n\t\t\t\t\t\t\t\t\t\t\t<span class=\"elementor-price-list-title\">\n\t\t\t\t\t\t\t15 BEANIE TAZZLE\t\t\t\t\t\t<\/span>\n\t\t\t\t\t\t\t\t\t\t\t\t\t\t\t\t\t\t<span class=\"elementor-price-list-separator\"><\/span>\n\t\t\t\t\t\t\t\t\t\t\t\t\t\t\t\t\t\t\t<span class=\"elementor-price-list-price\">29 \u20ac<\/span>\n\t\t\t\t\t\t\t\t\t\t<\/div>\n\t\t\t\t\t\t\t\t\t\t\t\t\t\t\t<p class=\"elementor-price-list-description\">\n\t\t\t\t\t\t\tVihre\u00e4 tai Valkoinen pipo - Gr\u00f6n eller Vit tofsm\u00f6ssa\t\t\t\t\t\t<\/p>\n\t\t\t\t\t\t\t\t<\/div>\n\t\t\t\t<\/a><\/li>\t\t\t\t\t\t\t\t\t\t\t\t<li><a class=\"elementor-price-list-item\" href=\"#\">\t\t\t\t\t\t\t\t\t<div class=\"elementor-price-list-image\">\n\t\t\t\t\t<img decoding=\"async\" src=\"https:\/\/www.akilles.fi\/bandy\/wp-content\/uploads\/sites\/26\/2019\/09\/16A.png\" alt=\"KNITTED BEANIE\" loading=\"lazy\" \/>\t\t\t\t<\/div>\n\t\t\t\t\n\t\t\t\t<div class=\"elementor-price-list-text\">\n\t\t\t\t\t\t\t\t\t<div class=\"elementor-price-list-header\">\n\t\t\t\t\t\t\t\t\t\t\t<span class=\"elementor-price-list-title\">\n\t\t\t\t\t\t\tKNITTED BEANIE\t\t\t\t\t\t<\/span>\n\t\t\t\t\t\t\t\t\t\t\t\t\t\t\t\t\t\t<span class=\"elementor-price-list-separator\"><\/span>\n\t\t\t\t\t\t\t\t\t\t\t\t\t\t\t\t\t\t\t<span class=\"elementor-price-list-price\">15 \u20ac<\/span>\n\t\t\t\t\t\t\t\t\t\t<\/div>\n\t\t\t\t\t\t\t\t\t\t\t\t\t\t\t<p class=\"elementor-price-list-description\">\n\t\t\t\t\t\t\tVihre\u00e4 pipo - Gr\u00f6n m\u00f6ssa\t\t\t\t\t\t<\/p>\n\t\t\t\t\t\t\t\t<\/div>\n\t\t\t\t<\/a><\/li>\t\t\t\t\t\t\t\t\t\t\t\t<li><a class=\"elementor-price-list-item\" href=\"#\">\t\t\t\t\t\t\t\t\t<div class=\"elementor-price-list-image\">\n\t\t\t\t\t<img decoding=\"async\" src=\"https:\/\/www.akilles.fi\/bandy\/wp-content\/uploads\/sites\/26\/2019\/09\/17-143x150.png\" alt=\"17 SCARF\" loading=\"lazy\" \/>\t\t\t\t<\/div>\n\t\t\t\t\n\t\t\t\t<div class=\"elementor-price-list-text\">\n\t\t\t\t\t\t\t\t\t<div class=\"elementor-price-list-header\">\n\t\t\t\t\t\t\t\t\t\t\t<span class=\"elementor-price-list-title\">\n\t\t\t\t\t\t\t17 SCARF\t\t\t\t\t\t<\/span>\n\t\t\t\t\t\t\t\t\t\t\t\t\t\t\t\t\t\t<span class=\"elementor-price-list-separator\"><\/span>\n\t\t\t\t\t\t\t\t\t\t\t\t\t\t\t\t\t\t\t<span class=\"elementor-price-list-price\">20 \u20ac<\/span>\n\t\t\t\t\t\t\t\t\t\t<\/div>\n\t\t\t\t\t\t\t\t\t\t\t\t\t\t\t<p class=\"elementor-price-list-description\">\n\t\t\t\t\t\t\tAkilles vihre\u00e4 kaulahuivi - Akilles gr\u00f6n halsduk\t\t\t\t\t\t<\/p>\n\t\t\t\t\t\t\t\t<\/div>\n\t\t\t\t<\/a><\/li>\t\t\t\t\t\n\t\t<\/ul>\n\n\t\t\t\t\t\t<\/div>\n\t\t\t\t<\/div>\n\t\t\t\t\t<\/div>\n\t\t<\/div>\n\t\t\t\t\t<\/div>\n\t\t<\/section>\n\t\t\t\t<\/div>\n\t\t","protected":false},"excerpt":{"rendered":"<p>MYYNTIPAIKKA F\u00d6RS\u00c4LJNINGSST\u00c4LLE SNAPBACK CAP 20 \u20ac Kokovihre\u00e4 snapback lippis &#8211; Helgr\u00f6n snapback keps COLLEGE Crewneck 50 \u20ac Kokovihre\u00e4 college &#8211; Helgr\u00f6n college 14 CAP BASEBALL &#8211; ONLY WHITE COLOUR LEFT 15 \u20ac Vihre\u00e4 tai Valkoinen lippis &#8211; Gr\u00f6n eller Vit keps 1B HOOD 55 \u20ac Kokovihre\u00e4 huppari ilman vetoketjua &#8211; Helgr\u00f6n munkjacka utan dragked 3A [&hellip;]<\/p>\n","protected":false},"author":4,"featured_media":0,"parent":0,"menu_order":0,"comment_status":"closed","ping_status":"closed","template":"","meta":{"_crdt_document":"","footnotes":""},"class_list":["post-463","page","type-page","status-publish","hentry"],"yoast_head":"<!-- This site is optimized with the Yoast SEO plugin v26.8 - https:\/\/yoast.com\/product\/yoast-seo-wordpress\/ -->\n<title>Merchandise - Fanituotteet - Bandy - J\u00e4\u00e4pallo<\/title>\n<meta name=\"robots\" content=\"index, follow, max-snippet:-1, max-image-preview:large, max-video-preview:-1\" \/>\n<link rel=\"canonical\" href=\"https:\/\/www.akilles.fi\/bandy\/fanprodukter-fanituotteet\/\" \/>\n<meta property=\"og:locale\" content=\"en_US\" \/>\n<meta property=\"og:type\" content=\"article\" \/>\n<meta property=\"og:title\" content=\"Merchandise - Fanituotteet - Bandy - J\u00e4\u00e4pallo\" \/>\n<meta property=\"og:description\" content=\"MYYNTIPAIKKA F\u00d6RS\u00c4LJNINGSST\u00c4LLE SNAPBACK CAP 20 \u20ac Kokovihre\u00e4 snapback lippis &#8211; Helgr\u00f6n snapback keps COLLEGE Crewneck 50 \u20ac Kokovihre\u00e4 college &#8211; Helgr\u00f6n college 14 CAP BASEBALL &#8211; ONLY WHITE COLOUR LEFT 15 \u20ac Vihre\u00e4 tai Valkoinen lippis &#8211; Gr\u00f6n eller Vit keps 1B HOOD 55 \u20ac Kokovihre\u00e4 huppari ilman vetoketjua &#8211; Helgr\u00f6n munkjacka utan dragked 3A [&hellip;]\" \/>\n<meta property=\"og:url\" content=\"https:\/\/www.akilles.fi\/bandy\/fanprodukter-fanituotteet\/\" \/>\n<meta property=\"og:site_name\" content=\"Bandy - J\u00e4\u00e4pallo\" \/>\n<meta property=\"article:modified_time\" content=\"2025-01-28T08:47:59+00:00\" \/>\n<meta property=\"og:image\" content=\"https:\/\/www.akilles.fi\/bandy\/wp-content\/uploads\/sites\/26\/2019\/11\/Skobox.jpg\" \/>\n\t<meta property=\"og:image:width\" content=\"962\" \/>\n\t<meta property=\"og:image:height\" content=\"214\" \/>\n\t<meta property=\"og:image:type\" content=\"image\/jpeg\" \/>\n<meta name=\"twitter:card\" content=\"summary_large_image\" \/>\n<meta name=\"twitter:label1\" content=\"Est. reading time\" \/>\n\t<meta name=\"twitter:data1\" content=\"4 minutes\" \/>\n<script type=\"application\/ld+json\" class=\"yoast-schema-graph\">{\"@context\":\"https:\/\/schema.org\",\"@graph\":[{\"@type\":\"WebPage\",\"@id\":\"https:\/\/www.akilles.fi\/bandy\/fanprodukter-fanituotteet\/\",\"url\":\"https:\/\/www.akilles.fi\/bandy\/fanprodukter-fanituotteet\/\",\"name\":\"Merchandise - Fanituotteet - Bandy - J\u00e4\u00e4pallo\",\"isPartOf\":{\"@id\":\"https:\/\/www.akilles.fi\/bandy\/#website\"},\"primaryImageOfPage\":{\"@id\":\"https:\/\/www.akilles.fi\/bandy\/fanprodukter-fanituotteet\/#primaryimage\"},\"image\":{\"@id\":\"https:\/\/www.akilles.fi\/bandy\/fanprodukter-fanituotteet\/#primaryimage\"},\"thumbnailUrl\":\"http:\/\/www.akilles.fi\/bandy\/wp-content\/uploads\/sites\/26\/2019\/11\/Skobox-300x67.jpg\",\"datePublished\":\"2019-06-27T16:48:07+00:00\",\"dateModified\":\"2025-01-28T08:47:59+00:00\",\"breadcrumb\":{\"@id\":\"https:\/\/www.akilles.fi\/bandy\/fanprodukter-fanituotteet\/#breadcrumb\"},\"inLanguage\":\"en-US\",\"potentialAction\":[{\"@type\":\"ReadAction\",\"target\":[\"https:\/\/www.akilles.fi\/bandy\/fanprodukter-fanituotteet\/\"]}]},{\"@type\":\"ImageObject\",\"inLanguage\":\"en-US\",\"@id\":\"https:\/\/www.akilles.fi\/bandy\/fanprodukter-fanituotteet\/#primaryimage\",\"url\":\"http:\/\/www.akilles.fi\/bandy\/wp-content\/uploads\/sites\/26\/2019\/11\/Skobox-300x67.jpg\",\"contentUrl\":\"http:\/\/www.akilles.fi\/bandy\/wp-content\/uploads\/sites\/26\/2019\/11\/Skobox-300x67.jpg\"},{\"@type\":\"BreadcrumbList\",\"@id\":\"https:\/\/www.akilles.fi\/bandy\/fanprodukter-fanituotteet\/#breadcrumb\",\"itemListElement\":[{\"@type\":\"ListItem\",\"position\":1,\"name\":\"Home\",\"item\":\"https:\/\/www.akilles.fi\/bandy\/\"},{\"@type\":\"ListItem\",\"position\":2,\"name\":\"Merchandise &#8211; Fanituotteet\"}]},{\"@type\":\"WebSite\",\"@id\":\"https:\/\/www.akilles.fi\/bandy\/#website\",\"url\":\"https:\/\/www.akilles.fi\/bandy\/\",\"name\":\"Bandy - J\u00e4\u00e4pallo\",\"description\":\"Borg\u00e5 Akilles Bandy - Porvoon Akilles J\u00e4\u00e4pallo\",\"potentialAction\":[{\"@type\":\"SearchAction\",\"target\":{\"@type\":\"EntryPoint\",\"urlTemplate\":\"https:\/\/www.akilles.fi\/bandy\/?s={search_term_string}\"},\"query-input\":{\"@type\":\"PropertyValueSpecification\",\"valueRequired\":true,\"valueName\":\"search_term_string\"}}],\"inLanguage\":\"en-US\"}]}<\/script>\n<!-- \/ Yoast SEO plugin. -->","yoast_head_json":{"title":"Merchandise - Fanituotteet - Bandy - J\u00e4\u00e4pallo","robots":{"index":"index","follow":"follow","max-snippet":"max-snippet:-1","max-image-preview":"max-image-preview:large","max-video-preview":"max-video-preview:-1"},"canonical":"https:\/\/www.akilles.fi\/bandy\/fanprodukter-fanituotteet\/","og_locale":"en_US","og_type":"article","og_title":"Merchandise - Fanituotteet - Bandy - J\u00e4\u00e4pallo","og_description":"MYYNTIPAIKKA F\u00d6RS\u00c4LJNINGSST\u00c4LLE SNAPBACK CAP 20 \u20ac Kokovihre\u00e4 snapback lippis &#8211; Helgr\u00f6n snapback keps COLLEGE Crewneck 50 \u20ac Kokovihre\u00e4 college &#8211; Helgr\u00f6n college 14 CAP BASEBALL &#8211; ONLY WHITE COLOUR LEFT 15 \u20ac Vihre\u00e4 tai Valkoinen lippis &#8211; Gr\u00f6n eller Vit keps 1B HOOD 55 \u20ac Kokovihre\u00e4 huppari ilman vetoketjua &#8211; Helgr\u00f6n munkjacka utan dragked 3A [&hellip;]","og_url":"https:\/\/www.akilles.fi\/bandy\/fanprodukter-fanituotteet\/","og_site_name":"Bandy - J\u00e4\u00e4pallo","article_modified_time":"2025-01-28T08:47:59+00:00","og_image":[{"width":962,"height":214,"url":"https:\/\/www.akilles.fi\/bandy\/wp-content\/uploads\/sites\/26\/2019\/11\/Skobox.jpg","type":"image\/jpeg"}],"twitter_card":"summary_large_image","twitter_misc":{"Est. reading time":"4 minutes"},"schema":{"@context":"https:\/\/schema.org","@graph":[{"@type":"WebPage","@id":"https:\/\/www.akilles.fi\/bandy\/fanprodukter-fanituotteet\/","url":"https:\/\/www.akilles.fi\/bandy\/fanprodukter-fanituotteet\/","name":"Merchandise - Fanituotteet - Bandy - J\u00e4\u00e4pallo","isPartOf":{"@id":"https:\/\/www.akilles.fi\/bandy\/#website"},"primaryImageOfPage":{"@id":"https:\/\/www.akilles.fi\/bandy\/fanprodukter-fanituotteet\/#primaryimage"},"image":{"@id":"https:\/\/www.akilles.fi\/bandy\/fanprodukter-fanituotteet\/#primaryimage"},"thumbnailUrl":"http:\/\/www.akilles.fi\/bandy\/wp-content\/uploads\/sites\/26\/2019\/11\/Skobox-300x67.jpg","datePublished":"2019-06-27T16:48:07+00:00","dateModified":"2025-01-28T08:47:59+00:00","breadcrumb":{"@id":"https:\/\/www.akilles.fi\/bandy\/fanprodukter-fanituotteet\/#breadcrumb"},"inLanguage":"en-US","potentialAction":[{"@type":"ReadAction","target":["https:\/\/www.akilles.fi\/bandy\/fanprodukter-fanituotteet\/"]}]},{"@type":"ImageObject","inLanguage":"en-US","@id":"https:\/\/www.akilles.fi\/bandy\/fanprodukter-fanituotteet\/#primaryimage","url":"http:\/\/www.akilles.fi\/bandy\/wp-content\/uploads\/sites\/26\/2019\/11\/Skobox-300x67.jpg","contentUrl":"http:\/\/www.akilles.fi\/bandy\/wp-content\/uploads\/sites\/26\/2019\/11\/Skobox-300x67.jpg"},{"@type":"BreadcrumbList","@id":"https:\/\/www.akilles.fi\/bandy\/fanprodukter-fanituotteet\/#breadcrumb","itemListElement":[{"@type":"ListItem","position":1,"name":"Home","item":"https:\/\/www.akilles.fi\/bandy\/"},{"@type":"ListItem","position":2,"name":"Merchandise &#8211; Fanituotteet"}]},{"@type":"WebSite","@id":"https:\/\/www.akilles.fi\/bandy\/#website","url":"https:\/\/www.akilles.fi\/bandy\/","name":"Bandy - J\u00e4\u00e4pallo","description":"Borg\u00e5 Akilles Bandy - Porvoon Akilles J\u00e4\u00e4pallo","potentialAction":[{"@type":"SearchAction","target":{"@type":"EntryPoint","urlTemplate":"https:\/\/www.akilles.fi\/bandy\/?s={search_term_string}"},"query-input":{"@type":"PropertyValueSpecification","valueRequired":true,"valueName":"search_term_string"}}],"inLanguage":"en-US"}]}},"_links":{"self":[{"href":"https:\/\/www.akilles.fi\/bandy\/wp-json\/wp\/v2\/pages\/463","targetHints":{"allow":["GET"]}}],"collection":[{"href":"https:\/\/www.akilles.fi\/bandy\/wp-json\/wp\/v2\/pages"}],"about":[{"href":"https:\/\/www.akilles.fi\/bandy\/wp-json\/wp\/v2\/types\/page"}],"author":[{"embeddable":true,"href":"https:\/\/www.akilles.fi\/bandy\/wp-json\/wp\/v2\/users\/4"}],"replies":[{"embeddable":true,"href":"https:\/\/www.akilles.fi\/bandy\/wp-json\/wp\/v2\/comments?post=463"}],"version-history":[{"count":68,"href":"https:\/\/www.akilles.fi\/bandy\/wp-json\/wp\/v2\/pages\/463\/revisions"}],"predecessor-version":[{"id":4483,"href":"https:\/\/www.akilles.fi\/bandy\/wp-json\/wp\/v2\/pages\/463\/revisions\/4483"}],"wp:attachment":[{"href":"https:\/\/www.akilles.fi\/bandy\/wp-json\/wp\/v2\/media?parent=463"}],"curies":[{"name":"wp","href":"https:\/\/api.w.org\/{rel}","templated":true}]}}