{"id":465,"date":"2019-06-27T16:40:23","date_gmt":"2019-06-27T16:40:23","guid":{"rendered":"http:\/\/www.akilles.fi\/bandy\/?page_id=465"},"modified":"2023-11-16T14:59:23","modified_gmt":"2023-11-16T12:59:23","slug":"kontaktuppgifter-yhteystiedot","status":"publish","type":"page","link":"https:\/\/www.akilles.fi\/bandy\/kontaktuppgifter-yhteystiedot\/","title":{"rendered":"Kontaktuppgifter &#8211; Yhteystiedot"},"content":{"rendered":"\t\t<div data-elementor-type=\"wp-post\" data-elementor-id=\"465\" class=\"elementor elementor-465\" data-elementor-post-type=\"page\">\n\t\t\t\t\t\t<section class=\"elementor-section elementor-top-section elementor-element elementor-element-94f365d elementor-section-boxed elementor-section-height-default elementor-section-height-default\" data-id=\"94f365d\" data-element_type=\"section\">\n\t\t\t\t\t\t<div class=\"elementor-container elementor-column-gap-default\">\n\t\t\t\t\t<div class=\"elementor-column elementor-col-50 elementor-top-column elementor-element elementor-element-7e443d3\" data-id=\"7e443d3\" data-element_type=\"column\">\n\t\t\t<div class=\"elementor-widget-wrap elementor-element-populated\">\n\t\t\t\t\t\t<div class=\"elementor-element elementor-element-5e1c238 elementor-widget elementor-widget-text-editor\" data-id=\"5e1c238\" data-element_type=\"widget\" data-widget_type=\"text-editor.default\">\n\t\t\t\t<div class=\"elementor-widget-container\">\n\t\t\t\t\t\t\t\t\t<div><p><b>Puheenjohtaja \/ Ordf\u00f6rande<\/b><br \/>Jari Kettunen<br \/>040 5141133<br \/>jari.kettunen(a)porvoo.fi<\/p><p><b>Varapuheenjohtaja \/ Viceordf\u00f6rande<\/b><br \/>Niklas Skog (markkinointi \/ marknadsf\u00f6ring)<br \/>040 5877233<br \/>skog.bandy(a)gmail.com<\/p><\/div><div><p><b>Sihteeri \/ Sekreterare<\/b><br \/>Ann-Marie H\u00e4nninen<br \/>050 3794295<br \/>ann-marie.hanninen(a)pp.inet.fi<\/p><p><b>Tiedottaja \/ Informat\u00f6r<\/b><br \/>Pia Laakkonen<br \/>050 4638274<br \/>pia.laakkonen77(a)gmail.com<\/p><\/div>\t\t\t\t\t\t\t\t<\/div>\n\t\t\t\t<\/div>\n\t\t\t\t\t<\/div>\n\t\t<\/div>\n\t\t\t\t<div class=\"elementor-column elementor-col-50 elementor-top-column elementor-element elementor-element-0c9d4de\" data-id=\"0c9d4de\" data-element_type=\"column\">\n\t\t\t<div class=\"elementor-widget-wrap elementor-element-populated\">\n\t\t\t\t\t\t<div class=\"elementor-element elementor-element-e69c1ce elementor-widget elementor-widget-text-editor\" data-id=\"e69c1ce\" data-element_type=\"widget\" data-widget_type=\"text-editor.default\">\n\t\t\t\t<div class=\"elementor-widget-container\">\n\t\t\t\t\t\t\t\t\t<div><b>Hallitusj\u00e4senet 2024 \/ Styrelsemedlemmar 2024<\/b><\/div><div>Harri Heinonen<\/div><div>Tom Liljendal<\/div><div>Kimmo Nuutti<\/div><div>Johanna Peltokangas<\/div><div>Mikael Svennas<\/div><div>\u00a0<\/div><div><b style=\"color: var( --e-global-color-text ); font-family: var( --e-global-typography-text-font-family ), Sans-serif;\">Myynti ja markkinointi \/ F\u00f6rs\u00e4ljning och marknadsf\u00f6ring<\/b><\/div><div>Kenneth Ek<br \/>Filip Forsblom<\/div><div>Kari Janhunen<\/div><div>Tom Liljendal<\/div><div>Niklas Skog<\/div><div>\u00a0<\/div><div><div><b>Tr\u00f6mpperit<\/b><\/div><div>Sebastian Smeds<\/div><div>0400 830090<\/div><\/div>\t\t\t\t\t\t\t\t<\/div>\n\t\t\t\t<\/div>\n\t\t\t\t\t<\/div>\n\t\t<\/div>\n\t\t\t\t\t<\/div>\n\t\t<\/section>\n\t\t\t\t<\/div>\n\t\t","protected":false},"excerpt":{"rendered":"<p>Puheenjohtaja \/ Ordf\u00f6randeJari Kettunen040 5141133jari.kettunen(a)porvoo.fi Varapuheenjohtaja \/ Viceordf\u00f6randeNiklas Skog (markkinointi \/ marknadsf\u00f6ring)040 5877233skog.bandy(a)gmail.com Sihteeri \/ SekreterareAnn-Marie H\u00e4nninen050 3794295ann-marie.hanninen(a)pp.inet.fi Tiedottaja \/ Informat\u00f6rPia Laakkonen050 4638274pia.laakkonen77(a)gmail.com Hallitusj\u00e4senet 2024 \/ Styrelsemedlemmar 2024Harri HeinonenTom LiljendalKimmo NuuttiJohanna PeltokangasMikael Svennas\u00a0Myynti ja markkinointi \/ F\u00f6rs\u00e4ljning och marknadsf\u00f6ringKenneth EkFilip ForsblomKari JanhunenTom LiljendalNiklas Skog\u00a0Tr\u00f6mpperitSebastian Smeds0400 830090<\/p>\n","protected":false},"author":4,"featured_media":0,"parent":0,"menu_order":0,"comment_status":"closed","ping_status":"closed","template":"","meta":{"_crdt_document":"","footnotes":""},"class_list":["post-465","page","type-page","status-publish","hentry"],"yoast_head":"<!-- This site is optimized with the Yoast SEO plugin v26.8 - https:\/\/yoast.com\/product\/yoast-seo-wordpress\/ -->\n<title>Kontaktuppgifter - Yhteystiedot - Bandy - J\u00e4\u00e4pallo<\/title>\n<meta name=\"robots\" content=\"index, follow, max-snippet:-1, max-image-preview:large, max-video-preview:-1\" \/>\n<link rel=\"canonical\" href=\"https:\/\/www.akilles.fi\/bandy\/kontaktuppgifter-yhteystiedot\/\" \/>\n<meta property=\"og:locale\" content=\"en_US\" \/>\n<meta property=\"og:type\" content=\"article\" \/>\n<meta property=\"og:title\" content=\"Kontaktuppgifter - Yhteystiedot - Bandy - J\u00e4\u00e4pallo\" \/>\n<meta property=\"og:description\" content=\"Puheenjohtaja \/ Ordf\u00f6randeJari Kettunen040 5141133jari.kettunen(a)porvoo.fi Varapuheenjohtaja \/ Viceordf\u00f6randeNiklas Skog (markkinointi \/ marknadsf\u00f6ring)040 5877233skog.bandy(a)gmail.com Sihteeri \/ SekreterareAnn-Marie H\u00e4nninen050 3794295ann-marie.hanninen(a)pp.inet.fi Tiedottaja \/ Informat\u00f6rPia Laakkonen050 4638274pia.laakkonen77(a)gmail.com Hallitusj\u00e4senet 2024 \/ Styrelsemedlemmar 2024Harri HeinonenTom LiljendalKimmo NuuttiJohanna PeltokangasMikael Svennas\u00a0Myynti ja markkinointi \/ F\u00f6rs\u00e4ljning och marknadsf\u00f6ringKenneth EkFilip ForsblomKari JanhunenTom LiljendalNiklas Skog\u00a0Tr\u00f6mpperitSebastian Smeds0400 830090\" \/>\n<meta property=\"og:url\" content=\"https:\/\/www.akilles.fi\/bandy\/kontaktuppgifter-yhteystiedot\/\" \/>\n<meta property=\"og:site_name\" content=\"Bandy - J\u00e4\u00e4pallo\" \/>\n<meta property=\"article:modified_time\" content=\"2023-11-16T12:59:23+00:00\" \/>\n<meta name=\"twitter:card\" content=\"summary_large_image\" \/>\n<meta name=\"twitter:label1\" content=\"Est. reading time\" \/>\n\t<meta name=\"twitter:data1\" content=\"1 minute\" \/>\n<script type=\"application\/ld+json\" class=\"yoast-schema-graph\">{\"@context\":\"https:\/\/schema.org\",\"@graph\":[{\"@type\":\"WebPage\",\"@id\":\"https:\/\/www.akilles.fi\/bandy\/kontaktuppgifter-yhteystiedot\/\",\"url\":\"https:\/\/www.akilles.fi\/bandy\/kontaktuppgifter-yhteystiedot\/\",\"name\":\"Kontaktuppgifter - Yhteystiedot - Bandy - J\u00e4\u00e4pallo\",\"isPartOf\":{\"@id\":\"https:\/\/www.akilles.fi\/bandy\/#website\"},\"datePublished\":\"2019-06-27T16:40:23+00:00\",\"dateModified\":\"2023-11-16T12:59:23+00:00\",\"breadcrumb\":{\"@id\":\"https:\/\/www.akilles.fi\/bandy\/kontaktuppgifter-yhteystiedot\/#breadcrumb\"},\"inLanguage\":\"en-US\",\"potentialAction\":[{\"@type\":\"ReadAction\",\"target\":[\"https:\/\/www.akilles.fi\/bandy\/kontaktuppgifter-yhteystiedot\/\"]}]},{\"@type\":\"BreadcrumbList\",\"@id\":\"https:\/\/www.akilles.fi\/bandy\/kontaktuppgifter-yhteystiedot\/#breadcrumb\",\"itemListElement\":[{\"@type\":\"ListItem\",\"position\":1,\"name\":\"Home\",\"item\":\"https:\/\/www.akilles.fi\/bandy\/\"},{\"@type\":\"ListItem\",\"position\":2,\"name\":\"Kontaktuppgifter &#8211; Yhteystiedot\"}]},{\"@type\":\"WebSite\",\"@id\":\"https:\/\/www.akilles.fi\/bandy\/#website\",\"url\":\"https:\/\/www.akilles.fi\/bandy\/\",\"name\":\"Bandy - J\u00e4\u00e4pallo\",\"description\":\"Borg\u00e5 Akilles Bandy - Porvoon Akilles J\u00e4\u00e4pallo\",\"potentialAction\":[{\"@type\":\"SearchAction\",\"target\":{\"@type\":\"EntryPoint\",\"urlTemplate\":\"https:\/\/www.akilles.fi\/bandy\/?s={search_term_string}\"},\"query-input\":{\"@type\":\"PropertyValueSpecification\",\"valueRequired\":true,\"valueName\":\"search_term_string\"}}],\"inLanguage\":\"en-US\"}]}<\/script>\n<!-- \/ Yoast SEO plugin. -->","yoast_head_json":{"title":"Kontaktuppgifter - Yhteystiedot - Bandy - J\u00e4\u00e4pallo","robots":{"index":"index","follow":"follow","max-snippet":"max-snippet:-1","max-image-preview":"max-image-preview:large","max-video-preview":"max-video-preview:-1"},"canonical":"https:\/\/www.akilles.fi\/bandy\/kontaktuppgifter-yhteystiedot\/","og_locale":"en_US","og_type":"article","og_title":"Kontaktuppgifter - Yhteystiedot - Bandy - J\u00e4\u00e4pallo","og_description":"Puheenjohtaja \/ Ordf\u00f6randeJari Kettunen040 5141133jari.kettunen(a)porvoo.fi Varapuheenjohtaja \/ Viceordf\u00f6randeNiklas Skog (markkinointi \/ marknadsf\u00f6ring)040 5877233skog.bandy(a)gmail.com Sihteeri \/ SekreterareAnn-Marie H\u00e4nninen050 3794295ann-marie.hanninen(a)pp.inet.fi Tiedottaja \/ Informat\u00f6rPia Laakkonen050 4638274pia.laakkonen77(a)gmail.com Hallitusj\u00e4senet 2024 \/ Styrelsemedlemmar 2024Harri HeinonenTom LiljendalKimmo NuuttiJohanna PeltokangasMikael Svennas\u00a0Myynti ja markkinointi \/ F\u00f6rs\u00e4ljning och marknadsf\u00f6ringKenneth EkFilip ForsblomKari JanhunenTom LiljendalNiklas Skog\u00a0Tr\u00f6mpperitSebastian Smeds0400 830090","og_url":"https:\/\/www.akilles.fi\/bandy\/kontaktuppgifter-yhteystiedot\/","og_site_name":"Bandy - J\u00e4\u00e4pallo","article_modified_time":"2023-11-16T12:59:23+00:00","twitter_card":"summary_large_image","twitter_misc":{"Est. reading time":"1 minute"},"schema":{"@context":"https:\/\/schema.org","@graph":[{"@type":"WebPage","@id":"https:\/\/www.akilles.fi\/bandy\/kontaktuppgifter-yhteystiedot\/","url":"https:\/\/www.akilles.fi\/bandy\/kontaktuppgifter-yhteystiedot\/","name":"Kontaktuppgifter - Yhteystiedot - Bandy - J\u00e4\u00e4pallo","isPartOf":{"@id":"https:\/\/www.akilles.fi\/bandy\/#website"},"datePublished":"2019-06-27T16:40:23+00:00","dateModified":"2023-11-16T12:59:23+00:00","breadcrumb":{"@id":"https:\/\/www.akilles.fi\/bandy\/kontaktuppgifter-yhteystiedot\/#breadcrumb"},"inLanguage":"en-US","potentialAction":[{"@type":"ReadAction","target":["https:\/\/www.akilles.fi\/bandy\/kontaktuppgifter-yhteystiedot\/"]}]},{"@type":"BreadcrumbList","@id":"https:\/\/www.akilles.fi\/bandy\/kontaktuppgifter-yhteystiedot\/#breadcrumb","itemListElement":[{"@type":"ListItem","position":1,"name":"Home","item":"https:\/\/www.akilles.fi\/bandy\/"},{"@type":"ListItem","position":2,"name":"Kontaktuppgifter &#8211; Yhteystiedot"}]},{"@type":"WebSite","@id":"https:\/\/www.akilles.fi\/bandy\/#website","url":"https:\/\/www.akilles.fi\/bandy\/","name":"Bandy - J\u00e4\u00e4pallo","description":"Borg\u00e5 Akilles Bandy - Porvoon Akilles J\u00e4\u00e4pallo","potentialAction":[{"@type":"SearchAction","target":{"@type":"EntryPoint","urlTemplate":"https:\/\/www.akilles.fi\/bandy\/?s={search_term_string}"},"query-input":{"@type":"PropertyValueSpecification","valueRequired":true,"valueName":"search_term_string"}}],"inLanguage":"en-US"}]}},"_links":{"self":[{"href":"https:\/\/www.akilles.fi\/bandy\/wp-json\/wp\/v2\/pages\/465","targetHints":{"allow":["GET"]}}],"collection":[{"href":"https:\/\/www.akilles.fi\/bandy\/wp-json\/wp\/v2\/pages"}],"about":[{"href":"https:\/\/www.akilles.fi\/bandy\/wp-json\/wp\/v2\/types\/page"}],"author":[{"embeddable":true,"href":"https:\/\/www.akilles.fi\/bandy\/wp-json\/wp\/v2\/users\/4"}],"replies":[{"embeddable":true,"href":"https:\/\/www.akilles.fi\/bandy\/wp-json\/wp\/v2\/comments?post=465"}],"version-history":[{"count":25,"href":"https:\/\/www.akilles.fi\/bandy\/wp-json\/wp\/v2\/pages\/465\/revisions"}],"predecessor-version":[{"id":3966,"href":"https:\/\/www.akilles.fi\/bandy\/wp-json\/wp\/v2\/pages\/465\/revisions\/3966"}],"wp:attachment":[{"href":"https:\/\/www.akilles.fi\/bandy\/wp-json\/wp\/v2\/media?parent=465"}],"curies":[{"name":"wp","href":"https:\/\/api.w.org\/{rel}","templated":true}]}}