{"id":1159,"date":"2021-10-13T12:37:33","date_gmt":"2021-10-13T12:37:33","guid":{"rendered":"https:\/\/www.akilles.fi\/centralstyrelsen\/?page_id=1159"},"modified":"2025-01-08T14:38:53","modified_gmt":"2025-01-08T14:38:53","slug":"borga-spelet-porvoon-peli","status":"publish","type":"page","link":"https:\/\/www.akilles.fi\/centralstyrelsen\/borga-spelet-porvoon-peli\/","title":{"rendered":"Borg\u00e5 spelet &#8211; Porvoon peli"},"content":{"rendered":"\t\t<div data-elementor-type=\"wp-page\" data-elementor-id=\"1159\" class=\"elementor elementor-1159\" data-elementor-post-type=\"page\">\n\t\t\t\t\t\t<section class=\"elementor-section elementor-top-section elementor-element elementor-element-2f34e61 elementor-section-boxed elementor-section-height-default elementor-section-height-default\" data-id=\"2f34e61\" data-element_type=\"section\">\n\t\t\t\t\t\t<div class=\"elementor-container elementor-column-gap-default\">\n\t\t\t\t\t<div class=\"elementor-column elementor-col-100 elementor-top-column elementor-element elementor-element-443eab3\" data-id=\"443eab3\" data-element_type=\"column\">\n\t\t\t<div class=\"elementor-widget-wrap elementor-element-populated\">\n\t\t\t\t\t\t<div class=\"elementor-element elementor-element-f9dd834 elementor-widget elementor-widget-heading\" data-id=\"f9dd834\" data-element_type=\"widget\" data-widget_type=\"heading.default\">\n\t\t\t\t<div class=\"elementor-widget-container\">\n\t\t\t\t\t<h1 class=\"elementor-heading-title elementor-size-xl\">Spelet s\u00e4ljs h\u00e4r!<br>Peli\u00e4 myyd\u00e4\u00e4n t\u00e4\u00e4ll\u00e4!<\/h1>\t\t\t\t<\/div>\n\t\t\t\t<\/div>\n\t\t\t\t\t<\/div>\n\t\t<\/div>\n\t\t\t\t\t<\/div>\n\t\t<\/section>\n\t\t\t\t<section class=\"elementor-section elementor-top-section elementor-element elementor-element-f01e884 elementor-section-boxed elementor-section-height-default elementor-section-height-default\" data-id=\"f01e884\" data-element_type=\"section\">\n\t\t\t\t\t\t<div class=\"elementor-container elementor-column-gap-default\">\n\t\t\t\t\t<div class=\"elementor-column elementor-col-50 elementor-top-column elementor-element elementor-element-a9cd17c\" data-id=\"a9cd17c\" data-element_type=\"column\">\n\t\t\t<div class=\"elementor-widget-wrap elementor-element-populated\">\n\t\t\t\t\t\t<div class=\"elementor-element elementor-element-d78962c elementor-widget elementor-widget-text-editor\" data-id=\"d78962c\" data-element_type=\"widget\" data-widget_type=\"text-editor.default\">\n\t\t\t\t<div class=\"elementor-widget-container\">\n\t\t\t\t\t\t\t\t\t<h4 style=\"text-align: center;\"><span style=\"color: #000000;\"><strong>Akilleshuset F\u00e4nriksgatan 4, 06100 Borg\u00e5. Ing\u00e5ng via g\u00e5rden!<\/strong><\/span><\/h4><h4 style=\"text-align: center;\"><span style=\"color: #000000;\"><strong>Akilleentalo V\u00e4nrikinkatu 4, 06100 Porvoo. Sis\u00e4\u00e4n pihaan kautta!<\/strong><\/span><\/h4><h5><span style=\"color: #003300;\">Tag kontakt s\u00e5 kommervi \u00f6vernes om n\u00e4r och var du kan avh\u00e4mta spelet<\/span><\/h5><h5><span style=\"color: #003366;\">Ota yhteytt\u00e4 niin sovimme milloin ja mist\u00e4 voit noutaa pelisi.<\/span><\/h5><p><span style=\"color: #000000;\">Leif Rikberg, leif.rikberg@akilles.fi, 0401833008<\/span><br \/><span style=\"color: #000000;\">Ron Liljendal, ron.liljendal@akilles.fi, <br \/><\/span><span style=\"color: #000000;\">Magnus Ekl\u00f6v. magnus.eklov@gmail.com<\/span><\/p><div><span style=\"color: #000000;\">\u00a0<\/span><\/div>\t\t\t\t\t\t\t\t<\/div>\n\t\t\t\t<\/div>\n\t\t\t\t\t<\/div>\n\t\t<\/div>\n\t\t\t\t<div class=\"elementor-column elementor-col-50 elementor-top-column elementor-element elementor-element-14b8d33\" data-id=\"14b8d33\" data-element_type=\"column\">\n\t\t\t<div class=\"elementor-widget-wrap elementor-element-populated\">\n\t\t\t\t\t\t<div class=\"elementor-element elementor-element-11f40ea elementor-widget elementor-widget-text-editor\" data-id=\"11f40ea\" data-element_type=\"widget\" data-widget_type=\"text-editor.default\">\n\t\t\t\t<div class=\"elementor-widget-container\">\n\t\t\t\t\t\t\t\t\t<h1 dir=\"ltr\" style=\"line-height: 1.2; margin-top: 0pt; margin-bottom: 0pt;\"><span style=\"font-size: 12pt; font-family: Cambria,serif; color: #000000; background-color: transparent; font-weight: bold; font-variant-numeric: normal; font-variant-east-asian: normal; vertical-align: baseline; white-space: pre-wrap;\">Vi ses vid Gamla r\u00e5dhuset &#8211; N\u00e4hd\u00e4\u00e4n Vanhalla raatihuoneella\u00a0<\/span><\/h1><p dir=\"ltr\" style=\"line-height: 1.2; margin-top: 0pt; margin-bottom: 0pt;\"><span style=\"font-size: 12pt; font-family: Cambria,serif; color: #000000; background-color: transparent; font-variant-numeric: normal; font-variant-east-asian: normal; vertical-align: baseline; white-space: pre-wrap;\"><br \/>Hur m\u00e5nga trappsteg har Kokon konditionstrappor?<\/span><\/p><p dir=\"ltr\" style=\"line-height: 1.2; margin-top: 0pt; margin-bottom: 0pt;\"><span style=\"font-size: 12pt; font-family: Cambria,serif; color: #000000; background-color: transparent; font-variant-numeric: normal; font-variant-east-asian: normal; vertical-align: baseline; white-space: pre-wrap;\">Vad tillverkades i sl\u00e4kten Levins fabriker?<\/span><\/p><p dir=\"ltr\" style=\"line-height: 1.2; margin-top: 0pt; margin-bottom: 0pt;\"><span style=\"font-size: 12pt; font-family: Cambria,serif; color: #000000; background-color: transparent; font-variant-numeric: normal; font-variant-east-asian: normal; vertical-align: baseline; white-space: pre-wrap;\">Under vilket decennium vann Akilles sex FM-medaljer i bandy?<\/span><\/p><p dir=\"ltr\" style=\"line-height: 1.2; margin-top: 0pt; margin-bottom: 0pt;\"><span style=\"font-size: 12pt; font-family: Cambria,serif; color: #000000; background-color: transparent; font-variant-numeric: normal; font-variant-east-asian: normal; vertical-align: baseline; white-space: pre-wrap;\">Vad har Akilles OS-medalj\u00f6rer Liimatainen och Lindfors gemensamt?<\/span><\/p><p>\u00a0<\/p><p dir=\"ltr\" style=\"line-height: 1.2; margin-top: 0pt; margin-bottom: 0pt;\"><span style=\"font-size: 12pt; font-family: Cambria,serif; color: #000000; background-color: transparent; font-variant-numeric: normal; font-variant-east-asian: normal; vertical-align: baseline; white-space: pre-wrap;\">Testa din kunskap i Borg\u00e5fr\u00e5gor!<\/span><\/p><p>\u00a0<\/p><p dir=\"ltr\" style=\"line-height: 1.2; margin-top: 0pt; margin-bottom: 0pt;\"><span style=\"font-size: 12pt; font-family: Cambria,serif; color: #000000; background-color: transparent; font-variant-numeric: normal; font-variant-east-asian: normal; vertical-align: baseline; white-space: pre-wrap;\">Vi ses vid Gamla r\u00e5dhuset \u2013 N\u00e4hd\u00e4\u00e4n Vanhalla raatihuoneella \u00e4r ett tv\u00e5spr\u00e5kigt fr\u00e5gesportsbr\u00e4dspel som handlar om Borg\u00e5.\u00a0 Spelet inneh\u00e5ller 720 fr\u00e5gor som tangerar Borg\u00e5, alla fr\u00e5gor och svar p\u00e5 b\u00e5de finska och svenska.<\/span><\/p><p>\u00a0<\/p><p dir=\"ltr\" style=\"line-height: 1.2; margin-top: 0pt; margin-bottom: 0pt;\"><span style=\"font-size: 12pt; font-family: Cambria,serif; color: #000000; background-color: transparent; font-variant-numeric: normal; font-variant-east-asian: normal; vertical-align: baseline; white-space: pre-wrap;\">P\u00e5 spelbr\u00e4det skall du ta dig fr\u00e5n valfritt startst\u00e4lle i Borg\u00e5 till Gamla r\u00e5dhuset genom att svara r\u00e4tt p\u00e5 fr\u00e5gor om Borg\u00e5. F\u00f6rst framme vid r\u00e5dhuset \u00e4r segraren!<\/span><\/p><p>\u00a0<\/p><p dir=\"ltr\" style=\"line-height: 1.2; margin-top: 0pt; margin-bottom: 0pt;\"><span style=\"font-size: 12pt; font-family: Cambria,serif; color: #000000; background-color: transparent; font-variant-numeric: normal; font-variant-east-asian: normal; vertical-align: baseline; white-space: pre-wrap;\">Skaffa dig \u00e5rets hetaste julklapp med Borg\u00e5m\u00e5tt och st\u00f6d Akilles junioridrott. Borg\u00e5spelet \u00e4r skapat av Jesper von Hertzen, mannen bakom HBL-duellen och \u00e4r en forts\u00e4ttning p\u00e5 succ\u00e9spelen som handlar om Helsingfors, Tammerfors, \u00c5bo och Jyv\u00e4skyl\u00e4. Spelet \u00e4r framf\u00f6r allt riktat till Borg\u00e5bor, sommarg\u00e4ster och m\u00e4nniskor som har r\u00f6rt sig en del i staden, eller som \u00e4r intresserade av Finlands n\u00e4st \u00e4ldsta stad.<\/span><\/p><p>\u00a0<\/p><p dir=\"ltr\" style=\"line-height: 1.2; margin-top: 0pt; margin-bottom: 0pt;\"><span style=\"font-size: 12pt; font-family: Cambria,serif; color: #000000; background-color: transparent; font-variant-numeric: normal; font-variant-east-asian: normal; vertical-align: baseline; white-space: pre-wrap;\">Spelet s\u00e4ljs av Akilles juniorer och kostar 45 \u20ac!\u00a0<\/span><\/p><p dir=\"ltr\" style=\"line-height: 1.2; margin-top: 0pt; margin-bottom: 0pt;\"><span style=\"font-size: 12pt; font-family: Cambria,serif; color: #000000; background-color: transparent; font-variant-numeric: normal; font-variant-east-asian: normal; vertical-align: baseline; white-space: pre-wrap;\">Spelet utkommer i oktober-november-skiftet lagom till stadens 675-\u00e5rs jubileum.<\/span><\/p><p>\u00a0<\/p><p dir=\"ltr\" style=\"line-height: 1.2; margin-top: 0pt; margin-bottom: 0pt;\"><span style=\"font-size: 12pt; font-family: Cambria,serif; color: #000000; background-color: transparent; font-weight: bold; font-variant-numeric: normal; font-variant-east-asian: normal; vertical-align: baseline; white-space: pre-wrap;\">N\u00e4hd\u00e4\u00e4n Vanhalla raatihuoneella<\/span><span style=\"font-size: 12pt; font-family: Cambria,serif; color: #000000; background-color: transparent; font-variant-numeric: normal; font-variant-east-asian: normal; vertical-align: baseline; white-space: pre-wrap;\"> on kaksikielinen Porvoo-aiheinen lautapeli<\/span><\/p><p>\u00a0<\/p><p dir=\"ltr\" style=\"line-height: 1.2; margin-top: 0pt; margin-bottom: 0pt;\"><span style=\"font-size: 12pt; font-family: Cambria,serif; color: #000000; background-color: transparent; font-variant-numeric: normal; font-variant-east-asian: normal; vertical-align: baseline; white-space: pre-wrap;\">Montako porrasta on Kokonniemen kuntoportaissa?<\/span><\/p><p dir=\"ltr\" style=\"line-height: 1.2; margin-top: 0pt; margin-bottom: 0pt;\"><span style=\"font-size: 12pt; font-family: Cambria,serif; color: #000000; background-color: transparent; font-variant-numeric: normal; font-variant-east-asian: normal; vertical-align: baseline; white-space: pre-wrap;\">Mit\u00e4 valmistettiin Levinin tehtaissa?<\/span><\/p><p dir=\"ltr\" style=\"line-height: 1.2; margin-top: 0pt; margin-bottom: 0pt;\"><span style=\"font-size: 12pt; font-family: Cambria,serif; color: #000000; background-color: transparent; font-variant-numeric: normal; font-variant-east-asian: normal; vertical-align: baseline; white-space: pre-wrap;\">Mill\u00e4 vuosikymmenell\u00e4 Akilles voitti kuusi SM-mitalia j\u00e4\u00e4pallossa?<\/span><\/p><p dir=\"ltr\" style=\"line-height: 1.2; margin-top: 0pt; margin-bottom: 0pt;\"><span style=\"font-size: 12pt; font-family: Cambria,serif; color: #000000; background-color: transparent; font-variant-numeric: normal; font-variant-east-asian: normal; vertical-align: baseline; white-space: pre-wrap;\">Mit\u00e4 yhteist\u00e4 on Akilleksen olympiamitalisteilla Liimataisella ja Lindforsilla?<\/span><\/p><p>\u00a0<\/p><p dir=\"ltr\" style=\"line-height: 1.2; margin-top: 0pt; margin-bottom: 0pt;\"><span style=\"font-size: 12pt; font-family: Cambria,serif; color: #000000; background-color: transparent; font-variant-numeric: normal; font-variant-east-asian: normal; vertical-align: baseline; white-space: pre-wrap;\">Testaa Porvoo-tietosi visailupeliss\u00e4! Hanki joulun hittilahja Porvoon mitalla. Lautapeli on kaksikielinen ja sis\u00e4lt\u00e4\u00e4 720 Porvoo-aiheista kysymyst\u00e4.<\/span><\/p><p>\u00a0<\/p><p dir=\"ltr\" style=\"line-height: 1.2; margin-top: 0pt; margin-bottom: 0pt;\"><span style=\"font-size: 12pt; font-family: Cambria,serif; color: #000000; background-color: transparent; font-variant-numeric: normal; font-variant-east-asian: normal; vertical-align: baseline; white-space: pre-wrap;\">L\u00e4hde pelilaudan l\u00e4ht\u00f6pisteist\u00e4 kohti Vanhaa raatihuonetta. Etene vastaamalla oikein esitettyihin Porvoo-aiheisiin kysymyksiin. Raatihuoneelle ensimm\u00e4isen\u00e4 p\u00e4\u00e4ssyt pelaaja on voittaja.<\/span><\/p><p>\u00a0<\/p><p dir=\"ltr\" style=\"line-height: 1.2; margin-top: 0pt; margin-bottom: 0pt;\"><span style=\"font-size: 12pt; font-family: Cambria,serif; color: #000000; background-color: transparent; font-variant-numeric: normal; font-variant-east-asian: normal; vertical-align: baseline; white-space: pre-wrap;\">Peli soveltuu kaikille niin Porvoolaisille, kes\u00e4vieraille kuin muuten vain Porvoosta kiinnostuneille. Peli on jatkoa Helsingin, Turun, Tampereen ja Jyv\u00e4skyl\u00e4n kaupunkiaiheisille menestyspeleille. Porvoo-peli ilmestyy marraskuussa sopivasti kaupungin 675-vuotis juhlavuonna.<\/span><\/p><p>\u00a0<\/p><p dir=\"ltr\" style=\"line-height: 1.2; margin-top: 0pt; margin-bottom: 0pt;\"><span style=\"font-size: 12pt; font-family: Cambria,serif; color: #000000; background-color: transparent; font-variant-numeric: normal; font-variant-east-asian: normal; vertical-align: baseline; white-space: pre-wrap;\">Hankkimalla pelin tuet Akilleksen junioritoimintaa. Pelin hinta on 45\u20ac!<\/span><\/p>\t\t\t\t\t\t\t\t<\/div>\n\t\t\t\t<\/div>\n\t\t\t\t\t<\/div>\n\t\t<\/div>\n\t\t\t\t\t<\/div>\n\t\t<\/section>\n\t\t\t\t<\/div>\n\t\t","protected":false},"excerpt":{"rendered":"<p>Spelet s\u00e4ljs h\u00e4r!Peli\u00e4 myyd\u00e4\u00e4n t\u00e4\u00e4ll\u00e4! Akilleshuset F\u00e4nriksgatan 4, 06100 Borg\u00e5. Ing\u00e5ng via g\u00e5rden! Akilleentalo V\u00e4nrikinkatu 4, 06100 Porvoo. Sis\u00e4\u00e4n pihaan kautta! Tag kontakt s\u00e5 kommervi \u00f6vernes om n\u00e4r och var du kan avh\u00e4mta spelet Ota yhteytt\u00e4 niin sovimme milloin ja mist\u00e4 voit noutaa pelisi. Leif Rikberg, leif.rikberg@akilles.fi, 0401833008Ron Liljendal, ron.liljendal@akilles.fi, Magnus Ekl\u00f6v. magnus.eklov@gmail.com \u00a0 Vi [&hellip;]<\/p>\n","protected":false},"author":2,"featured_media":0,"parent":0,"menu_order":0,"comment_status":"closed","ping_status":"closed","template":"","meta":{"_crdt_document":"","footnotes":""},"class_list":["post-1159","page","type-page","status-publish","hentry"],"yoast_head":"<!-- This site is optimized with the Yoast SEO plugin v27.4 - https:\/\/yoast.com\/product\/yoast-seo-wordpress\/ -->\n<title>Borg\u00e5 spelet - Porvoon peli - Borg\u00e5 Akilles - Porvoon Akilles<\/title>\n<meta name=\"robots\" content=\"index, follow, max-snippet:-1, max-image-preview:large, max-video-preview:-1\" \/>\n<link rel=\"canonical\" href=\"https:\/\/www.akilles.fi\/centralstyrelsen\/borga-spelet-porvoon-peli\/\" \/>\n<meta property=\"og:locale\" content=\"sv_SE\" \/>\n<meta property=\"og:type\" content=\"article\" \/>\n<meta property=\"og:title\" content=\"Borg\u00e5 spelet - Porvoon peli - Borg\u00e5 Akilles - Porvoon Akilles\" \/>\n<meta property=\"og:description\" content=\"Spelet s\u00e4ljs h\u00e4r!Peli\u00e4 myyd\u00e4\u00e4n t\u00e4\u00e4ll\u00e4! Akilleshuset F\u00e4nriksgatan 4, 06100 Borg\u00e5. Ing\u00e5ng via g\u00e5rden! Akilleentalo V\u00e4nrikinkatu 4, 06100 Porvoo. Sis\u00e4\u00e4n pihaan kautta! Tag kontakt s\u00e5 kommervi \u00f6vernes om n\u00e4r och var du kan avh\u00e4mta spelet Ota yhteytt\u00e4 niin sovimme milloin ja mist\u00e4 voit noutaa pelisi. Leif Rikberg, leif.rikberg@akilles.fi, 0401833008Ron Liljendal, ron.liljendal@akilles.fi, Magnus Ekl\u00f6v. magnus.eklov@gmail.com \u00a0 Vi [&hellip;]\" \/>\n<meta property=\"og:url\" content=\"https:\/\/www.akilles.fi\/centralstyrelsen\/borga-spelet-porvoon-peli\/\" \/>\n<meta property=\"og:site_name\" content=\"Borg\u00e5 Akilles - Porvoon Akilles\" \/>\n<meta property=\"article:modified_time\" content=\"2025-01-08T14:38:53+00:00\" \/>\n<meta name=\"twitter:card\" content=\"summary_large_image\" \/>\n<meta name=\"twitter:label1\" content=\"Ber\u00e4knad l\u00e4stid\" \/>\n\t<meta name=\"twitter:data1\" content=\"2 minuter\" \/>\n<script type=\"application\/ld+json\" class=\"yoast-schema-graph\">{\"@context\":\"https:\\\/\\\/schema.org\",\"@graph\":[{\"@type\":\"WebPage\",\"@id\":\"https:\\\/\\\/www.akilles.fi\\\/centralstyrelsen\\\/borga-spelet-porvoon-peli\\\/\",\"url\":\"https:\\\/\\\/www.akilles.fi\\\/centralstyrelsen\\\/borga-spelet-porvoon-peli\\\/\",\"name\":\"Borg\u00e5 spelet - Porvoon peli - Borg\u00e5 Akilles - Porvoon Akilles\",\"isPartOf\":{\"@id\":\"https:\\\/\\\/www.akilles.fi\\\/centralstyrelsen\\\/#website\"},\"datePublished\":\"2021-10-13T12:37:33+00:00\",\"dateModified\":\"2025-01-08T14:38:53+00:00\",\"breadcrumb\":{\"@id\":\"https:\\\/\\\/www.akilles.fi\\\/centralstyrelsen\\\/borga-spelet-porvoon-peli\\\/#breadcrumb\"},\"inLanguage\":\"sv-SE\",\"potentialAction\":[{\"@type\":\"ReadAction\",\"target\":[\"https:\\\/\\\/www.akilles.fi\\\/centralstyrelsen\\\/borga-spelet-porvoon-peli\\\/\"]}]},{\"@type\":\"BreadcrumbList\",\"@id\":\"https:\\\/\\\/www.akilles.fi\\\/centralstyrelsen\\\/borga-spelet-porvoon-peli\\\/#breadcrumb\",\"itemListElement\":[{\"@type\":\"ListItem\",\"position\":1,\"name\":\"Home\",\"item\":\"https:\\\/\\\/www.akilles.fi\\\/centralstyrelsen\\\/\"},{\"@type\":\"ListItem\",\"position\":2,\"name\":\"Borg\u00e5 spelet &#8211; Porvoon peli\"}]},{\"@type\":\"WebSite\",\"@id\":\"https:\\\/\\\/www.akilles.fi\\\/centralstyrelsen\\\/#website\",\"url\":\"https:\\\/\\\/www.akilles.fi\\\/centralstyrelsen\\\/\",\"name\":\"Borg\u00e5 Akilles - Porvoon Akilles\",\"description\":\"Borg\u00e5 Akilles - Porvoon Akilles\",\"potentialAction\":[{\"@type\":\"SearchAction\",\"target\":{\"@type\":\"EntryPoint\",\"urlTemplate\":\"https:\\\/\\\/www.akilles.fi\\\/centralstyrelsen\\\/?s={search_term_string}\"},\"query-input\":{\"@type\":\"PropertyValueSpecification\",\"valueRequired\":true,\"valueName\":\"search_term_string\"}}],\"inLanguage\":\"sv-SE\"}]}<\/script>\n<!-- \/ Yoast SEO plugin. -->","yoast_head_json":{"title":"Borg\u00e5 spelet - Porvoon peli - Borg\u00e5 Akilles - Porvoon Akilles","robots":{"index":"index","follow":"follow","max-snippet":"max-snippet:-1","max-image-preview":"max-image-preview:large","max-video-preview":"max-video-preview:-1"},"canonical":"https:\/\/www.akilles.fi\/centralstyrelsen\/borga-spelet-porvoon-peli\/","og_locale":"sv_SE","og_type":"article","og_title":"Borg\u00e5 spelet - Porvoon peli - Borg\u00e5 Akilles - Porvoon Akilles","og_description":"Spelet s\u00e4ljs h\u00e4r!Peli\u00e4 myyd\u00e4\u00e4n t\u00e4\u00e4ll\u00e4! Akilleshuset F\u00e4nriksgatan 4, 06100 Borg\u00e5. Ing\u00e5ng via g\u00e5rden! Akilleentalo V\u00e4nrikinkatu 4, 06100 Porvoo. Sis\u00e4\u00e4n pihaan kautta! Tag kontakt s\u00e5 kommervi \u00f6vernes om n\u00e4r och var du kan avh\u00e4mta spelet Ota yhteytt\u00e4 niin sovimme milloin ja mist\u00e4 voit noutaa pelisi. Leif Rikberg, leif.rikberg@akilles.fi, 0401833008Ron Liljendal, ron.liljendal@akilles.fi, Magnus Ekl\u00f6v. magnus.eklov@gmail.com \u00a0 Vi [&hellip;]","og_url":"https:\/\/www.akilles.fi\/centralstyrelsen\/borga-spelet-porvoon-peli\/","og_site_name":"Borg\u00e5 Akilles - Porvoon Akilles","article_modified_time":"2025-01-08T14:38:53+00:00","twitter_card":"summary_large_image","twitter_misc":{"Ber\u00e4knad l\u00e4stid":"2 minuter"},"schema":{"@context":"https:\/\/schema.org","@graph":[{"@type":"WebPage","@id":"https:\/\/www.akilles.fi\/centralstyrelsen\/borga-spelet-porvoon-peli\/","url":"https:\/\/www.akilles.fi\/centralstyrelsen\/borga-spelet-porvoon-peli\/","name":"Borg\u00e5 spelet - Porvoon peli - Borg\u00e5 Akilles - Porvoon Akilles","isPartOf":{"@id":"https:\/\/www.akilles.fi\/centralstyrelsen\/#website"},"datePublished":"2021-10-13T12:37:33+00:00","dateModified":"2025-01-08T14:38:53+00:00","breadcrumb":{"@id":"https:\/\/www.akilles.fi\/centralstyrelsen\/borga-spelet-porvoon-peli\/#breadcrumb"},"inLanguage":"sv-SE","potentialAction":[{"@type":"ReadAction","target":["https:\/\/www.akilles.fi\/centralstyrelsen\/borga-spelet-porvoon-peli\/"]}]},{"@type":"BreadcrumbList","@id":"https:\/\/www.akilles.fi\/centralstyrelsen\/borga-spelet-porvoon-peli\/#breadcrumb","itemListElement":[{"@type":"ListItem","position":1,"name":"Home","item":"https:\/\/www.akilles.fi\/centralstyrelsen\/"},{"@type":"ListItem","position":2,"name":"Borg\u00e5 spelet &#8211; Porvoon peli"}]},{"@type":"WebSite","@id":"https:\/\/www.akilles.fi\/centralstyrelsen\/#website","url":"https:\/\/www.akilles.fi\/centralstyrelsen\/","name":"Borg\u00e5 Akilles - Porvoon Akilles","description":"Borg\u00e5 Akilles - Porvoon Akilles","potentialAction":[{"@type":"SearchAction","target":{"@type":"EntryPoint","urlTemplate":"https:\/\/www.akilles.fi\/centralstyrelsen\/?s={search_term_string}"},"query-input":{"@type":"PropertyValueSpecification","valueRequired":true,"valueName":"search_term_string"}}],"inLanguage":"sv-SE"}]}},"_links":{"self":[{"href":"https:\/\/www.akilles.fi\/centralstyrelsen\/wp-json\/wp\/v2\/pages\/1159","targetHints":{"allow":["GET"]}}],"collection":[{"href":"https:\/\/www.akilles.fi\/centralstyrelsen\/wp-json\/wp\/v2\/pages"}],"about":[{"href":"https:\/\/www.akilles.fi\/centralstyrelsen\/wp-json\/wp\/v2\/types\/page"}],"author":[{"embeddable":true,"href":"https:\/\/www.akilles.fi\/centralstyrelsen\/wp-json\/wp\/v2\/users\/2"}],"replies":[{"embeddable":true,"href":"https:\/\/www.akilles.fi\/centralstyrelsen\/wp-json\/wp\/v2\/comments?post=1159"}],"version-history":[{"count":37,"href":"https:\/\/www.akilles.fi\/centralstyrelsen\/wp-json\/wp\/v2\/pages\/1159\/revisions"}],"predecessor-version":[{"id":2127,"href":"https:\/\/www.akilles.fi\/centralstyrelsen\/wp-json\/wp\/v2\/pages\/1159\/revisions\/2127"}],"wp:attachment":[{"href":"https:\/\/www.akilles.fi\/centralstyrelsen\/wp-json\/wp\/v2\/media?parent=1159"}],"curies":[{"name":"wp","href":"https:\/\/api.w.org\/{rel}","templated":true}]}}