{"id":773,"date":"2019-01-28T11:03:53","date_gmt":"2019-01-28T11:03:53","guid":{"rendered":"http:\/\/94.237.33.215\/~akilles\/nyasida\/?page_id=773"},"modified":"2019-01-28T11:03:53","modified_gmt":"2019-01-28T11:03:53","slug":"wordpress-elementor-instruktioner","status":"publish","type":"page","link":"https:\/\/www.akilles.fi\/centralstyrelsen\/wordpress-elementor-instruktioner\/","title":{"rendered":"WordPress + Elementor instruktioner"},"content":{"rendered":"<p>\t\t\t\t&lt;![CDATA[<\/p>\n<h2>WordPress + Elementor instruktioner<\/h2>\n<h3>Ohjeet suomeksi<\/h3>\n<p><a href=\"http:\/\/94.237.33.215\/~akilles\/nyasida\/wordpress-elementor-instruktioner-2\/\">http:\/\/94.237.33.215\/~akilles\/nyasida\/wordpress-elementor-instruktioner-2\/<\/a><\/p>\n<h3>Logga in<\/h3>\n<p>G\u00e5 till adressen: <a href=\"http:\/\/94.237.33.215\/~akilles\/nyasida\/wp-admin\/\">http:\/\/94.237.33.215\/~akilles\/nyasida\/wp-admin\/<\/a><\/p>\n<p>Om du har r\u00e4ttigheter till att editera flera sektioner, v\u00e4lj vilken du vill ha fr\u00e5n menyn uppe till v\u00e4nster.<\/p>\n<p><a href=\"http:\/\/www.akilles.fi\/2\/wp-content\/uploads\/sites\/27\/2019\/01\/valjsektion.png\"><img decoding=\"async\" src=\"http:\/\/www.akilles.fi\/2\/wp-content\/uploads\/sites\/27\/2019\/01\/valjsektion-300x125.png\" alt=\"\" width=\"300\" height=\"125\" \/><\/a><\/p>\n<hr \/>\n<h3>\u00a0<\/h3>\n<h3>L\u00e4gg till ny sida<\/h3>\n<ol>\n<li>V\u00e4lj Sidor &gt; Skapa ny i menyn till v\u00e4nster<\/li>\n<\/ol>\n<p><a href=\"http:\/\/www.akilles.fi\/2\/wp-content\/uploads\/sites\/27\/2019\/01\/nysida1.png\"><img decoding=\"async\" src=\"http:\/\/www.akilles.fi\/2\/wp-content\/uploads\/sites\/27\/2019\/01\/nysida1-300x153.png\" alt=\"\" width=\"300\" height=\"153\" \/><\/a><\/p>\n<p>2. Skriv rubrik f\u00f6r sidan<\/p>\n<p><a href=\"http:\/\/www.akilles.fi\/2\/wp-content\/uploads\/sites\/27\/2019\/01\/nysida2.png\"><img decoding=\"async\" src=\"http:\/\/www.akilles.fi\/2\/wp-content\/uploads\/sites\/27\/2019\/01\/nysida2-300x127.png\" alt=\"\" width=\"300\" height=\"127\" \/><\/a><\/p>\n<p>3. Tryck p\u00e5 Publicera (uppe till h\u00f6ger) tv\u00e5 g\u00e5nger<\/p>\n<p><a href=\"http:\/\/www.akilles.fi\/2\/wp-content\/uploads\/sites\/27\/2019\/01\/nysida3.png\"><img loading=\"lazy\" decoding=\"async\" src=\"http:\/\/www.akilles.fi\/2\/wp-content\/uploads\/sites\/27\/2019\/01\/nysida3-300x114.png\" alt=\"\" width=\"300\" height=\"114\" \/><\/a><\/p>\n<p>4. Tryck p\u00e5 Redigera med Elementor<\/p>\n<p><a href=\"http:\/\/www.akilles.fi\/2\/wp-content\/uploads\/sites\/27\/2019\/01\/nysida4.png\"><img loading=\"lazy\" decoding=\"async\" src=\"http:\/\/www.akilles.fi\/2\/wp-content\/uploads\/sites\/27\/2019\/01\/nysida4-300x211.png\" alt=\"\" width=\"300\" height=\"211\" \/><\/a><\/p>\n<p>4. Om du vill ha flera kolumner tryck p\u00e5 plustecknet och v\u00e4lj struktur<\/p>\n<p><a href=\"http:\/\/www.akilles.fi\/2\/wp-content\/uploads\/sites\/27\/2019\/01\/nysida5.png\"><img loading=\"lazy\" decoding=\"async\" src=\"http:\/\/www.akilles.fi\/2\/wp-content\/uploads\/sites\/27\/2019\/01\/nysida5-300x149.png\" alt=\"\" width=\"300\" height=\"149\" \/><\/a><\/p>\n<p>5. Tryck\u00a0 p\u00e5 rutf\u00e4ltstecknet f\u00f6r att komma till elementmenyn<\/p>\n<p><a href=\"http:\/\/www.akilles.fi\/2\/wp-content\/uploads\/sites\/27\/2019\/01\/nysida6.png\"><img loading=\"lazy\" decoding=\"async\" src=\"http:\/\/www.akilles.fi\/2\/wp-content\/uploads\/sites\/27\/2019\/01\/nysida6.png\" alt=\"\" width=\"294\" height=\"195\" \/><\/a><\/p>\n<p>6. V\u00e4lj vilken typs element du vill ha och dra och sl\u00e4pp elementet d\u00e4r du vill ha det. Elementet &#8221;Textredigerare&#8221; \u00e4r det mest anv\u00e4ndbara, kan ocks\u00e5 anv\u00e4ndas f\u00f6r rubriker och bilder.<\/p>\n<p><a href=\"http:\/\/www.akilles.fi\/2\/wp-content\/uploads\/sites\/27\/2019\/01\/nysida7.png\"><img loading=\"lazy\" decoding=\"async\" src=\"http:\/\/www.akilles.fi\/2\/wp-content\/uploads\/sites\/27\/2019\/01\/nysida7-300x196.png\" alt=\"\" width=\"300\" height=\"196\" \/><\/a><\/p>\n<p>7. D\u00e5 du l\u00e4gger till ett element \u00f6ppnas elementets meny till v\u00e4nster<\/p>\n<p>Elementens menyer kan ocks\u00e5 \u00f6ppnas genom att h\u00f6gerklicka p\u00e5 elementet och v\u00e4lja &#8221;Redigera xxxxxxxx&#8221;<\/p>\n<p>8. Tryck p\u00e5 uppdatera i nedre kanten d\u00e5 du \u00e4r klar<\/p>\n<hr \/>\n<h3>\u00a0<\/h3>\n<h3>Redigera sida<\/h3>\n<ol>\n<li>G\u00e5 till sidor , s\u00f6k fram sida du vill redigera, och tryck p\u00e5 &#8221;Redigera med Elementor&#8221;<a href=\"http:\/\/www.akilles.fi\/2\/wp-content\/uploads\/sites\/27\/2019\/01\/redigerasida.png\"><img loading=\"lazy\" decoding=\"async\" src=\"http:\/\/www.akilles.fi\/2\/wp-content\/uploads\/sites\/27\/2019\/01\/redigerasida-300x64.png\" alt=\"\" width=\"300\" height=\"64\" \/><\/a><\/li>\n<\/ol>\n<hr \/>\n<h3>\u00a0<\/h3>\n<h3>Textredigerare<\/h3>\n<p>Ovanf\u00f6r textredigeraren finns knappen l\u00e4gg till media, som kan anv\u00e4nds f\u00f6r att s\u00e4tta in bilder i texten, h\u00e4r kan man ocks\u00e5 ladda upp bilder. I textredigeraren kan du ocks\u00e5 s\u00e4tta in rubriker och l\u00e4nkar.<\/p>\n<p>F\u00f6r att f\u00e5 ett radbyte utan att det blir ett nytt stycke, anv\u00e4nd shift+enter.<\/p>\n<hr \/>\n<h3>Redigera menyer<\/h3>\n<p>1. V\u00e4lj Utseende &gt; Menyer i menyn till v\u00e4nster<a href=\"http:\/\/www.akilles.fi\/2\/wp-content\/uploads\/sites\/27\/2019\/01\/meny1.png\"><img loading=\"lazy\" decoding=\"async\" src=\"http:\/\/www.akilles.fi\/2\/wp-content\/uploads\/sites\/27\/2019\/01\/meny1-300x224.png\" alt=\"\" width=\"300\" height=\"224\" \/><\/a><\/p>\n<p>2. V\u00e4lj &#8221;undermeny &#8211; dator&#8221; eller &#8221;undermeny &#8211; mobil&#8221; <strong>OBS! g\u00f6r alla \u00e4ndringar i b\u00e5da menyerna, s\u00e5 att sidans dator- och mobilversioner har samma uppl\u00e4gg<\/strong><\/p>\n<p><strong> <a href=\"http:\/\/www.akilles.fi\/2\/wp-content\/uploads\/sites\/27\/2019\/01\/meny2.png\"><img loading=\"lazy\" decoding=\"async\" src=\"http:\/\/www.akilles.fi\/2\/wp-content\/uploads\/sites\/27\/2019\/01\/meny2-300x88.png\" alt=\"\" width=\"300\" height=\"88\" \/><\/a><\/strong><\/p>\n<p>3. Till v\u00e4nster kan du v\u00e4lja vad du vill l\u00e4gga till i menyn<a href=\"http:\/\/www.akilles.fi\/2\/wp-content\/uploads\/sites\/27\/2019\/01\/meny3.png\"><img loading=\"lazy\" decoding=\"async\" src=\"http:\/\/www.akilles.fi\/2\/wp-content\/uploads\/sites\/27\/2019\/01\/meny3-263x300.png\" alt=\"\" width=\"263\" height=\"300\" \/><\/a><\/p>\n<p>4. Under menystruktur kan du ordna l\u00e4nkarna i r\u00e4tt ordning.<\/p>\n<p>F\u00f6r att f\u00e5 ett radbyte mellan svenska och finska skriv &lt;br&gt; mellan orden.<\/p>\n<p>5. Spara d\u00e5 du \u00e4r klar<\/p>\n<p>6. Kom ih\u00e5g att g\u00f6ra \u00e4ndringarna i b\u00e5de mobil och dator menyerna!<\/p>\n<hr \/>\n<h3>\u00a0<\/h3>\n<h3>Redigera slides<\/h3>\n<ol>\n<li>Om du inte \u00e4r inloggad, logga in p\u00e5 adressen: <a href=\"http:\/\/94.237.33.215\/~akilles\/nyasida\/wp-admin\/\">http:\/\/94.237.33.215\/~akilles\/nyasida\/wp-admin\/<\/a><\/li>\n<li>G\u00e5 till sektionens hemsida och v\u00e4lj fr\u00e5n menyn i \u00f6vre kanten &#8221;Redigera med Elementor &gt; huvudmeny&#8221;<a href=\"http:\/\/www.akilles.fi\/2\/wp-content\/uploads\/sites\/27\/2019\/01\/slides.png\"><img loading=\"lazy\" decoding=\"async\" src=\"http:\/\/www.akilles.fi\/2\/wp-content\/uploads\/sites\/27\/2019\/01\/slides-300x163.png\" alt=\"\" width=\"300\" height=\"163\" \/><\/a><\/li>\n<li>H\u00f6gerklicka p\u00e5 slidesen, och v\u00e4lj &#8221;Redigera bildspel&#8221;<a href=\"http:\/\/www.akilles.fi\/2\/wp-content\/uploads\/sites\/27\/2019\/01\/slides2.png\"><img loading=\"lazy\" decoding=\"async\" src=\"http:\/\/www.akilles.fi\/2\/wp-content\/uploads\/sites\/27\/2019\/01\/slides2-300x183.png\" alt=\"\" width=\"300\" height=\"183\" \/><\/a><\/li>\n<li>Till v\u00e4nster \u00f6ppnas menyn d\u00e4r du kan ta bort, l\u00e4gga till och \u00e4ndra slides<\/li>\n<li>Tryck p\u00e5 en rubrik f\u00f6r att \u00f6ppna undermenyn, under inneh\u00e5ll kan du \u00e4ndra texten<a href=\"http:\/\/www.akilles.fi\/2\/wp-content\/uploads\/sites\/27\/2019\/01\/slides3.png\"><img loading=\"lazy\" decoding=\"async\" src=\"http:\/\/www.akilles.fi\/2\/wp-content\/uploads\/sites\/27\/2019\/01\/slides3-300x183.png\" alt=\"\" width=\"300\" height=\"183\" \/><\/a><\/li>\n<li>Klicka p\u00e5 uppdatera i nedre kanten d\u00e5 du \u00e4r klar<\/li>\n<\/ol>\n<hr \/>\n<h3>\u00a0<\/h3>\n<h3>Redigera sidfot<\/h3>\n<ol>\n<li>Om du inte \u00e4r inloggad, logga in p\u00e5 adressen: <a href=\"http:\/\/94.237.33.215\/~akilles\/nyasida\/wp-admin\/\">http:\/\/94.237.33.215\/~akilles\/nyasida\/wp-admin\/<\/a><\/li>\n<li>G\u00e5 till sektionens hemsida och v\u00e4lj fr\u00e5n menyn i \u00f6vre kanten &#8221;Redigera med Elementor &gt; Akillesfooter&#8221;<a href=\"http:\/\/www.akilles.fi\/2\/wp-content\/uploads\/sites\/27\/2019\/01\/sidfot.png\"><img loading=\"lazy\" decoding=\"async\" src=\"http:\/\/www.akilles.fi\/2\/wp-content\/uploads\/sites\/27\/2019\/01\/sidfot-300x163.png\" alt=\"\" width=\"300\" height=\"163\" \/><\/a><\/li>\n<li>H\u00f6gerklicka p\u00e5 den del du vill \u00e4ndra och v\u00e4lj &#8221;Redigera Textredigerare&#8221;<a href=\"http:\/\/www.akilles.fi\/2\/wp-content\/uploads\/sites\/27\/2019\/01\/sidfot2.png\"><img loading=\"lazy\" decoding=\"async\" src=\"http:\/\/www.akilles.fi\/2\/wp-content\/uploads\/sites\/27\/2019\/01\/sidfot2-300x92.png\" alt=\"\" width=\"300\" height=\"92\" \/><\/a><\/li>\n<li>Textredigeraren \u00f6ppnas till v\u00e4nster<\/li>\n<li>Klicka p\u00e5 uppdatera i nedre kanten d\u00e5 du \u00e4r klar<\/li>\n<\/ol>\n<hr \/>\n<h3>\u00a0<\/h3>\n<h3>Problem?<\/h3>\n<p>Skicka mail till <a href=\"webmaster@akilles.fi\">webmaster@akilles.fi<\/a><\/p>\n<p>]]&gt;\t\t<\/p>\n","protected":false},"excerpt":{"rendered":"<p>&lt;![CDATA[ WordPress + Elementor instruktioner Ohjeet suomeksi http:\/\/94.237.33.215\/~akilles\/nyasida\/wordpress-elementor-instruktioner-2\/ Logga in G\u00e5 till adressen: http:\/\/94.237.33.215\/~akilles\/nyasida\/wp-admin\/ Om du har r\u00e4ttigheter till att editera flera sektioner, v\u00e4lj vilken du vill ha fr\u00e5n menyn uppe till v\u00e4nster. \u00a0 L\u00e4gg till ny sida V\u00e4lj Sidor &gt; Skapa ny i menyn till v\u00e4nster 2. Skriv rubrik f\u00f6r sidan 3. Tryck p\u00e5 [&hellip;]<\/p>\n","protected":false},"author":4,"featured_media":0,"parent":0,"menu_order":0,"comment_status":"closed","ping_status":"closed","template":"elementor_canvas","meta":{"_crdt_document":"","footnotes":""},"class_list":["post-773","page","type-page","status-publish","hentry"],"yoast_head":"<!-- This site is optimized with the Yoast SEO plugin v27.4 - https:\/\/yoast.com\/product\/yoast-seo-wordpress\/ -->\n<title>Wordpress + Elementor instruktioner - Borg\u00e5 Akilles - Porvoon Akilles<\/title>\n<meta name=\"robots\" content=\"index, follow, max-snippet:-1, max-image-preview:large, max-video-preview:-1\" \/>\n<link rel=\"canonical\" href=\"https:\/\/www.akilles.fi\/centralstyrelsen\/wordpress-elementor-instruktioner\/\" \/>\n<meta property=\"og:locale\" content=\"sv_SE\" \/>\n<meta property=\"og:type\" content=\"article\" \/>\n<meta property=\"og:title\" content=\"Wordpress + Elementor instruktioner - Borg\u00e5 Akilles - Porvoon Akilles\" \/>\n<meta property=\"og:description\" content=\"&lt;![CDATA[ WordPress + Elementor instruktioner Ohjeet suomeksi http:\/\/94.237.33.215\/~akilles\/nyasida\/wordpress-elementor-instruktioner-2\/ Logga in G\u00e5 till adressen: http:\/\/94.237.33.215\/~akilles\/nyasida\/wp-admin\/ Om du har r\u00e4ttigheter till att editera flera sektioner, v\u00e4lj vilken du vill ha fr\u00e5n menyn uppe till v\u00e4nster. \u00a0 L\u00e4gg till ny sida V\u00e4lj Sidor &gt; Skapa ny i menyn till v\u00e4nster 2. Skriv rubrik f\u00f6r sidan 3. Tryck p\u00e5 [&hellip;]\" \/>\n<meta property=\"og:url\" content=\"https:\/\/www.akilles.fi\/centralstyrelsen\/wordpress-elementor-instruktioner\/\" \/>\n<meta property=\"og:site_name\" content=\"Borg\u00e5 Akilles - Porvoon Akilles\" \/>\n<meta property=\"og:image\" content=\"http:\/\/www.akilles.fi\/2\/wp-content\/uploads\/sites\/27\/2019\/01\/valjsektion-300x125.png\" \/>\n<meta name=\"twitter:card\" content=\"summary_large_image\" \/>\n<meta name=\"twitter:label1\" content=\"Ber\u00e4knad l\u00e4stid\" \/>\n\t<meta name=\"twitter:data1\" content=\"2 minuter\" \/>\n<script type=\"application\/ld+json\" class=\"yoast-schema-graph\">{\"@context\":\"https:\\\/\\\/schema.org\",\"@graph\":[{\"@type\":\"WebPage\",\"@id\":\"https:\\\/\\\/www.akilles.fi\\\/centralstyrelsen\\\/wordpress-elementor-instruktioner\\\/\",\"url\":\"https:\\\/\\\/www.akilles.fi\\\/centralstyrelsen\\\/wordpress-elementor-instruktioner\\\/\",\"name\":\"Wordpress + Elementor instruktioner - Borg\u00e5 Akilles - Porvoon Akilles\",\"isPartOf\":{\"@id\":\"https:\\\/\\\/www.akilles.fi\\\/centralstyrelsen\\\/#website\"},\"primaryImageOfPage\":{\"@id\":\"https:\\\/\\\/www.akilles.fi\\\/centralstyrelsen\\\/wordpress-elementor-instruktioner\\\/#primaryimage\"},\"image\":{\"@id\":\"https:\\\/\\\/www.akilles.fi\\\/centralstyrelsen\\\/wordpress-elementor-instruktioner\\\/#primaryimage\"},\"thumbnailUrl\":\"http:\\\/\\\/www.akilles.fi\\\/2\\\/wp-content\\\/uploads\\\/sites\\\/27\\\/2019\\\/01\\\/valjsektion-300x125.png\",\"datePublished\":\"2019-01-28T11:03:53+00:00\",\"breadcrumb\":{\"@id\":\"https:\\\/\\\/www.akilles.fi\\\/centralstyrelsen\\\/wordpress-elementor-instruktioner\\\/#breadcrumb\"},\"inLanguage\":\"sv-SE\",\"potentialAction\":[{\"@type\":\"ReadAction\",\"target\":[\"https:\\\/\\\/www.akilles.fi\\\/centralstyrelsen\\\/wordpress-elementor-instruktioner\\\/\"]}]},{\"@type\":\"ImageObject\",\"inLanguage\":\"sv-SE\",\"@id\":\"https:\\\/\\\/www.akilles.fi\\\/centralstyrelsen\\\/wordpress-elementor-instruktioner\\\/#primaryimage\",\"url\":\"http:\\\/\\\/www.akilles.fi\\\/2\\\/wp-content\\\/uploads\\\/sites\\\/27\\\/2019\\\/01\\\/valjsektion-300x125.png\",\"contentUrl\":\"http:\\\/\\\/www.akilles.fi\\\/2\\\/wp-content\\\/uploads\\\/sites\\\/27\\\/2019\\\/01\\\/valjsektion-300x125.png\"},{\"@type\":\"BreadcrumbList\",\"@id\":\"https:\\\/\\\/www.akilles.fi\\\/centralstyrelsen\\\/wordpress-elementor-instruktioner\\\/#breadcrumb\",\"itemListElement\":[{\"@type\":\"ListItem\",\"position\":1,\"name\":\"Home\",\"item\":\"https:\\\/\\\/www.akilles.fi\\\/centralstyrelsen\\\/\"},{\"@type\":\"ListItem\",\"position\":2,\"name\":\"WordPress + Elementor instruktioner\"}]},{\"@type\":\"WebSite\",\"@id\":\"https:\\\/\\\/www.akilles.fi\\\/centralstyrelsen\\\/#website\",\"url\":\"https:\\\/\\\/www.akilles.fi\\\/centralstyrelsen\\\/\",\"name\":\"Borg\u00e5 Akilles - Porvoon Akilles\",\"description\":\"Borg\u00e5 Akilles - Porvoon Akilles\",\"potentialAction\":[{\"@type\":\"SearchAction\",\"target\":{\"@type\":\"EntryPoint\",\"urlTemplate\":\"https:\\\/\\\/www.akilles.fi\\\/centralstyrelsen\\\/?s={search_term_string}\"},\"query-input\":{\"@type\":\"PropertyValueSpecification\",\"valueRequired\":true,\"valueName\":\"search_term_string\"}}],\"inLanguage\":\"sv-SE\"}]}<\/script>\n<!-- \/ Yoast SEO plugin. -->","yoast_head_json":{"title":"Wordpress + Elementor instruktioner - Borg\u00e5 Akilles - Porvoon Akilles","robots":{"index":"index","follow":"follow","max-snippet":"max-snippet:-1","max-image-preview":"max-image-preview:large","max-video-preview":"max-video-preview:-1"},"canonical":"https:\/\/www.akilles.fi\/centralstyrelsen\/wordpress-elementor-instruktioner\/","og_locale":"sv_SE","og_type":"article","og_title":"Wordpress + Elementor instruktioner - Borg\u00e5 Akilles - Porvoon Akilles","og_description":"&lt;![CDATA[ WordPress + Elementor instruktioner Ohjeet suomeksi http:\/\/94.237.33.215\/~akilles\/nyasida\/wordpress-elementor-instruktioner-2\/ Logga in G\u00e5 till adressen: http:\/\/94.237.33.215\/~akilles\/nyasida\/wp-admin\/ Om du har r\u00e4ttigheter till att editera flera sektioner, v\u00e4lj vilken du vill ha fr\u00e5n menyn uppe till v\u00e4nster. \u00a0 L\u00e4gg till ny sida V\u00e4lj Sidor &gt; Skapa ny i menyn till v\u00e4nster 2. Skriv rubrik f\u00f6r sidan 3. Tryck p\u00e5 [&hellip;]","og_url":"https:\/\/www.akilles.fi\/centralstyrelsen\/wordpress-elementor-instruktioner\/","og_site_name":"Borg\u00e5 Akilles - Porvoon Akilles","og_image":[{"url":"http:\/\/www.akilles.fi\/2\/wp-content\/uploads\/sites\/27\/2019\/01\/valjsektion-300x125.png","type":"","width":"","height":""}],"twitter_card":"summary_large_image","twitter_misc":{"Ber\u00e4knad l\u00e4stid":"2 minuter"},"schema":{"@context":"https:\/\/schema.org","@graph":[{"@type":"WebPage","@id":"https:\/\/www.akilles.fi\/centralstyrelsen\/wordpress-elementor-instruktioner\/","url":"https:\/\/www.akilles.fi\/centralstyrelsen\/wordpress-elementor-instruktioner\/","name":"Wordpress + Elementor instruktioner - Borg\u00e5 Akilles - Porvoon Akilles","isPartOf":{"@id":"https:\/\/www.akilles.fi\/centralstyrelsen\/#website"},"primaryImageOfPage":{"@id":"https:\/\/www.akilles.fi\/centralstyrelsen\/wordpress-elementor-instruktioner\/#primaryimage"},"image":{"@id":"https:\/\/www.akilles.fi\/centralstyrelsen\/wordpress-elementor-instruktioner\/#primaryimage"},"thumbnailUrl":"http:\/\/www.akilles.fi\/2\/wp-content\/uploads\/sites\/27\/2019\/01\/valjsektion-300x125.png","datePublished":"2019-01-28T11:03:53+00:00","breadcrumb":{"@id":"https:\/\/www.akilles.fi\/centralstyrelsen\/wordpress-elementor-instruktioner\/#breadcrumb"},"inLanguage":"sv-SE","potentialAction":[{"@type":"ReadAction","target":["https:\/\/www.akilles.fi\/centralstyrelsen\/wordpress-elementor-instruktioner\/"]}]},{"@type":"ImageObject","inLanguage":"sv-SE","@id":"https:\/\/www.akilles.fi\/centralstyrelsen\/wordpress-elementor-instruktioner\/#primaryimage","url":"http:\/\/www.akilles.fi\/2\/wp-content\/uploads\/sites\/27\/2019\/01\/valjsektion-300x125.png","contentUrl":"http:\/\/www.akilles.fi\/2\/wp-content\/uploads\/sites\/27\/2019\/01\/valjsektion-300x125.png"},{"@type":"BreadcrumbList","@id":"https:\/\/www.akilles.fi\/centralstyrelsen\/wordpress-elementor-instruktioner\/#breadcrumb","itemListElement":[{"@type":"ListItem","position":1,"name":"Home","item":"https:\/\/www.akilles.fi\/centralstyrelsen\/"},{"@type":"ListItem","position":2,"name":"WordPress + Elementor instruktioner"}]},{"@type":"WebSite","@id":"https:\/\/www.akilles.fi\/centralstyrelsen\/#website","url":"https:\/\/www.akilles.fi\/centralstyrelsen\/","name":"Borg\u00e5 Akilles - Porvoon Akilles","description":"Borg\u00e5 Akilles - Porvoon Akilles","potentialAction":[{"@type":"SearchAction","target":{"@type":"EntryPoint","urlTemplate":"https:\/\/www.akilles.fi\/centralstyrelsen\/?s={search_term_string}"},"query-input":{"@type":"PropertyValueSpecification","valueRequired":true,"valueName":"search_term_string"}}],"inLanguage":"sv-SE"}]}},"_links":{"self":[{"href":"https:\/\/www.akilles.fi\/centralstyrelsen\/wp-json\/wp\/v2\/pages\/773","targetHints":{"allow":["GET"]}}],"collection":[{"href":"https:\/\/www.akilles.fi\/centralstyrelsen\/wp-json\/wp\/v2\/pages"}],"about":[{"href":"https:\/\/www.akilles.fi\/centralstyrelsen\/wp-json\/wp\/v2\/types\/page"}],"author":[{"embeddable":true,"href":"https:\/\/www.akilles.fi\/centralstyrelsen\/wp-json\/wp\/v2\/users\/4"}],"replies":[{"embeddable":true,"href":"https:\/\/www.akilles.fi\/centralstyrelsen\/wp-json\/wp\/v2\/comments?post=773"}],"version-history":[{"count":0,"href":"https:\/\/www.akilles.fi\/centralstyrelsen\/wp-json\/wp\/v2\/pages\/773\/revisions"}],"wp:attachment":[{"href":"https:\/\/www.akilles.fi\/centralstyrelsen\/wp-json\/wp\/v2\/media?parent=773"}],"curies":[{"name":"wp","href":"https:\/\/api.w.org\/{rel}","templated":true}]}}