{"id":505,"date":"2020-04-07T16:07:03","date_gmt":"2020-04-07T16:07:03","guid":{"rendered":"http:\/\/www.akilles.fi\/cykel\/?page_id=505"},"modified":"2025-04-07T16:40:35","modified_gmt":"2025-04-07T16:40:35","slug":"tavlingarkilpailut","status":"publish","type":"page","link":"https:\/\/www.akilles.fi\/cykel\/tavlingarkilpailut\/","title":{"rendered":"T\u00e4vlingar &#8211; Kilpailut"},"content":{"rendered":"<h1>Porvoonajot &#8211; Borg\u00e5loppet<\/h1>\n<p>Porvoon Ajot on Suomen vanhin py\u00f6r\u00e4kilpailu. Se kuuluu eurooppalaisten yhden p\u00e4iv\u00e4n py\u00f6r\u00e4ilyklassikoiden sarjaan, kuten Paris-Roubaix, Ronde van Vlaanderen, Liege-Bastoge-Liege. Vuonna 1926 perustettu Porvoon Ajo ajetaan aina kes\u00e4kuun alun sunnuntaina. T\u00e4n\u00e4 vuonna klassikko ajetaan 8.6. 96. kerran.<\/p>\n<p><a href=\"https:\/\/porvoonajot.fi\"><br \/>\n<img decoding=\"async\" title=\"\" src=\"https:\/\/www.porvoonajot.fi\/wp-content\/uploads\/2018\/05\/porvoonajot-borgaloppet_iso.png\" alt=\"Porvoonajot - Borg\u00e5loppet\" \/> <\/a><\/p>\n<h1>Ole Wackstr\u00f6min muistoajot &#8211; Ole Wackstr\u00f6ms minneslopp<\/h1>\n<p>Ole Wackstr\u00f6m oli Porvoon Akilleen mestaripy\u00f6r\u00e4ilij\u00e4 ja menestyksellinen py\u00f6r\u00e4ilyvalmentaja, joka osallistui urallaan neljiin olympialaisiin ajajana ja valmentajana. H\u00e4n valmensi sellaisia py\u00f6r\u00e4ilyn suuruuksia kuin Harry Hannus, poikiaan Patrick ja Sixten Wackstr\u00f6mi\u00e4, Marek Salermoa ja Kjell Carlstr\u00f6mi\u00e4.\u00a0Muistoajolla haluamme kunnioittaa suuren py\u00f6r\u00e4ilij\u00e4n ja aina nuorille ajajille aikaansa ja osaamistaan jakaneen Ole Wackstr\u00f6min muistoa.<br \/>\n<a href=\"https:\/\/www.porvoonajot.fi\/ole-wackstromin-muistoajo\/\"><br \/>\n<img fetchpriority=\"high\" decoding=\"async\" src=\"http:\/\/www.akilles.fi\/cykel\/wp-content\/uploads\/sites\/25\/2023\/10\/sarja_olewackstromajo_logo-e1696874313255.png\" sizes=\"(max-width: 361px) 100vw, 361px\" srcset=\"https:\/\/www.akilles.fi\/cykel\/wp-content\/uploads\/sites\/25\/2023\/10\/sarja_olewackstromajo_logo-e1696874313255.png 361w, https:\/\/www.akilles.fi\/cykel\/wp-content\/uploads\/sites\/25\/2023\/10\/sarja_olewackstromajo_logo-e1696874313255-300x293.png 300w\" alt=\"Ole Wackstr\u00f6min muistoajo - Ole Wackstr\u00f6ms minneslopp\" width=\"361\" height=\"352\" \/> <\/a><\/p>\n","protected":false},"excerpt":{"rendered":"<p>Porvoonajot &#8211; Borg\u00e5loppet Porvoon Ajot on Suomen vanhin py\u00f6r\u00e4kilpailu. Se kuuluu eurooppalaisten yhden p\u00e4iv\u00e4n py\u00f6r\u00e4ilyklassikoiden sarjaan, kuten Paris-Roubaix, Ronde van Vlaanderen, Liege-Bastoge-Liege. Vuonna 1926 perustettu Porvoon Ajo ajetaan aina kes\u00e4kuun alun sunnuntaina. T\u00e4n\u00e4 vuonna klassikko ajetaan 8.6. 96. kerran. Ole Wackstr\u00f6min muistoajot &#8211; Ole Wackstr\u00f6ms minneslopp Ole Wackstr\u00f6m oli Porvoon Akilleen mestaripy\u00f6r\u00e4ilij\u00e4 ja menestyksellinen py\u00f6r\u00e4ilyvalmentaja, [&hellip;]<\/p>\n","protected":false},"author":8,"featured_media":0,"parent":0,"menu_order":0,"comment_status":"closed","ping_status":"closed","template":"","meta":{"_crdt_document":"","footnotes":""},"class_list":["post-505","page","type-page","status-publish","hentry"],"yoast_head":"<!-- This site is optimized with the Yoast SEO plugin v26.8 - https:\/\/yoast.com\/product\/yoast-seo-wordpress\/ -->\n<title>T\u00e4vlingar - Kilpailut - Cykel - Py\u00f6r\u00e4ily<\/title>\n<meta name=\"robots\" content=\"index, follow, max-snippet:-1, max-image-preview:large, max-video-preview:-1\" \/>\n<link rel=\"canonical\" href=\"https:\/\/www.akilles.fi\/cykel\/tavlingarkilpailut\/\" \/>\n<meta property=\"og:locale\" content=\"fi_FI\" \/>\n<meta property=\"og:type\" content=\"article\" \/>\n<meta property=\"og:title\" content=\"T\u00e4vlingar - Kilpailut - Cykel - Py\u00f6r\u00e4ily\" \/>\n<meta property=\"og:description\" content=\"Porvoonajot &#8211; Borg\u00e5loppet Porvoon Ajot on Suomen vanhin py\u00f6r\u00e4kilpailu. Se kuuluu eurooppalaisten yhden p\u00e4iv\u00e4n py\u00f6r\u00e4ilyklassikoiden sarjaan, kuten Paris-Roubaix, Ronde van Vlaanderen, Liege-Bastoge-Liege. Vuonna 1926 perustettu Porvoon Ajo ajetaan aina kes\u00e4kuun alun sunnuntaina. T\u00e4n\u00e4 vuonna klassikko ajetaan 8.6. 96. kerran. Ole Wackstr\u00f6min muistoajot &#8211; Ole Wackstr\u00f6ms minneslopp Ole Wackstr\u00f6m oli Porvoon Akilleen mestaripy\u00f6r\u00e4ilij\u00e4 ja menestyksellinen py\u00f6r\u00e4ilyvalmentaja, [&hellip;]\" \/>\n<meta property=\"og:url\" content=\"https:\/\/www.akilles.fi\/cykel\/tavlingarkilpailut\/\" \/>\n<meta property=\"og:site_name\" content=\"Cykel - Py\u00f6r\u00e4ily\" \/>\n<meta property=\"article:modified_time\" content=\"2025-04-07T16:40:35+00:00\" \/>\n<meta property=\"og:image\" content=\"https:\/\/www.porvoonajot.fi\/wp-content\/uploads\/2018\/05\/porvoonajot-borgaloppet_iso.png\" \/>\n<meta name=\"twitter:card\" content=\"summary_large_image\" \/>\n<meta name=\"twitter:label1\" content=\"Arvioitu lukuaika\" \/>\n\t<meta name=\"twitter:data1\" content=\"1 minuutti\" \/>\n<script type=\"application\/ld+json\" class=\"yoast-schema-graph\">{\"@context\":\"https:\/\/schema.org\",\"@graph\":[{\"@type\":\"WebPage\",\"@id\":\"https:\/\/www.akilles.fi\/cykel\/tavlingarkilpailut\/\",\"url\":\"https:\/\/www.akilles.fi\/cykel\/tavlingarkilpailut\/\",\"name\":\"T\u00e4vlingar - Kilpailut - Cykel - Py\u00f6r\u00e4ily\",\"isPartOf\":{\"@id\":\"https:\/\/www.akilles.fi\/cykel\/#website\"},\"primaryImageOfPage\":{\"@id\":\"https:\/\/www.akilles.fi\/cykel\/tavlingarkilpailut\/#primaryimage\"},\"image\":{\"@id\":\"https:\/\/www.akilles.fi\/cykel\/tavlingarkilpailut\/#primaryimage\"},\"thumbnailUrl\":\"https:\/\/www.porvoonajot.fi\/wp-content\/uploads\/2018\/05\/porvoonajot-borgaloppet_iso.png\",\"datePublished\":\"2020-04-07T16:07:03+00:00\",\"dateModified\":\"2025-04-07T16:40:35+00:00\",\"breadcrumb\":{\"@id\":\"https:\/\/www.akilles.fi\/cykel\/tavlingarkilpailut\/#breadcrumb\"},\"inLanguage\":\"fi\",\"potentialAction\":[{\"@type\":\"ReadAction\",\"target\":[\"https:\/\/www.akilles.fi\/cykel\/tavlingarkilpailut\/\"]}]},{\"@type\":\"ImageObject\",\"inLanguage\":\"fi\",\"@id\":\"https:\/\/www.akilles.fi\/cykel\/tavlingarkilpailut\/#primaryimage\",\"url\":\"https:\/\/www.porvoonajot.fi\/wp-content\/uploads\/2018\/05\/porvoonajot-borgaloppet_iso.png\",\"contentUrl\":\"https:\/\/www.porvoonajot.fi\/wp-content\/uploads\/2018\/05\/porvoonajot-borgaloppet_iso.png\"},{\"@type\":\"BreadcrumbList\",\"@id\":\"https:\/\/www.akilles.fi\/cykel\/tavlingarkilpailut\/#breadcrumb\",\"itemListElement\":[{\"@type\":\"ListItem\",\"position\":1,\"name\":\"Home\",\"item\":\"https:\/\/www.akilles.fi\/cykel\/\"},{\"@type\":\"ListItem\",\"position\":2,\"name\":\"T\u00e4vlingar &#8211; Kilpailut\"}]},{\"@type\":\"WebSite\",\"@id\":\"https:\/\/www.akilles.fi\/cykel\/#website\",\"url\":\"https:\/\/www.akilles.fi\/cykel\/\",\"name\":\"Cykel - Py\u00f6r\u00e4ily\",\"description\":\"Borg\u00e5 Akilles Cykel - Porvoon Akilles Py\u00f6r\u00e4ily\",\"potentialAction\":[{\"@type\":\"SearchAction\",\"target\":{\"@type\":\"EntryPoint\",\"urlTemplate\":\"https:\/\/www.akilles.fi\/cykel\/?s={search_term_string}\"},\"query-input\":{\"@type\":\"PropertyValueSpecification\",\"valueRequired\":true,\"valueName\":\"search_term_string\"}}],\"inLanguage\":\"fi\"}]}<\/script>\n<!-- \/ Yoast SEO plugin. -->","yoast_head_json":{"title":"T\u00e4vlingar - Kilpailut - Cykel - Py\u00f6r\u00e4ily","robots":{"index":"index","follow":"follow","max-snippet":"max-snippet:-1","max-image-preview":"max-image-preview:large","max-video-preview":"max-video-preview:-1"},"canonical":"https:\/\/www.akilles.fi\/cykel\/tavlingarkilpailut\/","og_locale":"fi_FI","og_type":"article","og_title":"T\u00e4vlingar - Kilpailut - Cykel - Py\u00f6r\u00e4ily","og_description":"Porvoonajot &#8211; Borg\u00e5loppet Porvoon Ajot on Suomen vanhin py\u00f6r\u00e4kilpailu. Se kuuluu eurooppalaisten yhden p\u00e4iv\u00e4n py\u00f6r\u00e4ilyklassikoiden sarjaan, kuten Paris-Roubaix, Ronde van Vlaanderen, Liege-Bastoge-Liege. Vuonna 1926 perustettu Porvoon Ajo ajetaan aina kes\u00e4kuun alun sunnuntaina. T\u00e4n\u00e4 vuonna klassikko ajetaan 8.6. 96. kerran. Ole Wackstr\u00f6min muistoajot &#8211; Ole Wackstr\u00f6ms minneslopp Ole Wackstr\u00f6m oli Porvoon Akilleen mestaripy\u00f6r\u00e4ilij\u00e4 ja menestyksellinen py\u00f6r\u00e4ilyvalmentaja, [&hellip;]","og_url":"https:\/\/www.akilles.fi\/cykel\/tavlingarkilpailut\/","og_site_name":"Cykel - Py\u00f6r\u00e4ily","article_modified_time":"2025-04-07T16:40:35+00:00","og_image":[{"url":"https:\/\/www.porvoonajot.fi\/wp-content\/uploads\/2018\/05\/porvoonajot-borgaloppet_iso.png","type":"","width":"","height":""}],"twitter_card":"summary_large_image","twitter_misc":{"Arvioitu lukuaika":"1 minuutti"},"schema":{"@context":"https:\/\/schema.org","@graph":[{"@type":"WebPage","@id":"https:\/\/www.akilles.fi\/cykel\/tavlingarkilpailut\/","url":"https:\/\/www.akilles.fi\/cykel\/tavlingarkilpailut\/","name":"T\u00e4vlingar - Kilpailut - Cykel - Py\u00f6r\u00e4ily","isPartOf":{"@id":"https:\/\/www.akilles.fi\/cykel\/#website"},"primaryImageOfPage":{"@id":"https:\/\/www.akilles.fi\/cykel\/tavlingarkilpailut\/#primaryimage"},"image":{"@id":"https:\/\/www.akilles.fi\/cykel\/tavlingarkilpailut\/#primaryimage"},"thumbnailUrl":"https:\/\/www.porvoonajot.fi\/wp-content\/uploads\/2018\/05\/porvoonajot-borgaloppet_iso.png","datePublished":"2020-04-07T16:07:03+00:00","dateModified":"2025-04-07T16:40:35+00:00","breadcrumb":{"@id":"https:\/\/www.akilles.fi\/cykel\/tavlingarkilpailut\/#breadcrumb"},"inLanguage":"fi","potentialAction":[{"@type":"ReadAction","target":["https:\/\/www.akilles.fi\/cykel\/tavlingarkilpailut\/"]}]},{"@type":"ImageObject","inLanguage":"fi","@id":"https:\/\/www.akilles.fi\/cykel\/tavlingarkilpailut\/#primaryimage","url":"https:\/\/www.porvoonajot.fi\/wp-content\/uploads\/2018\/05\/porvoonajot-borgaloppet_iso.png","contentUrl":"https:\/\/www.porvoonajot.fi\/wp-content\/uploads\/2018\/05\/porvoonajot-borgaloppet_iso.png"},{"@type":"BreadcrumbList","@id":"https:\/\/www.akilles.fi\/cykel\/tavlingarkilpailut\/#breadcrumb","itemListElement":[{"@type":"ListItem","position":1,"name":"Home","item":"https:\/\/www.akilles.fi\/cykel\/"},{"@type":"ListItem","position":2,"name":"T\u00e4vlingar &#8211; Kilpailut"}]},{"@type":"WebSite","@id":"https:\/\/www.akilles.fi\/cykel\/#website","url":"https:\/\/www.akilles.fi\/cykel\/","name":"Cykel - Py\u00f6r\u00e4ily","description":"Borg\u00e5 Akilles Cykel - Porvoon Akilles Py\u00f6r\u00e4ily","potentialAction":[{"@type":"SearchAction","target":{"@type":"EntryPoint","urlTemplate":"https:\/\/www.akilles.fi\/cykel\/?s={search_term_string}"},"query-input":{"@type":"PropertyValueSpecification","valueRequired":true,"valueName":"search_term_string"}}],"inLanguage":"fi"}]}},"_links":{"self":[{"href":"https:\/\/www.akilles.fi\/cykel\/wp-json\/wp\/v2\/pages\/505","targetHints":{"allow":["GET"]}}],"collection":[{"href":"https:\/\/www.akilles.fi\/cykel\/wp-json\/wp\/v2\/pages"}],"about":[{"href":"https:\/\/www.akilles.fi\/cykel\/wp-json\/wp\/v2\/types\/page"}],"author":[{"embeddable":true,"href":"https:\/\/www.akilles.fi\/cykel\/wp-json\/wp\/v2\/users\/8"}],"replies":[{"embeddable":true,"href":"https:\/\/www.akilles.fi\/cykel\/wp-json\/wp\/v2\/comments?post=505"}],"version-history":[{"count":30,"href":"https:\/\/www.akilles.fi\/cykel\/wp-json\/wp\/v2\/pages\/505\/revisions"}],"predecessor-version":[{"id":645,"href":"https:\/\/www.akilles.fi\/cykel\/wp-json\/wp\/v2\/pages\/505\/revisions\/645"}],"wp:attachment":[{"href":"https:\/\/www.akilles.fi\/cykel\/wp-json\/wp\/v2\/media?parent=505"}],"curies":[{"name":"wp","href":"https:\/\/api.w.org\/{rel}","templated":true}]}}