{"id":11505,"date":"2022-05-05T10:18:20","date_gmt":"2022-05-05T10:18:20","guid":{"rendered":"https:\/\/www.akilles.fi\/friidrott\/?page_id=11505"},"modified":"2025-04-21T08:33:21","modified_gmt":"2025-04-21T08:33:21","slug":"resultat-2021-tulokset-2021","status":"publish","type":"page","link":"https:\/\/www.akilles.fi\/friidrott\/resultat-2021-tulokset-2021\/","title":{"rendered":"Resultat 2021- Tulokset 2021"},"content":{"rendered":"\t\t<div data-elementor-type=\"wp-post\" data-elementor-id=\"11505\" class=\"elementor elementor-11505\" data-elementor-post-type=\"page\">\n\t\t\t\t\t\t<section class=\"elementor-section elementor-top-section elementor-element elementor-element-dc1f784 elementor-section-boxed elementor-section-height-default elementor-section-height-default\" data-id=\"dc1f784\" data-element_type=\"section\">\n\t\t\t\t\t\t<div class=\"elementor-container elementor-column-gap-default\">\n\t\t\t\t\t<div class=\"elementor-column elementor-col-100 elementor-top-column elementor-element elementor-element-de43dcc\" data-id=\"de43dcc\" data-element_type=\"column\">\n\t\t\t<div class=\"elementor-widget-wrap elementor-element-populated\">\n\t\t\t\t\t\t<section class=\"elementor-section elementor-inner-section elementor-element elementor-element-1701fa3 elementor-section-boxed elementor-section-height-default elementor-section-height-default\" data-id=\"1701fa3\" data-element_type=\"section\">\n\t\t\t\t\t\t<div class=\"elementor-container elementor-column-gap-default\">\n\t\t\t\t\t<div class=\"elementor-column elementor-col-50 elementor-inner-column elementor-element elementor-element-24b82e7\" data-id=\"24b82e7\" data-element_type=\"column\">\n\t\t\t<div class=\"elementor-widget-wrap elementor-element-populated\">\n\t\t\t\t\t\t<div class=\"elementor-element elementor-element-db8680c elementor-widget elementor-widget-text-editor\" data-id=\"db8680c\" data-element_type=\"widget\" data-widget_type=\"text-editor.default\">\n\t\t\t\t<div class=\"elementor-widget-container\">\n\t\t\t\t\t\t\t\t\t<div><div><div data-id=\"fe2498a\" data-element_type=\"widget\" data-model-cid=\"c38\" data-widget_type=\"text-editor.default\"><div><div data-elementor-setting-key=\"editor\" data-elementor-inline-editing-toolbar=\"advanced\"><div><p><b>Januari 2021 Tammikuu<\/b><\/p><p><strong>Februari 2021 Helmikuu<\/strong><\/p><p>L\u00f6-S\u00f6 20-21.2 <a href=\"https:\/\/www.akilles.fi\/friidrott\/hall-fm-halli-sm\/\" target=\"_blank\" rel=\"noopener\">Hall-FM H\/D<\/a> \/ SM-hallit Jyv\u00e4skyl\u00e4<br \/>Fr-S\u00f6 26-28.2 <a href=\"https:\/\/www.akilles.fi\/friidrott\/hall-fm-halli-sm\/\" target=\"_blank\" rel=\"noopener\">Hall-FM H\/D22,19,17<\/a> \/ SM-halli M\/N22,19,17 Tammerfors<\/p><p><strong>Mars 2021 Maaliskuu<\/strong><\/p><p>L\u00f6 6.3 <a href=\"https:\/\/www.akilles.fi\/friidrott\/hall-fm-halli-sm\/\">vinterkast-FM sl\u00e4gga<\/a> i Kaustby \/ SM Moukarin talvimestaruuskilpailut Kaustinen <br \/><strong><br \/><\/strong><strong>April 2021 Huhtikuu<\/strong><\/p><p>M\u00e5 26.4 kl. 18.00 <a href=\"https:\/\/www.akilles.fi\/friidrott\/akilles-terrangmasterskap-maastojuoksun-mestaruuskilpailut\/\">Akilles m\u00e4sterskap i terr\u00e4ngl\u00f6pning del 1<\/a>, Jonasbacken <br \/>To 29.4 kl. 18.00 <a href=\"https:\/\/www.akilles.fi\/friidrott\/akilles-terrangmasterskap-maastojuoksun-mestaruuskilpailut\/\">Akilles m\u00e4sterskap i terr\u00e4ngl\u00f6pning del 2<\/a>, Jonasbacken<\/p><p><strong>Maj 2021 Toukokuu<\/strong><\/p><p>M\u00e5 3.5 kl. 18.00 <a href=\"https:\/\/www.akilles.fi\/friidrott\/akilles-terrangmasterskap-maastojuoksun-mestaruuskilpailut\/\">Akilles m\u00e4sterskap i terr\u00e4ngl\u00f6pning del 3<\/a>, Jonasbacken\u00a0 <br \/>S\u00f6 9.5 <a href=\"https:\/\/www.akilles.fi\/friidrott\/finlandska-masterskap-suomen-mestaruuskisat\/\">FM-terr\u00e4ng<\/a> Joensuu<br \/>L\u00f6 29.5 kl. 10.00 <a href=\"https:\/\/www.akilles.fi\/friidrott\/borga-varkast-porvoon-kevatheitot\/\">Borg\u00e5 V\u00c5RKAST<\/a> Borgbackens kastplan \/ <a href=\"https:\/\/www.akilles.fi\/friidrott\/borga-varkast-porvoon-kevatheitot\/\">KEV\u00c4THEITOT<\/a> \u00a0 <br \/>S\u00f6 30.5 <a href=\"http:\/\/www.akilles.fi\/friidrott\/resultatplock\" rel=\"noopener\">Toukokuun kisat<\/a>, H:fors\/D<\/p><p><strong>Juni 2021 Kes\u00e4kuu<\/strong><\/p><p>On 2.6\u00a0 <a href=\"http:\/\/www.akilles.fi\/friidrott\/resultatplock\" rel=\"noopener\">Motonet GP<\/a><strong>, <\/strong>Jyv\u00e4skyl\u00e4<strong><br \/><\/strong>On 2.6\u00a0kl. 18 <a href=\"https:\/\/www.akilles.fi\/friidrott\/veckotavlingar-resultat-2021-viikkokisat-tulokset\/\">Veckot\u00e4vling 1 Centralidrottsplan\/ Viikkokisa 1<\/a> Keskuskentt\u00e4<br \/>M\u00e5 7.6\u00a0 kl. 17.30 <a href=\"https:\/\/www.akilles.fi\/friidrott\/borgabarnens-olympiad-lasten-olympialaiset\/\">Borg\u00e5barnens Olympiad<\/a> \/ <a href=\"https:\/\/www.akilles.fi\/friidrott\/borgabarnens-olympiad-lasten-olympialaiset\/\">Lasten Olympialaiset<\/a>, Centralidrottsplan\u00a0 <br \/>Ti 8.6 kl. 17.30 <a href=\"https:\/\/www.akilles.fi\/friidrott\/resultatplock-2021-tulospoimintoja\/\">Borg\u00e5 diskust\u00e4vling 1 \u2013 Porvoon kiekkokisa 1<\/a>, Borgbackens kastplan \/ Linnanm\u00e4en heittokentt\u00e4<br \/>To 10.6\u00a0 <a href=\"http:\/\/www.akilles.fi\/friidrott\/resultatplock\" rel=\"noopener\">Motonet GP<\/a>, Esbo<br \/>On 16.6 kl. 18 <a href=\"https:\/\/www.akilles.fi\/friidrott\/foreningscupen-resultat-2021-seuracup-tulokset-2\/\">N\u00c5ID:s F\u00f6reningscup del 1<\/a>, Borg\u00e5<br \/>L\u00f6 19.6 kl. 18 N\u00c5ID:s P\/F m\u00e5ngkamp del 1 (F\/P 9-13) Pargas<br \/>On 23.6 kl. 17.30 <a href=\"https:\/\/www.akilles.fi\/friidrott\/resultatplock-2021-tulospoimintoja\/\">Borg\u00e5 sl\u00e4ggt\u00e4vling 1 \u2013 Porvoon moukarikisa 1<\/a>, Borgbackens kastplan \/ Linnanm\u00e4en heittokentt\u00e4<br \/>On 23.6 <a href=\"http:\/\/www.akilles.fi\/friidrott\/resultatplock\" rel=\"noopener\">Tilastopajacup 2<\/a> i \u00c5bo<br \/>L\u00f6 26.6\u00a0 <a href=\"http:\/\/www.akilles.fi\/friidrott\/resultatplock\">Motonet GP <\/a>, Kuortane\u00a0 <br \/>M\u00e5 28.6 <a href=\"https:\/\/www.akilles.fi\/friidrott\/resultatplock-2021-tulospoimintoja\/\" rel=\"noopener\">Lival-Games<\/a>, Sibbo\/Nickby<br \/>Ti 29.6 kl. 18 <a href=\"https:\/\/www.akilles.fi\/friidrott\/veckotavlingar-resultat-2021-viikkokisat-tulokset\/\">Veckot\u00e4vling 2 Centralidrottsplan\/ Viikkokisa 2<\/a> Keskuskentt\u00e4<\/p><p><strong>Juli 2021 Hein\u00e4kuu<\/strong><\/p><p>To-S\u00f6 1-4.7 Grenkarnevaler \/ Lajikarnevaalit <br \/>M\u00e5 5.7 kl. 17.30\u00a0 <a href=\"https:\/\/www.akilles.fi\/friidrott\/borga-stavcup-2021-porvoon-seivascup\/\">Borg\u00e5 Stavcup 1\u00a0<\/a> f\u00f6r 9-19 \u00e5r<br \/>M\u00e5 5.7 kl. 18 <a href=\"https:\/\/www.akilles.fi\/friidrott\/akilles-masterskap-2021-resultat-mestaruuskisat-tulokset\/\">Akilles m\u00e4sterskap 1, g\u00e5ng\u00a0<\/a><br \/>On 7.7 <a href=\"https:\/\/www.akilles.fi\/friidrott\/regionm-resultat-aluem-tulokset\/\" rel=\"noopener\">RegionM hinder<\/a> Vanda\/Sandkulla<br \/>L\u00f6-S\u00f6 10-11.7 <a href=\"https:\/\/www.akilles.fi\/friidrott\/sfim-resultat\/\" rel=\"noopener\">SFI m\u00e4sterskapen<\/a> (H\/D, H\/D17, P\/F15) N\u00e4rpes <br \/>To 9.7 kl. 17.30 <a href=\"https:\/\/www.akilles.fi\/friidrott\/resultatplock-2021-tulospoimintoja\/\">Borg\u00e5 diskust\u00e4vling 2 \u2013 Porvoon kiekkokisa 2<\/a>, Borgbackens kastplan \/ Linnanm\u00e4en heittokentt\u00e4<br \/>On 14.7 kl. 17.30\u00a0 <a href=\"https:\/\/www.akilles.fi\/friidrott\/akilles-masterskap-2021-resultat-mestaruuskisat-tulokset\/\">Akilles m\u00e4sterskap 2,<\/a> <br \/><strong>S\u00f6 18.7 kl. 11 <a href=\"https:\/\/www.akilles.fi\/friidrott\/borga-topgames-porvoon-huippukisat\/\">BORG\u00c5 TOPGAMES \/ PORVOON HUIPPUKISAT<\/a>, Borg\u00e5<\/strong><br \/>Ti-On 20-21.7 <a href=\"https:\/\/www.akilles.fi\/friidrott\/regionm-resultat-aluem-tulokset\/\" rel=\"noopener\">RegionM H\/D 17-19, AlueM M\/N 17-19<\/a> Vichtis<br \/><strong>To 22.7 kl. 15 <a href=\"https:\/\/www.akilles.fi\/friidrott\/topgames-sprint-2021\/\">TOPGAMES Sprint<\/a><\/strong><br \/>Fr-S\u00f6 23-25.7 <a href=\"http:\/\/www.akilles.fi\/friidrott\/resultatplock\" rel=\"noopener\">Youth Athletic Games<\/a>\u00a0 Willmanstrand <br \/>M\u00e5 26.7 kl. 18 <a href=\"https:\/\/www.akilles.fi\/friidrott\/akilles-masterskap-2021-resultat-mestaruuskisat-tulokset\/\">Akilles m\u00e4sterskap<\/a> 3 p\u00e5 Centralidrottsplan<br \/>M\u00e5 26.7 <a href=\"http:\/\/www.akilles.fi\/friidrott\/resultatplock\" rel=\"noopener\">Tilastopajacup 4<\/a> i \u00c5bo<br \/>Ti 27.7 <a href=\"http:\/\/www.akilles.fi\/friidrott\/resultatplock\" rel=\"noopener\">H\u00e4mes Games<\/a> Riihim\u00e4ki<br \/>On-To 28-29.7 <a href=\"https:\/\/www.akilles.fi\/friidrott\/regionm-resultat-aluem-tulokset\/\" rel=\"noopener\">RegionM P\/F 14-15, AlueM P\/T14-15<\/a> Tusby<br \/>Fr-S\u00f6 30.7-1.8 <a href=\"http:\/\/www.akilles.fi\/friidrott\/resultatplock\" rel=\"noopener\">Lohja Junior Games<\/a>, Lojo<\/p><p><strong>Augusti 2021 Elokuu<br \/><\/strong><br \/>On 4.8 kl. 17.30 <a href=\"https:\/\/www.akilles.fi\/friidrott\/borga-slaggtavlingar-2021-porvoon-moukarikisat\/\">Borg\u00e5 sl\u00e4ggt\u00e4vling 2 \u2013 Porvoon Moukarikisa 2<\/a>, Borgbackens kastplan \/ Linnanm\u00e4en heittokentt\u00e4<strong><br \/><\/strong>On 4.8 <a href=\"http:\/\/www.akilles.fi\/friidrott\/resultatplock\" target=\"_blank\" rel=\"noopener\">Tilastopajacup 5<\/a> i \u00c5bo<br \/>To 5.8 kl. 18 <a href=\"https:\/\/www.akilles.fi\/friidrott\/veckotavlingar-resultat-2021-viikkokisat-tulokset\/\">Veckot\u00e4vling 3 \/ Viikkokisa 3<\/a>, och Akilles m\u00e4sterskap del 4<br \/>Fr-S\u00f6 7-9.8 \u00a0<a href=\"https:\/\/www.akilles.fi\/friidrott\/finlandska-masterskap-suomen-mestaruuskisat\/\" rel=\"noopener\">FM P\/F 14, 15\u00a0 \u2013 SM P\/T 14, 15<\/a>, Karleby<br \/>On 11.8 kl 17.00\u00a0 <a href=\"https:\/\/www.akilles.fi\/friidrott\/foreningscupen-resultat-2021-seuracup-tulokset-2\/\">N\u00c5ID:s F\u00f6reningscup del 2, N\u00c5ID:in seuracup<\/a>, Esbo\/Alberga<br \/>On 11.8\u00a0 <a href=\"http:\/\/www.akilles.fi\/friidrott\/resultatplock\" target=\"_blank\" rel=\"noopener\">Stj\u00e4rnspel \/ Eltsun T\u00e4htikisat<\/a>, Helsingfors\/D<br \/>Fr-S\u00f6 13-15.8 <a href=\"https:\/\/www.akilles.fi\/friidrott\/finlandska-masterskap-suomen-mestaruuskisat\/\" rel=\"noopener\">FM H\/D 19, 22 \/ SM M\/N19-22<\/a>, \u00c5bo<br \/>L\u00f6-S\u00f6 14-15.8 <a href=\"https:\/\/www.akilles.fi\/friidrott\/naids-p-f-dagar-14-15-8-2021-resultat\/\">N\u00c5ID pojk\/flickdagar 9-13 \u00e5r<\/a>, Borg\u00e5<br \/>M\u00e5 16.8 kl. 17.30 <a href=\"https:\/\/www.akilles.fi\/friidrott\/borga-stavcup-2021-porvoon-seivascup\/\">Borg\u00e5 Stavcup del 2<\/a> (14-19 \u00e5r) , Borg\u00e5\u00a0 <a href=\"https:\/\/www.akilles.fi\/friidrott\/akilles-masterskap-2021-resultat-mestaruuskisat-tulokset\/\">Akilles m\u00e4sterskap 5<\/a><br \/>Ti-On 17-18.8 <a href=\"https:\/\/www.akilles.fi\/friidrott\/regionm-resultat-aluem-tulokset\/\">RegionM Herrar\/Damer, ALueM Miehet\/Naiset,<\/a> Vanda\/Sandkulla<br \/>On 18.8 kl. 17.30 <a href=\"https:\/\/www.akilles.fi\/friidrott\/vasakisa-resultat-vasakisa-tulokset\/\">Vasakisa<\/a>\u00a0 (Akilles, PU, Uusimaa)<br \/>On 18.8 kl. 17.30 <a href=\"https:\/\/www.akilles.fi\/friidrott\/borga-stavcup-2021-porvoon-seivascup\/\">Borg\u00e5 Stavcup del 2<\/a> , (9-13 \u00e5r) \u00a0Borg\u00e5\u00a0 <a href=\"https:\/\/www.akilles.fi\/friidrott\/akilles-masterskap-2019-mestaruuskisat-2\/\">Akilles m\u00e4sterskap 5<\/a><br \/>To 19.8\u00a0 <a href=\"http:\/\/www.akilles.fi\/friidrott\/resultatplock\" target=\"_blank\" rel=\"noopener\">Motonet-GP<\/a>, Lahti <br \/>L\u00f6-S\u00f6 21-22.8 FM i m\u00e5ngkamp <a href=\"https:\/\/www.akilles.fi\/friidrott\/finlandska-masterskap-suomen-mestaruuskisat\/\" rel=\"noopener\">H\/D22-H\/D19-H\/D17 Raseborg\/Karis<\/a> , <a href=\"https:\/\/www.akilles.fi\/friidrott\/finlandska-masterskap-suomen-mestaruuskisat\/\" rel=\"noopener\">P\/F14-P\/F15 Lojo<\/a><br \/>On 25.8 kl. 18.00 <a href=\"https:\/\/www.akilles.fi\/friidrott\/veckotavling-4-2021-resultat-viikkokisa-4-2021-tulokset\/\">Veckot\u00e4vling 4 \/ Viikkokisa 4<\/a>, <a href=\"https:\/\/www.akilles.fi\/friidrott\/veckotavlingar-resultat-2021-viikkokisat-tulokset\/\">Akilles m\u00e4sterskap 6<\/a> p\u00e5 Centralidrottsplan<br \/>To 25.8 kl. 17.30 <a href=\"https:\/\/www.kilpailukalenteri.fi\/?cs=16&amp;nid=26941\">Borg\u00e5 sl\u00e4ggt\u00e4vling 2 \u2013 Porvoon Moukarikisa 2<\/a>, Borgbackens kastplan \/ Linnanm\u00e4en heittokentt\u00e4<br \/>To-S\u00f6 26-29.8 <a href=\"https:\/\/www.akilles.fi\/friidrott\/finlandska-masterskap-suomen-mestaruuskisat\/\" target=\"_blank\" rel=\"noopener\">Kalevan kisat<\/a>, \u00c5bo<br \/>L\u00f6 29.8 <a href=\"https:\/\/www.akilles.fi\/friidrott\/naidm-resultat-piirim-tulokset\/\">N\u00c5ID:s pojk\/flickstafetter<\/a>, Pargas<br \/>M\u00e5 31.8 kl. 18 <a href=\"https:\/\/www.akilles.fi\/friidrott\/akilles-masterskap-2021-resultat-mestaruuskisat-tulokset\/\">Akilles m\u00e4sterskap 7<\/a> p\u00e5 Centralidrottsplan<\/p><p><strong>September 2021 Syyskuu<\/strong><\/p><p>On-To 1-2.9 <a href=\"https:\/\/www.akilles.fi\/friidrott\/regionm-resultat-aluem-tulokset\/\" target=\"_blank\" rel=\"noopener\">S\u00f6dra och Syd\u00f6stra RM stafett H\/D, H\/D 17-19 \u2013 Etel\u00e4isen ja Kaakkoisen AM-viestit<\/a> H:fors\/D<br \/>L\u00f6 4.9 <a href=\"https:\/\/www.akilles.fi\/friidrott\/foreningscupen-resultat-2021-seuracup-tulokset-2\/\">F\u00f6reningscup C-final Bj\u00f6rneborg<\/a><br \/>L\u00f6-S\u00f6 4-5.9 <a href=\"http:\/\/www.akilles.fi\/friidrott\/resultatplock\">SVE \u2013 FIN landskamp H\/D, H\/D17,<\/a> Stockholm<br \/>M\u00e5 6.9 kl. 18 <a href=\"https:\/\/www.akilles.fi\/friidrott\/akilles-masterskap-2021-resultat-mestaruuskisat-tulokset\/\">Akilles m\u00e4sterskap 8<\/a> p\u00e5 Centralidrottsplan\u00a0\u00a0 <br \/>M\u00e5 6.9 kl. 17 <a href=\"https:\/\/www.akilles.fi\/friidrott\/borga-stavcup-2021-porvoon-seivascup\/\">Borg\u00e5 Stavcup del 3<\/a> (H\/D 17-19 \u00e5r) p\u00e5 Centralidrottsplan<br \/>On 8.9 kl. 18 <a href=\"https:\/\/www.akilles.fi\/friidrott\/akilles-masterskap-2021-resultat-mestaruuskisat-tulokset\/\">Akilles m\u00e4sterskap 9<\/a> p\u00e5 Centralidrottsplan\u00a0\u00a0 <br \/>On 8.9 kl. 17 <a href=\"https:\/\/www.akilles.fi\/friidrott\/borga-stavcup-2021-porvoon-seivascup\/\">Borg\u00e5 Stavcup del 3<\/a> (F\/P 9-13 \u00e5r, F\/P 14-15) p\u00e5 Centralidrottsplan<br \/>To 9.9 kl. 17.00 <a href=\"https:\/\/www.kilpailukalenteri.fi\/?cs=16&amp;nid=26942\">Borg\u00e5 h\u00f6stsl\u00e4gga \u2013 Porvoon syysmoukari<\/a> \u00a0 <a href=\"https:\/\/www.akilles.fi\/friidrott\/akilles-masterskap-2020-mestaruuskisat\/\">Akilles m\u00e4sterskap 10 (sl\u00e4gga)<\/a>, Borgbackens kastplan \/ Linnanm\u00e4en heittokentt\u00e4<br \/>L\u00f6-S\u00f6 11-12.9 <a href=\"https:\/\/www.akilles.fi\/friidrott\/finlandska-masterskap-suomen-mestaruuskisat\/\" target=\"_blank\" rel=\"noopener\">FM-stafett \u2013 SM-viestit<\/a>, Ule\u00e5borg<br \/>L\u00f6 18.9\u00a0 <a href=\"https:\/\/www.akilles.fi\/friidrott\/naidm-resultat-piirim-tulokset\/\" target=\"_blank\" rel=\"noopener\">N\u00c5ID:s P\/F m\u00e5ngkamp (9-13\u00e5r)<\/a>, Vanda\/sandkulla<br \/>L\u00f6-S\u00f6 18.19.9 <a href=\"http:\/\/www.akilles.fi\/friidrott\/resultatplock\">KLL:n yu -kisat<\/a>, Villmanstrand<\/p><\/div><\/div><\/div><\/div><\/div><\/div>\t\t\t\t\t\t\t\t<\/div>\n\t\t\t\t<\/div>\n\t\t\t\t\t<\/div>\n\t\t<\/div>\n\t\t\t\t<div class=\"elementor-column elementor-col-50 elementor-inner-column elementor-element elementor-element-bd952ea\" data-id=\"bd952ea\" data-element_type=\"column\">\n\t\t\t<div class=\"elementor-widget-wrap elementor-element-populated\">\n\t\t\t\t\t\t<div class=\"elementor-element elementor-element-c055b24 elementor-widget elementor-widget-text-editor\" data-id=\"c055b24\" data-element_type=\"widget\" data-widget_type=\"text-editor.default\">\n\t\t\t\t<div class=\"elementor-widget-container\">\n\t\t\t\t\t\t\t\t\t<p><br \/><a href=\"https:\/\/www.akilles.fi\/friidrott\/resultat-2020-tulokset\/\">Resultat 2020 &#8211; Tulokset 2020<\/a><br \/><br \/><a href=\"http:\/\/www.akilles.fi\/friidrott\/resultat-2019-tulokset\/\">Resultat 2019 &#8211; Tulokset 2019<\/a><\/p>\t\t\t\t\t\t\t\t<\/div>\n\t\t\t\t<\/div>\n\t\t\t\t\t<\/div>\n\t\t<\/div>\n\t\t\t\t\t<\/div>\n\t\t<\/section>\n\t\t\t\t\t<\/div>\n\t\t<\/div>\n\t\t\t\t\t<\/div>\n\t\t<\/section>\n\t\t\t\t<\/div>\n\t\t","protected":false},"excerpt":{"rendered":"<p>Januari 2021 Tammikuu Februari 2021 Helmikuu L\u00f6-S\u00f6 20-21.2 Hall-FM H\/D \/ SM-hallit Jyv\u00e4skyl\u00e4Fr-S\u00f6 26-28.2 Hall-FM H\/D22,19,17 \/ SM-halli M\/N22,19,17 Tammerfors Mars 2021 Maaliskuu L\u00f6 6.3 vinterkast-FM sl\u00e4gga i Kaustby \/ SM Moukarin talvimestaruuskilpailut Kaustinen April 2021 Huhtikuu M\u00e5 26.4 kl. 18.00 Akilles m\u00e4sterskap i terr\u00e4ngl\u00f6pning del 1, Jonasbacken To 29.4 kl. 18.00 Akilles m\u00e4sterskap i [&hellip;]<\/p>\n","protected":false},"author":3,"featured_media":0,"parent":0,"menu_order":0,"comment_status":"closed","ping_status":"closed","template":"","meta":{"_crdt_document":"","footnotes":""},"class_list":["post-11505","page","type-page","status-publish","hentry"],"yoast_head":"<!-- This site is optimized with the Yoast SEO plugin v26.8 - https:\/\/yoast.com\/product\/yoast-seo-wordpress\/ -->\n<title>Resultat 2021- Tulokset 2021 - Friidrott - Yleisurheilu<\/title>\n<meta name=\"robots\" content=\"index, follow, max-snippet:-1, max-image-preview:large, max-video-preview:-1\" \/>\n<link rel=\"canonical\" href=\"https:\/\/www.akilles.fi\/friidrott\/resultat-2021-tulokset-2021\/\" \/>\n<meta property=\"og:locale\" content=\"sv_SE\" \/>\n<meta property=\"og:type\" content=\"article\" \/>\n<meta property=\"og:title\" content=\"Resultat 2021- Tulokset 2021 - Friidrott - Yleisurheilu\" \/>\n<meta property=\"og:description\" content=\"Januari 2021 Tammikuu Februari 2021 Helmikuu L\u00f6-S\u00f6 20-21.2 Hall-FM H\/D \/ SM-hallit Jyv\u00e4skyl\u00e4Fr-S\u00f6 26-28.2 Hall-FM H\/D22,19,17 \/ SM-halli M\/N22,19,17 Tammerfors Mars 2021 Maaliskuu L\u00f6 6.3 vinterkast-FM sl\u00e4gga i Kaustby \/ SM Moukarin talvimestaruuskilpailut Kaustinen April 2021 Huhtikuu M\u00e5 26.4 kl. 18.00 Akilles m\u00e4sterskap i terr\u00e4ngl\u00f6pning del 1, Jonasbacken To 29.4 kl. 18.00 Akilles m\u00e4sterskap i [&hellip;]\" \/>\n<meta property=\"og:url\" content=\"https:\/\/www.akilles.fi\/friidrott\/resultat-2021-tulokset-2021\/\" \/>\n<meta property=\"og:site_name\" content=\"Friidrott - Yleisurheilu\" \/>\n<meta property=\"article:modified_time\" content=\"2025-04-21T08:33:21+00:00\" \/>\n<meta name=\"twitter:card\" content=\"summary_large_image\" \/>\n<meta name=\"twitter:label1\" content=\"Ber\u00e4knad l\u00e4stid\" \/>\n\t<meta name=\"twitter:data1\" content=\"4 minuter\" \/>\n<script type=\"application\/ld+json\" class=\"yoast-schema-graph\">{\"@context\":\"https:\/\/schema.org\",\"@graph\":[{\"@type\":\"WebPage\",\"@id\":\"https:\/\/www.akilles.fi\/friidrott\/resultat-2021-tulokset-2021\/\",\"url\":\"https:\/\/www.akilles.fi\/friidrott\/resultat-2021-tulokset-2021\/\",\"name\":\"Resultat 2021- Tulokset 2021 - Friidrott - Yleisurheilu\",\"isPartOf\":{\"@id\":\"https:\/\/www.akilles.fi\/friidrott\/#website\"},\"datePublished\":\"2022-05-05T10:18:20+00:00\",\"dateModified\":\"2025-04-21T08:33:21+00:00\",\"breadcrumb\":{\"@id\":\"https:\/\/www.akilles.fi\/friidrott\/resultat-2021-tulokset-2021\/#breadcrumb\"},\"inLanguage\":\"sv-SE\",\"potentialAction\":[{\"@type\":\"ReadAction\",\"target\":[\"https:\/\/www.akilles.fi\/friidrott\/resultat-2021-tulokset-2021\/\"]}]},{\"@type\":\"BreadcrumbList\",\"@id\":\"https:\/\/www.akilles.fi\/friidrott\/resultat-2021-tulokset-2021\/#breadcrumb\",\"itemListElement\":[{\"@type\":\"ListItem\",\"position\":1,\"name\":\"Home\",\"item\":\"https:\/\/www.akilles.fi\/friidrott\/\"},{\"@type\":\"ListItem\",\"position\":2,\"name\":\"Resultat 2021- Tulokset 2021\"}]},{\"@type\":\"WebSite\",\"@id\":\"https:\/\/www.akilles.fi\/friidrott\/#website\",\"url\":\"https:\/\/www.akilles.fi\/friidrott\/\",\"name\":\"Friidrott - Yleisurheilu\",\"description\":\"Borg\u00e5 Akilles Friidrott- Porvoon Akilles Yleisurheilu\",\"potentialAction\":[{\"@type\":\"SearchAction\",\"target\":{\"@type\":\"EntryPoint\",\"urlTemplate\":\"https:\/\/www.akilles.fi\/friidrott\/?s={search_term_string}\"},\"query-input\":{\"@type\":\"PropertyValueSpecification\",\"valueRequired\":true,\"valueName\":\"search_term_string\"}}],\"inLanguage\":\"sv-SE\"}]}<\/script>\n<!-- \/ Yoast SEO plugin. -->","yoast_head_json":{"title":"Resultat 2021- Tulokset 2021 - Friidrott - Yleisurheilu","robots":{"index":"index","follow":"follow","max-snippet":"max-snippet:-1","max-image-preview":"max-image-preview:large","max-video-preview":"max-video-preview:-1"},"canonical":"https:\/\/www.akilles.fi\/friidrott\/resultat-2021-tulokset-2021\/","og_locale":"sv_SE","og_type":"article","og_title":"Resultat 2021- Tulokset 2021 - Friidrott - Yleisurheilu","og_description":"Januari 2021 Tammikuu Februari 2021 Helmikuu L\u00f6-S\u00f6 20-21.2 Hall-FM H\/D \/ SM-hallit Jyv\u00e4skyl\u00e4Fr-S\u00f6 26-28.2 Hall-FM H\/D22,19,17 \/ SM-halli M\/N22,19,17 Tammerfors Mars 2021 Maaliskuu L\u00f6 6.3 vinterkast-FM sl\u00e4gga i Kaustby \/ SM Moukarin talvimestaruuskilpailut Kaustinen April 2021 Huhtikuu M\u00e5 26.4 kl. 18.00 Akilles m\u00e4sterskap i terr\u00e4ngl\u00f6pning del 1, Jonasbacken To 29.4 kl. 18.00 Akilles m\u00e4sterskap i [&hellip;]","og_url":"https:\/\/www.akilles.fi\/friidrott\/resultat-2021-tulokset-2021\/","og_site_name":"Friidrott - Yleisurheilu","article_modified_time":"2025-04-21T08:33:21+00:00","twitter_card":"summary_large_image","twitter_misc":{"Ber\u00e4knad l\u00e4stid":"4 minuter"},"schema":{"@context":"https:\/\/schema.org","@graph":[{"@type":"WebPage","@id":"https:\/\/www.akilles.fi\/friidrott\/resultat-2021-tulokset-2021\/","url":"https:\/\/www.akilles.fi\/friidrott\/resultat-2021-tulokset-2021\/","name":"Resultat 2021- Tulokset 2021 - Friidrott - Yleisurheilu","isPartOf":{"@id":"https:\/\/www.akilles.fi\/friidrott\/#website"},"datePublished":"2022-05-05T10:18:20+00:00","dateModified":"2025-04-21T08:33:21+00:00","breadcrumb":{"@id":"https:\/\/www.akilles.fi\/friidrott\/resultat-2021-tulokset-2021\/#breadcrumb"},"inLanguage":"sv-SE","potentialAction":[{"@type":"ReadAction","target":["https:\/\/www.akilles.fi\/friidrott\/resultat-2021-tulokset-2021\/"]}]},{"@type":"BreadcrumbList","@id":"https:\/\/www.akilles.fi\/friidrott\/resultat-2021-tulokset-2021\/#breadcrumb","itemListElement":[{"@type":"ListItem","position":1,"name":"Home","item":"https:\/\/www.akilles.fi\/friidrott\/"},{"@type":"ListItem","position":2,"name":"Resultat 2021- Tulokset 2021"}]},{"@type":"WebSite","@id":"https:\/\/www.akilles.fi\/friidrott\/#website","url":"https:\/\/www.akilles.fi\/friidrott\/","name":"Friidrott - Yleisurheilu","description":"Borg\u00e5 Akilles Friidrott- Porvoon Akilles Yleisurheilu","potentialAction":[{"@type":"SearchAction","target":{"@type":"EntryPoint","urlTemplate":"https:\/\/www.akilles.fi\/friidrott\/?s={search_term_string}"},"query-input":{"@type":"PropertyValueSpecification","valueRequired":true,"valueName":"search_term_string"}}],"inLanguage":"sv-SE"}]}},"_links":{"self":[{"href":"https:\/\/www.akilles.fi\/friidrott\/wp-json\/wp\/v2\/pages\/11505","targetHints":{"allow":["GET"]}}],"collection":[{"href":"https:\/\/www.akilles.fi\/friidrott\/wp-json\/wp\/v2\/pages"}],"about":[{"href":"https:\/\/www.akilles.fi\/friidrott\/wp-json\/wp\/v2\/types\/page"}],"author":[{"embeddable":true,"href":"https:\/\/www.akilles.fi\/friidrott\/wp-json\/wp\/v2\/users\/3"}],"replies":[{"embeddable":true,"href":"https:\/\/www.akilles.fi\/friidrott\/wp-json\/wp\/v2\/comments?post=11505"}],"version-history":[{"count":61,"href":"https:\/\/www.akilles.fi\/friidrott\/wp-json\/wp\/v2\/pages\/11505\/revisions"}],"predecessor-version":[{"id":26852,"href":"https:\/\/www.akilles.fi\/friidrott\/wp-json\/wp\/v2\/pages\/11505\/revisions\/26852"}],"wp:attachment":[{"href":"https:\/\/www.akilles.fi\/friidrott\/wp-json\/wp\/v2\/media?parent=11505"}],"curies":[{"name":"wp","href":"https:\/\/api.w.org\/{rel}","templated":true}]}}