{"id":21493,"date":"2024-01-20T16:09:58","date_gmt":"2024-01-20T16:09:58","guid":{"rendered":"https:\/\/www.akilles.fi\/friidrott\/?page_id=21493"},"modified":"2025-04-16T17:46:24","modified_gmt":"2025-04-16T17:46:24","slug":"resultat-2023-tulokset-2023","status":"publish","type":"page","link":"https:\/\/www.akilles.fi\/friidrott\/resultat-2023-tulokset-2023\/","title":{"rendered":"Resultat 2023 &#8211; Tulokset 2023"},"content":{"rendered":"\t\t<div data-elementor-type=\"wp-post\" data-elementor-id=\"21493\" class=\"elementor elementor-21493\" data-elementor-post-type=\"page\">\n\t\t\t\t\t\t<section class=\"elementor-section elementor-top-section elementor-element elementor-element-dc1f784 elementor-section-boxed elementor-section-height-default elementor-section-height-default\" data-id=\"dc1f784\" data-element_type=\"section\">\n\t\t\t\t\t\t<div class=\"elementor-container elementor-column-gap-default\">\n\t\t\t\t\t<div class=\"elementor-column elementor-col-100 elementor-top-column elementor-element elementor-element-de43dcc\" data-id=\"de43dcc\" data-element_type=\"column\">\n\t\t\t<div class=\"elementor-widget-wrap elementor-element-populated\">\n\t\t\t\t\t\t<section class=\"elementor-section elementor-inner-section elementor-element elementor-element-1701fa3 elementor-section-boxed elementor-section-height-default elementor-section-height-default\" data-id=\"1701fa3\" data-element_type=\"section\">\n\t\t\t\t\t\t<div class=\"elementor-container elementor-column-gap-default\">\n\t\t\t\t\t<div class=\"elementor-column elementor-col-50 elementor-inner-column elementor-element elementor-element-24b82e7\" data-id=\"24b82e7\" data-element_type=\"column\">\n\t\t\t<div class=\"elementor-widget-wrap elementor-element-populated\">\n\t\t\t\t\t\t<div class=\"elementor-element elementor-element-db8680c elementor-widget__width-initial elementor-widget elementor-widget-text-editor\" data-id=\"db8680c\" data-element_type=\"widget\" data-widget_type=\"text-editor.default\">\n\t\t\t\t<div class=\"elementor-widget-container\">\n\t\t\t\t\t\t\t\t\t<div><div><div data-id=\"fe2498a\" data-element_type=\"widget\" data-model-cid=\"c38\" data-widget_type=\"text-editor.default\"><div><div data-elementor-setting-key=\"editor\" data-elementor-inline-editing-toolbar=\"advanced\"><div><p><b>Januari 2023 Tammikuu<\/b><\/p><p>L\u00f6 21.1 <a href=\"https:\/\/www.tilastopaja.eu\/fi\/db\/tulokset.php?CID=92347\" target=\"_blank\" rel=\"noopener\">N\u00c5ID \u00f6ppna hall F\/P 9-15 \u00e5r<\/a>, H:fors, Kvarnb\u00e4cken<br \/>S\u00f6 22.1 <a href=\"https:\/\/www.tilastopaja.eu\/fi\/db\/tulokset.php?CID=92365\">N\u00c5ID \u00f6ppna hall DM D\/H, D\/H19, D\/H17,<\/a> H:fors, Kvarnb\u00e4cken<br \/>L\u00f6 28.1<a href=\"https:\/\/www.tilastopaja.eu\/fi\/db\/tulokset.php?CID=92431\"> Av. Helsyn hallit 1 (H, H19, H17, D, D19, D17)<\/a> H:fors, Kvarnb\u00e4cken<\/p><p><strong>Februari 2023 Helmikuu<\/strong><\/p><p>L\u00f6 4.2 <a href=\"https:\/\/www.tilastopaja.eu\/fi\/db\/tulokset.php?CID=92498\" target=\"_blank\" rel=\"noopener\">Av. Helsyn hallit 2\u00a0(H, H19, H17, D, D19, D17)<\/a> H:fors, Kvarnb\u00e4cken<br \/>L\u00f6-S\u00f6 18-19.2 <a href=\"https:\/\/www.akilles.fi\/friidrott\/hall-fm-halli-sm\/\" rel=\"noopener\">Hall-FM H\/D \/ SM-hallit<\/a> H:fors, Kvarnb\u00e4cken<br \/>L\u00f6 24.2 <a href=\"https:\/\/www.akilles.fi\/friidrott\/hall-fm-halli-sm\/\" rel=\"noopener\">Vinterkast-FM diskus i Lahtis \/ SM Kiekon talvimestaruuskilpailut <\/a>Lahti<br \/>Fr-S\u00f6 24-26.2 <a href=\"https:\/\/www.akilles.fi\/friidrott\/hall-fm-halli-sm\/\">Hall-FM H\/D22,19,17 \/ SM-halli M\/N22,19,17<\/a> Ule\u00e5borg<\/p><p><strong>Mars 2023 Maaliskuu<\/strong><\/p><p>L\u00f6- S\u00f6 4-5.3 <a href=\"https:\/\/www.akilles.fi\/friidrott\/hall-fm-halli-sm\/\">Hall-FM m\u00e5ngkamper \/ SM-hallimoniottelut,<\/a> Kuortane<br \/>L\u00f6 4.3 <a href=\"https:\/\/www.akilles.fi\/friidrott\/hall-fm-halli-sm\/\">vinterkast-FM sl\u00e4gga i Kaustby \/ SM Moukarin talvimestaruuskilpailut <\/a>Kaustinen<strong><br \/><\/strong>Fr-S\u00f6 10-12.3 <a href=\"https:\/\/www.kilpailukalenteri.fi\/?cs=16&amp;nid=31855\">Tampere Junior Indoor Games (10-15\u00e5r)\u00a0<\/a> Tampereen Pyrint\u00f6\/TJIG\u00a0<\/p><p><strong>April 2023 Huhtikuu<\/strong><\/p><p>S\u00f6 2.4\u00a0 kl. 10 <strong>Gustafs skolt\u00e4vlingar<\/strong> Kokonhallen <br \/>To 20.4 kl. 17.30 <a href=\"https:\/\/www.akilles.fi\/friidrott\/akilles-terrangmasterskap-maastojuoksun-mestaruuskilpailut\/\">Akilles m\u00e4sterskap i terr\u00e4ngl\u00f6pning del 1<\/a>, R\u00f6nnv\u00e4gens parkering \u2013 Pihlajatien parkkipaikka<br \/>Fr 21.4 <a href=\"http:\/\/www.akilles.fi\/friidrott\/resultatplock\">Heittokisat<\/a> Kauhajoki<br \/>M\u00e5 24.4 kl. 17.30 <a href=\"https:\/\/www.akilles.fi\/friidrott\/akilles-terrangmasterskap-maastojuoksun-mestaruuskilpailut\/\">Akilles m\u00e4sterskap i terr\u00e4ngl\u00f6pning del 2<\/a>, Jonasbacken , R\u00f6nnv\u00e4gens parkering \u2013 Pihlajatien parkkipaikka<\/p><p><strong>Maj 2023 Toukokuu<\/strong><\/p><p>L\u00f6 29.4 kl. 18.00 <a href=\"https:\/\/www.akilles.fi\/friidrott\/akilles-terrangmasterskap-maastojuoksun-mestaruuskilpailut\/\">Akilles m\u00e4sterskap i terr\u00e4ngl\u00f6pning del 3<\/a>, Borg\u00e5, Hammars<br \/>L\u00f6 29.4 <a href=\"https:\/\/www.akilles.fi\/friidrott\/akilles-terrangmasterskap-2023-maastojuoksun-mestaruuskilpailut\/\" target=\"_blank\" rel=\"noopener\">N\u00c5IDM terr\u00e4ng P\/F 9-13<\/a> Borg\u00e5, Hammars<br \/>L\u00f6 6.5\u00a0 <a href=\"http:\/\/www.akilles.fi\/friidrott\/resultatplock\">Flying Finns-terr\u00e4ng<\/a>, Helsingfors<br \/>S\u00f6 7.5\u00a0 <a href=\"https:\/\/www.akilles.fi\/friidrott\/finlandska-masterskap-suomen-mestaruuskisat\/\">FM-terr\u00e4ng<\/a>\u00a0 Helsingfors<br \/>S\u00f6 7.5 <a href=\"http:\/\/www.akilles.fi\/friidrott\/resultatplock\">Meeting NCAA TC<\/a> 7.5.2023 Nice, FRA<br \/>L\u00f6 13.5 kl. 10.00 <a href=\"https:\/\/www.akilles.fi\/friidrott\/borga-varkast-porvoon-kevatheitot\/\">Borg\u00e5 V\u00c5RKAST<\/a> Borgbackens kastplan \/ KEV\u00c4THEITOT \u00a0<br \/>Ti 16.5 <a href=\"https:\/\/www.akilles.fi\/friidrott\/resultat-koulukisat-2019-2024\/\/\">Suomenkieliset koulukisat<\/a>\u00a0\u00a0\u00a0 Porvoo<br \/>To 18.5 <a href=\"http:\/\/www.akilles.fi\/friidrott\/resultatplock\">Tour de hammer<\/a>, Vanda\/S<br \/>Fr-L\u00f6 19-20.5 <a href=\"https:\/\/stafettkarnevalen.fi\/\" target=\"_blank\" rel=\"noopener\">Stafettkarnevalen<\/a>, Hfors\/Stadion<br \/>S\u00f6 21.5 <a href=\"http:\/\/www.akilles.fi\/friidrott\/resultatplock\">Interclubs Promotion-Honneur<\/a>, Orange, FRA<br \/>Ti 23.5 <a href=\"https:\/\/www.akilles.fi\/friidrott\/resultat-skoltavling\/\">Svenska skolt\u00e4vlingarna<\/a> Borg\u00e5<br \/>L\u00f6 27.5 <a href=\"http:\/\/www.akilles.fi\/friidrott\/resultatplock\">Umekastet<\/a> Ume\u00e5, SVE<br \/>L\u00f6 27.5 <a href=\"http:\/\/www.akilles.fi\/friidrott\/resultatplock\">Nordiska m\u00e4sterskapen<\/a>, K\u00f6penhamn, DEN<br \/>L\u00f6 27.5 <a href=\"http:\/\/www.akilles.fi\/friidrott\/resultatplock\">Ifam Oordegem<\/a>, Oordgem, BEL<br \/>S\u00f6 28.5 <a href=\"http:\/\/www.akilles.fi\/friidrott\/resultatplock\">Toukokuun kisat<\/a>, H:fors\/D<br \/>M\u00e5 29.5 <a href=\"http:\/\/www.akilles.fi\/friidrott\/resultatplock\">Sibbo Energit\u00e4vling<\/a>, Kerava<br \/>On 31.5 <a href=\"http:\/\/www.akilles.fi\/friidrott\/resultatplock\">Tilastopajacup 1<\/a> i \u00c5bo<br \/>On 31.5 kl. 18 <a href=\"https:\/\/www.akilles.fi\/friidrott\/veckotavlingar-resultat-2023-viikkokisat-tulokset\/\">Veckot\u00e4vling 1 &#8211;\u00a0 Viikkokisa 1<\/a> Centralidrottsplan\/Keskuskentt\u00e4<\/p><p><strong>Juni 2023 Kes\u00e4kuu<\/strong><\/p><p>M\u00e5 5.6\u00a0 kl. 17.30 <a href=\"https:\/\/www.akilles.fi\/friidrott\/borgabarnens-olympiad-lasten-olympialaiset\/\">Borg\u00e5barnens Olympiad \/ Lasten Olympialaiset<\/a>, Centralidrottsplan\u00a0\u00a0 <br \/>Ti 6.6 <a href=\"http:\/\/www.akilles.fi\/friidrott\/resultatplock\">Tilastopajacup 2<\/a> i \u00c5bo<br \/>On 7.6\u00a0 <a href=\"http:\/\/www.akilles.fi\/friidrott\/resultatplock\" target=\"_blank\" rel=\"noopener\">Motonet GP,<\/a> Jyv\u00e4skyl\u00e4<br \/>L\u00f6 10.6 <a href=\"http:\/\/www.akilles.fi\/friidrott\/resultatplock\">Tour de hammer<\/a>, Tammela<br \/>S\u00f6 11.6 kl 11 <a href=\"https:\/\/www.akilles.fi\/friidrott\/naidm-resultat-piirim-tulokset\/\">N\u00c5ID:s pojk\/flickstafetter<\/a>, Raseborg\/Karis<br \/>Ti 13.6\u00a0 <a href=\"http:\/\/www.akilles.fi\/friidrott\/resultatplock\">Paavo Nurmi Games<\/a>, \u00c5bo<br \/>To-S\u00f6 15-18.6 <a href=\"http:\/\/www.akilles.fi\/friidrott\/resultatplock\">Youth Athletic Games<\/a>\u00a0 Nurmij\u00e4rvi<br \/>L\u00f6 17.6 <a href=\"https:\/\/www.akilles.fi\/friidrott\/resultatplock-2023-tulospoimintoja\/\">Niklas Minne<\/a>, S\u00f6derhamn SVE<br \/>M\u00e5 19.6 <a href=\"http:\/\/www.akilles.fi\/friidrott\/resultatplock\">Sibbo Energit\u00e4vling<\/a>, Kerava<br \/>Ti 20.6 <a href=\"http:\/\/www.akilles.fi\/friidrott\/resultatplock\">Hyv\u00e4n tuulen kisat<\/a>, Helsingfors\/D<br \/>On 21.6 kl. 18 <a href=\"https:\/\/www.akilles.fi\/friidrott\/foreningscupen-resultat-2023-seuracup-tulokset\/\" target=\"_blank\" rel=\"noopener\">N\u00c5ID:s F\u00f6reningscup del 1<\/a>, Borg\u00e5<br \/>On 21.6 <a href=\"http:\/\/www.akilles.fi\/friidrott\/resultatplock\">En midsommarnattsdr\u00f6m<\/a>, Lerum, SVE<br \/>M\u00e5 26.6 <a href=\"http:\/\/www.akilles.fi\/friidrott\/resultatplock\">Lival-Games<\/a>, Sibbo\/Nickby<br \/>Ti 27.6 kl. 18 <a href=\"https:\/\/www.akilles.fi\/friidrott\/veckotavlingar-resultat-2023-viikkokisat-tulokset\/\">Veckot\u00e4vling 2 &#8211; Viikkokisa 2<\/a> Centralidrottsplan \/ Keskuskentt\u00e4<br \/>To 29.6 <a href=\"https:\/\/www.akilles.fi\/friidrott\/resultatplock-2023-tulospoimintoja\/\">Sprint och h\u00e4ckkarneval<\/a>, J\u00e4ms\u00e4\/J<br \/>To 29.6 <a href=\"http:\/\/www.akilles.fi\/friidrott\/resultatplock\">Sl\u00e4ggkarnevalen<\/a>, Kaustby<\/p><p><strong>Juli 2023 Hein\u00e4kuu<\/strong><\/p><p>M\u00e5 3.7 kl. 18.00\u00a0<a href=\"https:\/\/www.akilles.fi\/friidrott\/borga-stavcup-2023-porvoon-seivascup\/\"> Borg\u00e5 Stavcup 1\u00a0<\/a> f\u00f6r 9-19 \u00e5r<br \/>Ti 4.7 <a href=\"http:\/\/www.akilles.fi\/friidrott\/resultatplock\">Mondo my\u00f6t\u00e4tuuli kisat<\/a>, Villmanstrand<br \/><strong>L\u00f6-S\u00f6 8-9.7 <a href=\"https:\/\/www.akilles.fi\/friidrott\/sfim-resultat\/\">SFI m\u00e4sterskapen (H\/D, H\/D17, P\/F15)<\/a><\/strong><strong> \u00c5bo<br \/><\/strong>L\u00f6-S\u00f6 8-9.7 <a href=\"http:\/\/www.akilles.fi\/friidrott\/resultatplock\">Kouvola Junior Games<\/a>, Kouvola<br \/>Ti-On 11-12.7 <a href=\"https:\/\/www.akilles.fi\/friidrott\/regionm-resultat-aluem-tulokset\/\">RegionM Herrar\/Damer, ALueM Miehet\/Naiset<\/a>, Lahtis<br \/>L\u00f6-S\u00f6 15-16.7 <a href=\"http:\/\/www.akilles.fi\/friidrott\/resultatplock\">Janakkala Games<\/a>, Janakkala<br \/>On 19.7 <a href=\"http:\/\/www.akilles.fi\/friidrott\/resultatplock\">Motonet GP<\/a><strong>, <\/strong>Villmanstrand<br \/>On 19.7 kl. 18 <a href=\"https:\/\/www.akilles.fi\/friidrott\/naids-mangkamp-p-f-9-13-ar-19-7-2023\/\">N\u00c5IDM m\u00e5ngkamp 9-13 \u00e5r<\/a> <br \/><a href=\"https:\/\/www.akilles.fi\/friidrott\/naidm-resultat-piirim-tulokset\/\">Akilles m\u00e4sterskap 1 m\u00e5ngkamp<\/a> 7-15 \u00e5r\u00a0 Centralidrottsplan Borg\u00e5<br \/>Fr-S\u00f6 21-23.7 <a href=\"http:\/\/www.akilles.fi\/friidrott\/resultatplock\">Lohja Junior Games<\/a>, Lojo<strong><br \/><\/strong>Ti 25.7 kl. 18.00 <a href=\"https:\/\/www.akilles.fi\/friidrott\/borga-slaggtavlingar-2023-porvoon-moukarikisat\/\">Borg\u00e5 sl\u00e4ggt\u00e4vling 1 \u2013 Porvoon Moukarikisa 1<\/a>, Borgbackens kastplan \/ Linnanm\u00e4en heittokentt\u00e4<strong><br \/><\/strong>Ti 25.7 <a href=\"http:\/\/www.akilles.fi\/friidrott\/resultatplock\">Tilastopajacup 5<\/a> i \u00c5bo<strong><br \/><\/strong>Ti-On 25-26.7 <a href=\"https:\/\/www.akilles.fi\/friidrott\/regionm-resultat-aluem-tulokset\/\">RegionM P\/F 14-15, AlueM P\/T14-15<\/a> Hfors\/D<br \/>To-S\u00f6 27-30.7 <a href=\"https:\/\/www.akilles.fi\/friidrott\/finlandska-masterskap-suomen-mestaruuskisat\/\">Kalevan kisat<\/a>, Lahtis<\/p><p><strong>Augusti 2023 Elokuu<\/strong><\/p><p>Ti 1.8 kl. 18 <a href=\"https:\/\/www.akilles.fi\/friidrott\/veckotavlingar-resultat-2023-viikkokisat-tulokset\/\">Veckot\u00e4vling 3 \/ Viikkokisa 3<\/a>, och Akilles m\u00e4sterskap del 2 p\u00e5 Centralidrottsplan<br \/>Ti-On 1-2.8 kl. 17\u00a0 <a href=\"https:\/\/www.akilles.fi\/friidrott\/regionm-resultat-aluem-tulokset\/\">RegionM H\/D 17-19, AlueM M\/N 17-19<\/a> Vanda Sandkulla<br \/>Fr-S\u00f6 4-6.8 \u00a0<a href=\"https:\/\/www.akilles.fi\/friidrott\/finlandska-masterskap-suomen-mestaruuskisat\/\" target=\"_blank\" rel=\"noopener\">FM P\/F 14, 15 \u2013 SM P\/T 14, 15<\/a>, Imatra<br \/>M\u00e5 8.8 kl 18.00\u00a0 <a href=\"https:\/\/www.akilles.fi\/friidrott\/foreningscupen-resultat-2023-seuracup-tulokset\/\">N\u00c5ID:s F\u00f6reningscup del 2<\/a>, N\u00c5ID:in seuracup 2, Raseborg<br \/>Ti 8.8 <a href=\"http:\/\/www.akilles.fi\/friidrott\/resultatplock\">Motonet GP<\/a>, Tammerfors<br \/><strong>On 9.8 kl. 17.30 <a href=\"https:\/\/www.akilles.fi\/friidrott\/topgames-sprint-2023\/\">TOPGAMES Sprint<\/a><\/strong><br \/>Fr-S\u00f6 11-13.8\u00a0 <a href=\"https:\/\/www.akilles.fi\/friidrott\/finlandska-masterskap-suomen-mestaruuskisat\/\" target=\"_blank\" rel=\"noopener\">FM H\/D 16, 17 \u2013 SM M\/N 16, 17<\/a>, Kuortane<br \/>M\u00e5 14.8 kl. 17.30 <a href=\"https:\/\/www.akilles.fi\/friidrott\/borga-stavcup-2023-porvoon-seivascup\/\">Borg\u00e5 Stavcup del 2<\/a> (9-19 \u00e5r), Borg\u00e5\u00a0 Akilles m\u00e4sterskap 3<br \/>On 16.8 kl. 17.30 <a href=\"https:\/\/www.akilles.fi\/friidrott\/vasakisa-resultat-vasakisa-tulokset\/\"><strong>Vasakisa<\/strong>\u00a0<\/a> (Akilles, PU, Uusimaa)<br \/>L\u00f6 19.8 kl. 11 <a href=\"https:\/\/www.akilles.fi\/friidrott\/borga-topgames-porvoon-huippukisat\/\">VBO BORG\u00c5 TOPGAMES \/ VBO PORVOON HUIPPUKISAT<\/a>, Borg\u00e5<br \/>L\u00f6-S\u00f6 19-20.8 <a href=\"https:\/\/www.akilles.fi\/friidrott\/finlandska-masterskap-suomen-mestaruuskisat\/\">FM i m\u00e5ngkamp H\/D22-H\/D19-H\/D17, P\/F14-P\/F15<\/a> Saarij\u00e4rvi &amp; \u00c4\u00e4nekoski<br \/>On 23.8 kl. 18.00 <a href=\"https:\/\/www.akilles.fi\/friidrott\/veckotavlingar-resultat-2023-viikkokisat-tulokset\/\">Veckot\u00e4vling 4 \/ Viikkokisa 4<\/a>, Akilles m\u00e4sterskap 4 p\u00e5 Centralidrottsplan<br \/>Fr-S\u00f6 25.27.8 <a href=\"https:\/\/www.akilles.fi\/friidrott\/finlandska-masterskap-suomen-mestaruuskisat\/\">FM H\/D 19, 22 \/ SM M\/N19-22<\/a>, Tammerfors<br \/>L\u00f6-S\u00f6 26-27.8 <a href=\"https:\/\/www.akilles.fi\/friidrott\/naidm-resultat-piirim-tulokset\/\">N\u00c5ID pojk\/flickdagar 9-13 \u00e5r<\/a>, Raseborg\/K<br \/>M\u00e5 28.8 kl. 18 Akilles m\u00e4sterskap 5 p\u00e5 Centralidrottsplan<span style=\"color: #ff0000;\"> Inhiberad -Perutettu<\/span><br \/>On 30.8 kl. 17.30 <a href=\"https:\/\/www.akilles.fi\/friidrott\/borga-stavcup-2023-porvoon-seivascup\/\">Borg\u00e5 Stavcup del 3<\/a>(F\/P 9-13 \u00e5r, F\/P 14-15) p\u00e5 Centralidrottsplan<br \/>Ti-On 29-30.8 <a href=\"https:\/\/www.akilles.fi\/friidrott\/regionm-resultat-aluem-tulokset\/\">S\u00f6dra och Syd\u00f6stra RM stafett H\/D, H\/D 17-19 \u2013 Etel\u00e4isen ja Kaakkoisen AM-viestit<\/a> Riihim\u00e4ki<\/p><p><strong>September 2023 Syyskuu<br \/><\/strong>L\u00f6-S\u00f6 2-3.9 <a href=\"https:\/\/www.akilles.fi\/friidrott\/resultatplock-2023-tulospoimintoja\/\">FIN \u2013 SVE landskamp H\/D, H\/D17<\/a>, Stockholm<br \/>M\u00e5 4.9 kl. 18 <a href=\"https:\/\/www.akilles.fi\/friidrott\/akilles-masterskap-2023-resultat-mestaruuskisat-tulokset\/\">Akilles m\u00e4sterskap 6<\/a> p\u00e5 Centralidrottsplan\u00a0\u00a0 <br \/>On 6.9 kl. 18 <a href=\"https:\/\/www.akilles.fi\/friidrott\/akilles-masterskap-2023-resultat-mestaruuskisat-tulokset\/\">Akilles m\u00e4sterskap 7<\/a> p\u00e5 Centralidrottsplan\u00a0\u00a0 <br \/>L\u00f6-S\u00f6 9-10.9 <a href=\"https:\/\/www.akilles.fi\/friidrott\/finlandska-masterskap-suomen-mestaruuskisat\/\" target=\"_blank\" rel=\"noopener\">FM-stafett \u2013 SM-viestit<\/a>, \u00c5bo<br \/>M\u00e5 11.9 kl. 17.00 <a href=\"https:\/\/www.akilles.fi\/friidrott\/borga-slaggtavlingar-2023-porvoon-moukarikisat\/\">Borg\u00e5 h\u00f6stsl\u00e4gga \u2013 Porvoon syysmoukari \u00a0 Akilles m\u00e4sterskap 8<\/a> (sl\u00e4gga), Borgbackens kastplan \/ Linnanm\u00e4en heittokentt\u00e4<br \/>S\u00f6 17.9 <a href=\"https:\/\/www.akilles.fi\/friidrott\/naidm-resultat-piirim-tulokset\/\">N\u00c5ID:s P\/F m\u00e5ngkamp (9-13\u00e5r)<\/a>, Hfors\/D<\/p><\/div><\/div><\/div><\/div><\/div><\/div>\t\t\t\t\t\t\t\t<\/div>\n\t\t\t\t<\/div>\n\t\t\t\t\t<\/div>\n\t\t<\/div>\n\t\t\t\t<div class=\"elementor-column elementor-col-50 elementor-inner-column elementor-element elementor-element-bd952ea\" data-id=\"bd952ea\" data-element_type=\"column\">\n\t\t\t<div class=\"elementor-widget-wrap elementor-element-populated\">\n\t\t\t\t\t\t<div class=\"elementor-element elementor-element-c055b24 elementor-widget elementor-widget-text-editor\" data-id=\"c055b24\" data-element_type=\"widget\" data-widget_type=\"text-editor.default\">\n\t\t\t\t<div class=\"elementor-widget-container\">\n\t\t\t\t\t\t\t\t\t<p><a href=\"https:\/\/www.akilles.fi\/friidrott\/resultat-2022-tulokset-2022\"><span class=\"components-visually-hidden bda-ee-ddc-b-dada-0 e19lxcc00\" data-wp-c16t=\"true\" data-wp-component=\"VisuallyHidden\">Resultat 2022 &#8211; Tulokset 2022<\/span><\/a><\/p><p><a href=\"https:\/\/www.akilles.fi\/friidrott\/resultat-2022-tulokset-2022\/\">Resultat 2021 &#8211; Tulokset 2021<\/a><\/p><p><a href=\"https:\/\/www.akilles.fi\/friidrott\/resultat-2020-tulokset\/\">Resultat 2020 &#8211; Tulokset 2020<\/a><\/p><p><a href=\"http:\/\/www.akilles.fi\/friidrott\/resultat-2019-tulokset\/\">Resultat 2019 &#8211; Tulokset 2019<\/a><\/p>\t\t\t\t\t\t\t\t<\/div>\n\t\t\t\t<\/div>\n\t\t\t\t\t<\/div>\n\t\t<\/div>\n\t\t\t\t\t<\/div>\n\t\t<\/section>\n\t\t\t\t\t<\/div>\n\t\t<\/div>\n\t\t\t\t\t<\/div>\n\t\t<\/section>\n\t\t\t\t<\/div>\n\t\t","protected":false},"excerpt":{"rendered":"<p>Januari 2023 Tammikuu L\u00f6 21.1 N\u00c5ID \u00f6ppna hall F\/P 9-15 \u00e5r, H:fors, Kvarnb\u00e4ckenS\u00f6 22.1 N\u00c5ID \u00f6ppna hall DM D\/H, D\/H19, D\/H17, H:fors, Kvarnb\u00e4ckenL\u00f6 28.1 Av. Helsyn hallit 1 (H, H19, H17, D, D19, D17) H:fors, Kvarnb\u00e4cken Februari 2023 Helmikuu L\u00f6 4.2 Av. Helsyn hallit 2\u00a0(H, H19, H17, D, D19, D17) H:fors, Kvarnb\u00e4ckenL\u00f6-S\u00f6 18-19.2 Hall-FM H\/D [&hellip;]<\/p>\n","protected":false},"author":3,"featured_media":0,"parent":0,"menu_order":0,"comment_status":"closed","ping_status":"closed","template":"","meta":{"_crdt_document":"","footnotes":""},"class_list":["post-21493","page","type-page","status-publish","hentry"],"yoast_head":"<!-- This site is optimized with the Yoast SEO plugin v26.8 - https:\/\/yoast.com\/product\/yoast-seo-wordpress\/ -->\n<title>Resultat 2023 - Tulokset 2023 - Friidrott - Yleisurheilu<\/title>\n<meta name=\"robots\" content=\"index, follow, max-snippet:-1, max-image-preview:large, max-video-preview:-1\" \/>\n<link rel=\"canonical\" href=\"https:\/\/www.akilles.fi\/friidrott\/resultat-2023-tulokset-2023\/\" \/>\n<meta property=\"og:locale\" content=\"sv_SE\" \/>\n<meta property=\"og:type\" content=\"article\" \/>\n<meta property=\"og:title\" content=\"Resultat 2023 - Tulokset 2023 - Friidrott - Yleisurheilu\" \/>\n<meta property=\"og:description\" content=\"Januari 2023 Tammikuu L\u00f6 21.1 N\u00c5ID \u00f6ppna hall F\/P 9-15 \u00e5r, H:fors, Kvarnb\u00e4ckenS\u00f6 22.1 N\u00c5ID \u00f6ppna hall DM D\/H, D\/H19, D\/H17, H:fors, Kvarnb\u00e4ckenL\u00f6 28.1 Av. Helsyn hallit 1 (H, H19, H17, D, D19, D17) H:fors, Kvarnb\u00e4cken Februari 2023 Helmikuu L\u00f6 4.2 Av. Helsyn hallit 2\u00a0(H, H19, H17, D, D19, D17) H:fors, Kvarnb\u00e4ckenL\u00f6-S\u00f6 18-19.2 Hall-FM H\/D [&hellip;]\" \/>\n<meta property=\"og:url\" content=\"https:\/\/www.akilles.fi\/friidrott\/resultat-2023-tulokset-2023\/\" \/>\n<meta property=\"og:site_name\" content=\"Friidrott - Yleisurheilu\" \/>\n<meta property=\"article:modified_time\" content=\"2025-04-16T17:46:24+00:00\" \/>\n<meta name=\"twitter:card\" content=\"summary_large_image\" \/>\n<meta name=\"twitter:label1\" content=\"Ber\u00e4knad l\u00e4stid\" \/>\n\t<meta name=\"twitter:data1\" content=\"4 minuter\" \/>\n<script type=\"application\/ld+json\" class=\"yoast-schema-graph\">{\"@context\":\"https:\/\/schema.org\",\"@graph\":[{\"@type\":\"WebPage\",\"@id\":\"https:\/\/www.akilles.fi\/friidrott\/resultat-2023-tulokset-2023\/\",\"url\":\"https:\/\/www.akilles.fi\/friidrott\/resultat-2023-tulokset-2023\/\",\"name\":\"Resultat 2023 - Tulokset 2023 - Friidrott - Yleisurheilu\",\"isPartOf\":{\"@id\":\"https:\/\/www.akilles.fi\/friidrott\/#website\"},\"datePublished\":\"2024-01-20T16:09:58+00:00\",\"dateModified\":\"2025-04-16T17:46:24+00:00\",\"breadcrumb\":{\"@id\":\"https:\/\/www.akilles.fi\/friidrott\/resultat-2023-tulokset-2023\/#breadcrumb\"},\"inLanguage\":\"sv-SE\",\"potentialAction\":[{\"@type\":\"ReadAction\",\"target\":[\"https:\/\/www.akilles.fi\/friidrott\/resultat-2023-tulokset-2023\/\"]}]},{\"@type\":\"BreadcrumbList\",\"@id\":\"https:\/\/www.akilles.fi\/friidrott\/resultat-2023-tulokset-2023\/#breadcrumb\",\"itemListElement\":[{\"@type\":\"ListItem\",\"position\":1,\"name\":\"Home\",\"item\":\"https:\/\/www.akilles.fi\/friidrott\/\"},{\"@type\":\"ListItem\",\"position\":2,\"name\":\"Resultat 2023 &#8211; Tulokset 2023\"}]},{\"@type\":\"WebSite\",\"@id\":\"https:\/\/www.akilles.fi\/friidrott\/#website\",\"url\":\"https:\/\/www.akilles.fi\/friidrott\/\",\"name\":\"Friidrott - Yleisurheilu\",\"description\":\"Borg\u00e5 Akilles Friidrott- Porvoon Akilles Yleisurheilu\",\"potentialAction\":[{\"@type\":\"SearchAction\",\"target\":{\"@type\":\"EntryPoint\",\"urlTemplate\":\"https:\/\/www.akilles.fi\/friidrott\/?s={search_term_string}\"},\"query-input\":{\"@type\":\"PropertyValueSpecification\",\"valueRequired\":true,\"valueName\":\"search_term_string\"}}],\"inLanguage\":\"sv-SE\"}]}<\/script>\n<!-- \/ Yoast SEO plugin. -->","yoast_head_json":{"title":"Resultat 2023 - Tulokset 2023 - Friidrott - Yleisurheilu","robots":{"index":"index","follow":"follow","max-snippet":"max-snippet:-1","max-image-preview":"max-image-preview:large","max-video-preview":"max-video-preview:-1"},"canonical":"https:\/\/www.akilles.fi\/friidrott\/resultat-2023-tulokset-2023\/","og_locale":"sv_SE","og_type":"article","og_title":"Resultat 2023 - Tulokset 2023 - Friidrott - Yleisurheilu","og_description":"Januari 2023 Tammikuu L\u00f6 21.1 N\u00c5ID \u00f6ppna hall F\/P 9-15 \u00e5r, H:fors, Kvarnb\u00e4ckenS\u00f6 22.1 N\u00c5ID \u00f6ppna hall DM D\/H, D\/H19, D\/H17, H:fors, Kvarnb\u00e4ckenL\u00f6 28.1 Av. Helsyn hallit 1 (H, H19, H17, D, D19, D17) H:fors, Kvarnb\u00e4cken Februari 2023 Helmikuu L\u00f6 4.2 Av. Helsyn hallit 2\u00a0(H, H19, H17, D, D19, D17) H:fors, Kvarnb\u00e4ckenL\u00f6-S\u00f6 18-19.2 Hall-FM H\/D [&hellip;]","og_url":"https:\/\/www.akilles.fi\/friidrott\/resultat-2023-tulokset-2023\/","og_site_name":"Friidrott - Yleisurheilu","article_modified_time":"2025-04-16T17:46:24+00:00","twitter_card":"summary_large_image","twitter_misc":{"Ber\u00e4knad l\u00e4stid":"4 minuter"},"schema":{"@context":"https:\/\/schema.org","@graph":[{"@type":"WebPage","@id":"https:\/\/www.akilles.fi\/friidrott\/resultat-2023-tulokset-2023\/","url":"https:\/\/www.akilles.fi\/friidrott\/resultat-2023-tulokset-2023\/","name":"Resultat 2023 - Tulokset 2023 - Friidrott - Yleisurheilu","isPartOf":{"@id":"https:\/\/www.akilles.fi\/friidrott\/#website"},"datePublished":"2024-01-20T16:09:58+00:00","dateModified":"2025-04-16T17:46:24+00:00","breadcrumb":{"@id":"https:\/\/www.akilles.fi\/friidrott\/resultat-2023-tulokset-2023\/#breadcrumb"},"inLanguage":"sv-SE","potentialAction":[{"@type":"ReadAction","target":["https:\/\/www.akilles.fi\/friidrott\/resultat-2023-tulokset-2023\/"]}]},{"@type":"BreadcrumbList","@id":"https:\/\/www.akilles.fi\/friidrott\/resultat-2023-tulokset-2023\/#breadcrumb","itemListElement":[{"@type":"ListItem","position":1,"name":"Home","item":"https:\/\/www.akilles.fi\/friidrott\/"},{"@type":"ListItem","position":2,"name":"Resultat 2023 &#8211; Tulokset 2023"}]},{"@type":"WebSite","@id":"https:\/\/www.akilles.fi\/friidrott\/#website","url":"https:\/\/www.akilles.fi\/friidrott\/","name":"Friidrott - Yleisurheilu","description":"Borg\u00e5 Akilles Friidrott- Porvoon Akilles Yleisurheilu","potentialAction":[{"@type":"SearchAction","target":{"@type":"EntryPoint","urlTemplate":"https:\/\/www.akilles.fi\/friidrott\/?s={search_term_string}"},"query-input":{"@type":"PropertyValueSpecification","valueRequired":true,"valueName":"search_term_string"}}],"inLanguage":"sv-SE"}]}},"_links":{"self":[{"href":"https:\/\/www.akilles.fi\/friidrott\/wp-json\/wp\/v2\/pages\/21493","targetHints":{"allow":["GET"]}}],"collection":[{"href":"https:\/\/www.akilles.fi\/friidrott\/wp-json\/wp\/v2\/pages"}],"about":[{"href":"https:\/\/www.akilles.fi\/friidrott\/wp-json\/wp\/v2\/types\/page"}],"author":[{"embeddable":true,"href":"https:\/\/www.akilles.fi\/friidrott\/wp-json\/wp\/v2\/users\/3"}],"replies":[{"embeddable":true,"href":"https:\/\/www.akilles.fi\/friidrott\/wp-json\/wp\/v2\/comments?post=21493"}],"version-history":[{"count":10,"href":"https:\/\/www.akilles.fi\/friidrott\/wp-json\/wp\/v2\/pages\/21493\/revisions"}],"predecessor-version":[{"id":26765,"href":"https:\/\/www.akilles.fi\/friidrott\/wp-json\/wp\/v2\/pages\/21493\/revisions\/26765"}],"wp:attachment":[{"href":"https:\/\/www.akilles.fi\/friidrott\/wp-json\/wp\/v2\/media?parent=21493"}],"curies":[{"name":"wp","href":"https:\/\/api.w.org\/{rel}","templated":true}]}}