{"id":5501,"date":"2020-09-03T13:08:23","date_gmt":"2020-09-03T13:08:23","guid":{"rendered":"http:\/\/www.akilles.fi\/friidrott\/?page_id=5501"},"modified":"2022-08-08T07:52:13","modified_gmt":"2022-08-08T07:52:13","slug":"borga-slaggtavlingar-porvoon-moukarikisat","status":"publish","type":"page","link":"https:\/\/www.akilles.fi\/friidrott\/borga-slaggtavlingar-porvoon-moukarikisat\/","title":{"rendered":"Borg\u00e5 Sl\u00e4ggt\u00e4vlingar 2020 &#8211; Porvoon Moukarikisat"},"content":{"rendered":"\t\t<div data-elementor-type=\"wp-page\" data-elementor-id=\"5501\" class=\"elementor elementor-5501\" data-elementor-post-type=\"page\">\n\t\t\t\t\t\t<section class=\"elementor-section elementor-top-section elementor-element elementor-element-4da4af3 elementor-section-boxed elementor-section-height-default elementor-section-height-default\" data-id=\"4da4af3\" data-element_type=\"section\">\n\t\t\t\t\t\t<div class=\"elementor-container elementor-column-gap-default\">\n\t\t\t\t\t<div class=\"elementor-column elementor-col-33 elementor-top-column elementor-element elementor-element-ff050ce\" data-id=\"ff050ce\" data-element_type=\"column\">\n\t\t\t<div class=\"elementor-widget-wrap elementor-element-populated\">\n\t\t\t\t\t\t<div class=\"elementor-element elementor-element-11b4901 elementor-widget elementor-widget-text-editor\" data-id=\"11b4901\" data-element_type=\"widget\" data-widget_type=\"text-editor.default\">\n\t\t\t\t<div class=\"elementor-widget-container\">\n\t\t\t\t\t\t\t\t\t<p><strong>Sl\u00e4ggt\u00e4vling i Borg\u00e5 1 \/ Porvoon moukari 1<\/strong><br \/>Borg\u00e5 Akilles 09.07.2020<\/p><p>N Moukari<br \/>1) Jenna Sorvari Borg\u00e5Ak 49,49 <br \/>x x x 49,49 x x<\/p><p>P11 Moukari<br \/>1) Rami Leminen HeinI 18,06 <br \/>16,16 18,06 15,61 x 15,17 15,28 <br \/>2) Oliver Liljendal Borg\u00e5Ak 15,39 <br \/>15,38 15,39 x 13,78 14,48 x<\/p><p>T13 Moukari<br \/>Loppukilpailu<br \/>1) Kiira Johansson HeinI 33,95 <br \/>30,55 29,37 33,52 32,99 33,57 33,95 <br \/>2) Ida Stenfors IFSibboV 29,39 <br \/>25,92 x 24,19 27,44 26,70 29,39<\/p><p>P13 Moukari<br \/>1) Albert Isaksson Borg\u00e5Ak 30,77 <br \/>30,37 29,73 x 25,52 30,77 30,76<\/p><p>T15 Moukari<br \/>1) Amalia Lind\u00e9n Borg\u00e5Ak 43,00 <br \/>x 42,21 x 38,75 43,00 41,40 <br \/>2) Melina Lundqvist Borg\u00e5Ak 40,06 <br \/>38,93 x 40,06 x x x <br \/>3) Sinja Johansson LahdA 38,15 <br \/>38,15 x x x 37,69 x<\/p><p>P15 Moukari<br \/>1) Filip Wikholm IFRaseb 56,22 <br \/>56,22 x 54,18 54,70 56,19 x <br \/>2) Samuel Puustinen Borg\u00e5Ak 54,38 <br \/>54,38 x 51,83 x x 49,46 <br \/>3) Onni Rustholkarhu LahdA 51,25 <br \/>51,25 50,15 x 49,68 49,47 48,40 <br \/>4) Pyry Selin LahdA 36,12 <br \/>x x 31,87 36,12 x x <br \/>5) Akseli Helminen LahdA 34,19 <br \/>34,19 x x 32,11 31,58 x<\/p><p>N17 Moukari<br \/>1) Senja Pantti Borg\u00e5Ak 47,63 <br \/>47,63 46,17 46,59 44,45 x 45,95 <br \/>2) Sara Puustinen Borg\u00e5Ak 44,62 <br \/>39,74 41,34 x 44,62 x x <br \/>3) Emma Backlund Borg\u00e5Ak 44,07 <br \/>x 43,66 x 43,53 42,88 44,07 <br \/>4) Siru Myllykangas HeinI 40,86 <br \/>x 38,37 37,35 40,34 x 40,86 <br \/>5) Sofia Wahlstedt Borg\u00e5Ak 40,40 <br \/>40,40 36,71 37,35 38,86 x 37,94<\/p><p>M17 Moukari<br \/>1) Aron Johansson Borg\u00e5Ak 35,73 <br \/>x x 35,51 35,73 35,00 x<\/p><p>N19 Moukari<br \/>1) Emma Uosukainen EsboIF 48,16 <br \/>x x x x 48,16 x <br \/>2) Emma P\u00e4\u00e4kk\u00f6 VahdTui 46,76 <br \/>x 43,22 46,76 42,66 x x <br \/>3) Iida Uosukainen EsboIF 44,16 <br \/>x 41,73 x 44,16 41,42 x<\/p>\t\t\t\t\t\t\t\t<\/div>\n\t\t\t\t<\/div>\n\t\t\t\t\t<\/div>\n\t\t<\/div>\n\t\t\t\t<div class=\"elementor-column elementor-col-33 elementor-top-column elementor-element elementor-element-89a05ba\" data-id=\"89a05ba\" data-element_type=\"column\">\n\t\t\t<div class=\"elementor-widget-wrap elementor-element-populated\">\n\t\t\t\t\t\t<div class=\"elementor-element elementor-element-3a235a0 elementor-widget elementor-widget-text-editor\" data-id=\"3a235a0\" data-element_type=\"widget\" data-widget_type=\"text-editor.default\">\n\t\t\t\t<div class=\"elementor-widget-container\">\n\t\t\t\t\t\t\t\t\t<p><strong>Sl\u00e4ggt\u00e4vling i Borg\u00e5 2 \/ Porvoon moukari 2<\/strong><br \/>Borg\u00e5 Akilles 27.08.2020<\/p><p>T11 Moukari<br \/>1) Mira Montonen NurmijYU 21,05 <br \/>21,05 x x 18,06 16,21 x<\/p><p>P11 Moukari<br \/>1) Oliver Liljendal Borg\u00e5Ak 15,96 <br \/>15,96 x 12,81 x x x <br \/>2) Aleksei Vikulov Borg\u00e5Ak 14,81 <br \/>10,94 x x 13,52 14,81 11,85<\/p><p>T13 Moukari<br \/>1) Emilia Liljendal Borg\u00e5Ak 17,49 <br \/>x 17,49 14,99 x 15,44 x<\/p><p>P13 Moukari<br \/>1) Albert Isaksson Borg\u00e5Ak 35,54 <br \/>33,70 29,95 x 28,41 35,54 x <br \/>2) Jimi Sorvari Borg\u00e5Ak 25,58 <br \/>24,35 25,35 x 25,58 x 25,23<\/p><p>T15 Moukari<br \/>1) Melina Lundqvist Borg\u00e5Ak 41,29 <br \/>x 41,29 x 41,02 x x <br \/>2) Erika Tanninen KU-58 33,89 <br \/>33,89 x x x 31,93 x<\/p><p>P15 Moukari<br \/>1) Samuel Puustinen Borg\u00e5Ak 60,03 <br \/>60,03 58,62 58,40 x x x<\/p><p>N17 Moukari<br \/>1) Emma Backlund Borg\u00e5Ak 49,02 <br \/>x 43,29 49,02 44,70 x x <br \/>2) Senja Pantti Borg\u00e5Ak 47,73 <br \/>47,73 x 47,19 x 45,96 45,26 <br \/>3) Sofia Wahlstedt Borg\u00e5Ak 44,21 <br \/>x 44,21 40,63 38,88 43,55 37,66<\/p><p>M17 Moukari<br \/>1) Aron Johansson Borg\u00e5Ak 44,19 <br \/>x 44,19 42,32 x x 42,78<\/p><p>\u00a0<\/p>\t\t\t\t\t\t\t\t<\/div>\n\t\t\t\t<\/div>\n\t\t\t\t\t<\/div>\n\t\t<\/div>\n\t\t\t\t<div class=\"elementor-column elementor-col-33 elementor-top-column elementor-element elementor-element-7e04d70\" data-id=\"7e04d70\" data-element_type=\"column\">\n\t\t\t<div class=\"elementor-widget-wrap elementor-element-populated\">\n\t\t\t\t\t\t<div class=\"elementor-element elementor-element-93b770d elementor-widget elementor-widget-text-editor\" data-id=\"93b770d\" data-element_type=\"widget\" data-widget_type=\"text-editor.default\">\n\t\t\t\t<div class=\"elementor-widget-container\">\n\t\t\t\t\t\t\t\t\t<p><strong>H\u00f6stt\u00e4vling sl\u00e4ggkast i Borg\u00e5 \/ Porvoon Syysmoukari<\/strong><br \/>Borg\u00e5 Akilles 10.09.2020<\/p><p>F11 Sl\u00e4gga &#8211; T11 Moukari<br \/>1) Mira Montonen NurmijYU 21,06 <br \/>x 19,24 21,06 20,57 x x<\/p><p>P11 Sl\u00e4gga &#8211; P11 Moukari<br \/>1) Aleksei Vikulov Borg\u00e5Ak 17,16 <br \/>17,16 x 14,57 10,00 15,23 14,66 <br \/>2) Tobias Isaksson Borg\u00e5Ak 14,50 <br \/>12,78 11,97 14,50 13,32 x 11,31 <br \/>3) Oliver Liljendal Borg\u00e5Ak 12,28 <br \/>10,86 12,28 x 12,04 x x<\/p><p>F13 Sl\u00e4gga &#8211; T13 Moukari<br \/>1) Jessica Bj\u00f6rksten LiljIK 35,69 <br \/>x x 32,50 33,39 34,54 35,69 <br \/>2) Emilia Liljendal Borg\u00e5Ak 19,36 <br \/>12,93 x 16,42 x 18,83 19,36<\/p><p>P13 Sl\u00e4gga &#8211; P13 Moukari<br \/>1) Albert Isaksson Borg\u00e5Ak 26,43 <br \/>x 26,43 x x x x<\/p><p>F15 Sl\u00e4gga &#8211; T15 Moukari<br \/>1) Melina Lundqvist Borg\u00e5Ak 41,81 <br \/>41,81 x x x x x <br \/>2) Erika Tanninen KU-58 31,32 <br \/>x x 28,81 x 31,32 x <br \/>3) Wilma Simonen KU-58 30,84 <br \/>30,84 x 29,78 30,28 x x<\/p><p>P15 Sl\u00e4gga &#8211; P15 Moukari<br \/>1) Samuel Puustinen Borg\u00e5Ak 56,23 <br \/>52,66 x 56,23 x x &#8211; <br \/>2) Pyry Selin LahdA 39,67 <br \/>37,44 39,67 38,78 x 37,34 x<\/p><p>H17 Sl\u00e4gga &#8211; N17 Moukari<br \/>1) Senja Pantti Borg\u00e5Ak 45,55 <br \/>x 44,62 44,14 x x 45,55 <br \/>2) Emma Backlund Borg\u00e5Ak 44,07 <br \/>x 43,38 x 44,07 41,69 41,44 <br \/>3) Sofia Wahlstedt Borg\u00e5Ak 42,54 <br \/>42,38 42,54 x x x x<br \/><br \/>M17 Moukari<br \/>1) Samuel Puustinen Borg\u00e5Ak 44,55 <br \/>x 42,13 44,55 x x 44,40 <br \/>2) Aron Johansson Borg\u00e5Ak 42,12 <br \/>x 40,17 38,77 40,21 x 42,12 <br \/>3) Pyry Selin LahdA 31,97 <br \/>29,90 31,97 31,67 x x x<\/p>\t\t\t\t\t\t\t\t<\/div>\n\t\t\t\t<\/div>\n\t\t\t\t\t<\/div>\n\t\t<\/div>\n\t\t\t\t\t<\/div>\n\t\t<\/section>\n\t\t\t\t<\/div>\n\t\t","protected":false},"excerpt":{"rendered":"<p>Sl\u00e4ggt\u00e4vling i Borg\u00e5 1 \/ Porvoon moukari 1 Borg\u00e5 Akilles 09.07.2020 N Moukari 1) Jenna Sorvari Borg\u00e5Ak 49,49 x x x 49,49 x x P11 Moukari 1) Rami Leminen HeinI 18,06 16,16 18,06 15,61 x 15,17 15,28 2) Oliver Liljendal Borg\u00e5Ak 15,39 15,38 15,39 x 13,78 14,48 x T13 Moukari Loppukilpailu 1) Kiira Johansson HeinI [&hellip;]<\/p>\n","protected":false},"author":3,"featured_media":0,"parent":0,"menu_order":0,"comment_status":"closed","ping_status":"closed","template":"","meta":{"_crdt_document":"","footnotes":""},"class_list":["post-5501","page","type-page","status-publish","hentry"],"yoast_head":"<!-- This site is optimized with the Yoast SEO plugin v26.8 - https:\/\/yoast.com\/product\/yoast-seo-wordpress\/ -->\n<title>Borg\u00e5 Sl\u00e4ggt\u00e4vlingar 2020 - Porvoon Moukarikisat - Friidrott - Yleisurheilu<\/title>\n<meta name=\"robots\" content=\"index, follow, max-snippet:-1, max-image-preview:large, max-video-preview:-1\" \/>\n<link rel=\"canonical\" href=\"https:\/\/www.akilles.fi\/friidrott\/borga-slaggtavlingar-porvoon-moukarikisat\/\" \/>\n<meta property=\"og:locale\" content=\"sv_SE\" \/>\n<meta property=\"og:type\" content=\"article\" \/>\n<meta property=\"og:title\" content=\"Borg\u00e5 Sl\u00e4ggt\u00e4vlingar 2020 - Porvoon Moukarikisat - Friidrott - Yleisurheilu\" \/>\n<meta property=\"og:description\" content=\"Sl\u00e4ggt\u00e4vling i Borg\u00e5 1 \/ Porvoon moukari 1 Borg\u00e5 Akilles 09.07.2020 N Moukari 1) Jenna Sorvari Borg\u00e5Ak 49,49 x x x 49,49 x x P11 Moukari 1) Rami Leminen HeinI 18,06 16,16 18,06 15,61 x 15,17 15,28 2) Oliver Liljendal Borg\u00e5Ak 15,39 15,38 15,39 x 13,78 14,48 x T13 Moukari Loppukilpailu 1) Kiira Johansson HeinI [&hellip;]\" \/>\n<meta property=\"og:url\" content=\"https:\/\/www.akilles.fi\/friidrott\/borga-slaggtavlingar-porvoon-moukarikisat\/\" \/>\n<meta property=\"og:site_name\" content=\"Friidrott - Yleisurheilu\" \/>\n<meta property=\"article:modified_time\" content=\"2022-08-08T07:52:13+00:00\" \/>\n<meta name=\"twitter:card\" content=\"summary_large_image\" \/>\n<meta name=\"twitter:label1\" content=\"Ber\u00e4knad l\u00e4stid\" \/>\n\t<meta name=\"twitter:data1\" content=\"4 minuter\" \/>\n<script type=\"application\/ld+json\" class=\"yoast-schema-graph\">{\"@context\":\"https:\/\/schema.org\",\"@graph\":[{\"@type\":\"WebPage\",\"@id\":\"https:\/\/www.akilles.fi\/friidrott\/borga-slaggtavlingar-porvoon-moukarikisat\/\",\"url\":\"https:\/\/www.akilles.fi\/friidrott\/borga-slaggtavlingar-porvoon-moukarikisat\/\",\"name\":\"Borg\u00e5 Sl\u00e4ggt\u00e4vlingar 2020 - Porvoon Moukarikisat - Friidrott - Yleisurheilu\",\"isPartOf\":{\"@id\":\"https:\/\/www.akilles.fi\/friidrott\/#website\"},\"datePublished\":\"2020-09-03T13:08:23+00:00\",\"dateModified\":\"2022-08-08T07:52:13+00:00\",\"breadcrumb\":{\"@id\":\"https:\/\/www.akilles.fi\/friidrott\/borga-slaggtavlingar-porvoon-moukarikisat\/#breadcrumb\"},\"inLanguage\":\"sv-SE\",\"potentialAction\":[{\"@type\":\"ReadAction\",\"target\":[\"https:\/\/www.akilles.fi\/friidrott\/borga-slaggtavlingar-porvoon-moukarikisat\/\"]}]},{\"@type\":\"BreadcrumbList\",\"@id\":\"https:\/\/www.akilles.fi\/friidrott\/borga-slaggtavlingar-porvoon-moukarikisat\/#breadcrumb\",\"itemListElement\":[{\"@type\":\"ListItem\",\"position\":1,\"name\":\"Home\",\"item\":\"https:\/\/www.akilles.fi\/friidrott\/\"},{\"@type\":\"ListItem\",\"position\":2,\"name\":\"Borg\u00e5 Sl\u00e4ggt\u00e4vlingar 2020 &#8211; Porvoon Moukarikisat\"}]},{\"@type\":\"WebSite\",\"@id\":\"https:\/\/www.akilles.fi\/friidrott\/#website\",\"url\":\"https:\/\/www.akilles.fi\/friidrott\/\",\"name\":\"Friidrott - Yleisurheilu\",\"description\":\"Borg\u00e5 Akilles Friidrott- Porvoon Akilles Yleisurheilu\",\"potentialAction\":[{\"@type\":\"SearchAction\",\"target\":{\"@type\":\"EntryPoint\",\"urlTemplate\":\"https:\/\/www.akilles.fi\/friidrott\/?s={search_term_string}\"},\"query-input\":{\"@type\":\"PropertyValueSpecification\",\"valueRequired\":true,\"valueName\":\"search_term_string\"}}],\"inLanguage\":\"sv-SE\"}]}<\/script>\n<!-- \/ Yoast SEO plugin. -->","yoast_head_json":{"title":"Borg\u00e5 Sl\u00e4ggt\u00e4vlingar 2020 - Porvoon Moukarikisat - Friidrott - Yleisurheilu","robots":{"index":"index","follow":"follow","max-snippet":"max-snippet:-1","max-image-preview":"max-image-preview:large","max-video-preview":"max-video-preview:-1"},"canonical":"https:\/\/www.akilles.fi\/friidrott\/borga-slaggtavlingar-porvoon-moukarikisat\/","og_locale":"sv_SE","og_type":"article","og_title":"Borg\u00e5 Sl\u00e4ggt\u00e4vlingar 2020 - Porvoon Moukarikisat - Friidrott - Yleisurheilu","og_description":"Sl\u00e4ggt\u00e4vling i Borg\u00e5 1 \/ Porvoon moukari 1 Borg\u00e5 Akilles 09.07.2020 N Moukari 1) Jenna Sorvari Borg\u00e5Ak 49,49 x x x 49,49 x x P11 Moukari 1) Rami Leminen HeinI 18,06 16,16 18,06 15,61 x 15,17 15,28 2) Oliver Liljendal Borg\u00e5Ak 15,39 15,38 15,39 x 13,78 14,48 x T13 Moukari Loppukilpailu 1) Kiira Johansson HeinI [&hellip;]","og_url":"https:\/\/www.akilles.fi\/friidrott\/borga-slaggtavlingar-porvoon-moukarikisat\/","og_site_name":"Friidrott - Yleisurheilu","article_modified_time":"2022-08-08T07:52:13+00:00","twitter_card":"summary_large_image","twitter_misc":{"Ber\u00e4knad l\u00e4stid":"4 minuter"},"schema":{"@context":"https:\/\/schema.org","@graph":[{"@type":"WebPage","@id":"https:\/\/www.akilles.fi\/friidrott\/borga-slaggtavlingar-porvoon-moukarikisat\/","url":"https:\/\/www.akilles.fi\/friidrott\/borga-slaggtavlingar-porvoon-moukarikisat\/","name":"Borg\u00e5 Sl\u00e4ggt\u00e4vlingar 2020 - Porvoon Moukarikisat - Friidrott - Yleisurheilu","isPartOf":{"@id":"https:\/\/www.akilles.fi\/friidrott\/#website"},"datePublished":"2020-09-03T13:08:23+00:00","dateModified":"2022-08-08T07:52:13+00:00","breadcrumb":{"@id":"https:\/\/www.akilles.fi\/friidrott\/borga-slaggtavlingar-porvoon-moukarikisat\/#breadcrumb"},"inLanguage":"sv-SE","potentialAction":[{"@type":"ReadAction","target":["https:\/\/www.akilles.fi\/friidrott\/borga-slaggtavlingar-porvoon-moukarikisat\/"]}]},{"@type":"BreadcrumbList","@id":"https:\/\/www.akilles.fi\/friidrott\/borga-slaggtavlingar-porvoon-moukarikisat\/#breadcrumb","itemListElement":[{"@type":"ListItem","position":1,"name":"Home","item":"https:\/\/www.akilles.fi\/friidrott\/"},{"@type":"ListItem","position":2,"name":"Borg\u00e5 Sl\u00e4ggt\u00e4vlingar 2020 &#8211; Porvoon Moukarikisat"}]},{"@type":"WebSite","@id":"https:\/\/www.akilles.fi\/friidrott\/#website","url":"https:\/\/www.akilles.fi\/friidrott\/","name":"Friidrott - Yleisurheilu","description":"Borg\u00e5 Akilles Friidrott- Porvoon Akilles Yleisurheilu","potentialAction":[{"@type":"SearchAction","target":{"@type":"EntryPoint","urlTemplate":"https:\/\/www.akilles.fi\/friidrott\/?s={search_term_string}"},"query-input":{"@type":"PropertyValueSpecification","valueRequired":true,"valueName":"search_term_string"}}],"inLanguage":"sv-SE"}]}},"_links":{"self":[{"href":"https:\/\/www.akilles.fi\/friidrott\/wp-json\/wp\/v2\/pages\/5501","targetHints":{"allow":["GET"]}}],"collection":[{"href":"https:\/\/www.akilles.fi\/friidrott\/wp-json\/wp\/v2\/pages"}],"about":[{"href":"https:\/\/www.akilles.fi\/friidrott\/wp-json\/wp\/v2\/types\/page"}],"author":[{"embeddable":true,"href":"https:\/\/www.akilles.fi\/friidrott\/wp-json\/wp\/v2\/users\/3"}],"replies":[{"embeddable":true,"href":"https:\/\/www.akilles.fi\/friidrott\/wp-json\/wp\/v2\/comments?post=5501"}],"version-history":[{"count":9,"href":"https:\/\/www.akilles.fi\/friidrott\/wp-json\/wp\/v2\/pages\/5501\/revisions"}],"predecessor-version":[{"id":14633,"href":"https:\/\/www.akilles.fi\/friidrott\/wp-json\/wp\/v2\/pages\/5501\/revisions\/14633"}],"wp:attachment":[{"href":"https:\/\/www.akilles.fi\/friidrott\/wp-json\/wp\/v2\/media?parent=5501"}],"curies":[{"name":"wp","href":"https:\/\/api.w.org\/{rel}","templated":true}]}}