{"id":9872,"date":"2021-12-22T17:24:56","date_gmt":"2021-12-22T17:24:56","guid":{"rendered":"https:\/\/www.akilles.fi\/friidrott\/?page_id=9872"},"modified":"2021-12-22T18:41:32","modified_gmt":"2021-12-22T18:41:32","slug":"foreningscupen-resultat-2021-seuracup-tulokset-2","status":"publish","type":"page","link":"https:\/\/www.akilles.fi\/friidrott\/foreningscupen-resultat-2021-seuracup-tulokset-2\/","title":{"rendered":"F\u00f6reningscupen resultat 2021 &#8211; Seuracup tulokset"},"content":{"rendered":"\t\t<div data-elementor-type=\"wp-post\" data-elementor-id=\"9872\" class=\"elementor elementor-9872\" data-elementor-post-type=\"page\">\n\t\t\t\t\t\t<section class=\"elementor-section elementor-top-section elementor-element elementor-element-c814f0c elementor-section-boxed elementor-section-height-default elementor-section-height-default\" data-id=\"c814f0c\" data-element_type=\"section\">\n\t\t\t\t\t\t<div class=\"elementor-container elementor-column-gap-default\">\n\t\t\t\t\t<div class=\"elementor-column elementor-col-100 elementor-top-column elementor-element elementor-element-38b4344\" data-id=\"38b4344\" data-element_type=\"column\">\n\t\t\t<div class=\"elementor-widget-wrap elementor-element-populated\">\n\t\t\t\t\t\t<section class=\"elementor-section elementor-inner-section elementor-element elementor-element-cdcb12f elementor-section-boxed elementor-section-height-default elementor-section-height-default\" data-id=\"cdcb12f\" data-element_type=\"section\">\n\t\t\t\t\t\t<div class=\"elementor-container elementor-column-gap-default\">\n\t\t\t\t\t<div class=\"elementor-column elementor-col-33 elementor-inner-column elementor-element elementor-element-28c0287\" data-id=\"28c0287\" data-element_type=\"column\">\n\t\t\t<div class=\"elementor-widget-wrap elementor-element-populated\">\n\t\t\t\t\t\t<div class=\"elementor-element elementor-element-e683301 elementor-widget elementor-widget-text-editor\" data-id=\"e683301\" data-element_type=\"widget\" data-widget_type=\"text-editor.default\">\n\t\t\t\t<div class=\"elementor-widget-container\">\n\t\t\t\t\t\t\t\t\t<p><strong>N\u00c5ID:S f\u00f6reningcup Del 1 16.6.2021 Borg\u00e5\/C<\/strong><\/p><p>IFRaseb 12907, IFSibboV 12041, Borg\u00e5Ak 11838, EsboIF 11667, Sjunde\u00e5IF 6864, LovTor 457<\/p><p>M17 200 m heat 1: Tuuli: +2,8<br \/>2. Elliot Schmidt Borg\u00e5Ak 24,27<br \/>3. Linus Henriksson Borg\u00e5Ak 25,44<br \/>M17 200 m heat 2: Tuuli: -0,1<br \/>3. Oscar Nyholm Borg\u00e5Ak 25,60 PB (sammanlagt 7.)<\/p><p>M17 Kolmiloikka <br \/>5. Alec Ekblom Borg\u00e5Ak 11,22 +2,7 <br \/>10,77\/1.8 =PB 11,22\/2.7 X\/2.1 10,77\/0.9 =PB<\/p><p>M17 Kuula<br \/>4. Aron Johansson Borg\u00e5Ak 10,55 <br \/>10,31 SB 10,20 10,55 SB<\/p><p>P15 100 m 1. er\u00e4 Tuuli: +0,5<br \/>2. Linus Ekholm Borg\u00e5Ak 12,31<br \/>P15 100 m 2. er\u00e4 Tuuli: +1,4<br \/>3. Oscar Blomberg Borg\u00e5Ak 13,06<\/p><p>P15 2000 m<br \/>3. Einar Wickholm Borg\u00e5Ak 7.06,05 PB<\/p><p>P15 Seiv\u00e4s<br \/>1. Henri Aspelin Borg\u00e5Ak 3,40 PB<br \/>3,30 PB 3,20 PB 3,05 PB 2,85 PB 2,75 PB 3,40 PB 3,50\/xxx<\/p><p>P15 Kuula<br \/>2. Albert Isaksson Borg\u00e5Ak 8,90 <br \/>8,90 8,62 8,80 8,81<\/p><p>P15 4&#215;100 m<br \/>3. Borg\u00e5Ak 52,06<br \/>Henri Aspelin, Linus Ekholm, Oscar Blomberg, Albert Isaksson<\/p><p>P13 60 m<br \/>Tuuli: +1,7<br \/>4. Alexander Blomberg Borg\u00e5Ak 9,69 PB<br \/>5. Sebastian Hjort Borg\u00e5Ak 10,21 PB<\/p><p>P13 1000 m<br \/>7 .Santeri Puustinen Borg\u00e5Ak 4.45,29 PB<\/p><p>P13 Korkeus<br \/>4 .Oliver Hallikainen Borg\u00e5Ak 1,24<br \/>1,24 SB 1,20 SB 1,16 SB 1,10 SB 1,06 SB 1,28 SB<\/p><p>P13 Keih\u00e4s<br \/>4. Oliver Liljendal Borg\u00e5Ak 20,28<br \/>X 19,35 SB X 20,28 SB<\/p><p>P13 4&#215;100 m<br \/>4. Borg\u00e5 Akilles Borg\u00e5Ak 62,99<br \/>Alexander Blomberg, Oliver Hallikainen, Sebastian Hjort, Santeri Puustinen<\/p><p>P11 60 m<br \/>Tuuli: +2,7<br \/>1. Tobias Isaksson Borg\u00e5Ak 9,18 PB <br \/>7. Jonathan Liljendal Borg\u00e5Ak 11,00 PB<\/p><p>P11 1000 m <br \/>6. Elias Miettinen Borg\u00e5Ak 4.09,05 PB<\/p><p>P11 Pituus\/LJ (1 m ponnistusalue\/zone) <br \/>3. Tobias Tallqvist Borg\u00e5Ak 3,65 <br \/>3,65 3,55 3,58 3,58 <br \/>9. Casper Nopanen Borg\u00e5Ak 2,91 =PB <br \/>2,80 2,84 2,70 2,91 =PB<\/p><p>P11 Kiekko\/DT<br \/>1. Robin Johansson Borg\u00e5Ak 16,55 PB <br \/>12,85 15,66 PB 14,62 16,55 PB<\/p><p>P11 4x 50 m<br \/>4. Borg\u00e5 Akilles Borg\u00e5Ak 33,68 SB <br \/>Tobias Isaksson, Casper Nopanen, Tobias Tallqvist, Elias Miettinen<\/p><p>N17 200 m 1. er\u00e4 Tuuli: +0,3 <br \/>2. Selma Lepist\u00f6 Borg\u00e5Ak 28,98 PB<\/p><p>2. er\u00e4 Tuuli: +1,0 <br \/>3. Ida Suuronen Borg\u00e5Ak 27,77 PB <br \/>5. Carla Jalkanen Borg\u00e5Ak 28,75 PB <br \/>3. er\u00e4 Tuuli: +0,6 <br \/>2. Ida Finell Borg\u00e5Ak 27,31 PB<\/p><p>N17 Kolmiloikka Tuuli: +2,7<br \/>3. Gisela Bergstr\u00f6m Borg\u00e5Ak 9,56 <br \/>9,49\/0.7 X\/1.5 9,56\/2.2 9,50\/1.9 =SB<\/p><p>N17 Kuula<br \/>3. Sara Puustinen Borg\u00e5Ak 8,74 SB <br \/>8,06 SB 8,24 SB 8,74 SB 8,57 <br \/>6. Kajsa Gr\u00f6nqvist Borg\u00e5Ak 5,57 <br \/>5,30 5,57 5,50 4,98<\/p><p>T15 100 m 1. er\u00e4 Tuuli: +1,3 <br \/>5. Dina-Irene L\u00f6nnstr\u00f6m Borg\u00e5Ak 15,00 PB <br \/>6. Vilja Laine Borg\u00e5Ak 15,03 PB <br \/>2. er\u00e4 Tuuli: +1,0 <br \/>3. Fanny B\u00f6hling Borg\u00e5Ak 13,66 PB <br \/>5. Eevi Kontinen Borg\u00e5Ak 14,47 PB<\/p><p>T15 2000 m <br \/>6 Anni Ritzmo Borg\u00e5Ak 12.20,24 PB<\/p><p>T15 Seiv\u00e4s\/PV <br \/>4. Fanny Finell Borg\u00e5Ak 2,25 PB <br \/>2,05 PB 1,85 PB 1,95 PB 1,75 PB 2,15 PB 2,25 PB 2,35 PB<\/p><p>T15 Kuula<br \/>4. Melina Lundqvist Borg\u00e5Ak 8,22 SB <br \/>8,00 7,45 8,22 SB 7,90 <br \/>6. Emilia Liljendal Borg\u00e5Ak 7,20 <br \/>6,00 7,19 7,20 7,07<\/p><p>T15 4&#215;100 m<br \/>4. Borg\u00e5 Akilles Borg\u00e5Ak 56,54 SB <br \/>Eevi Kontinen, Fanny B\u00f6hling, Dina-Irene L\u00f6nnstr\u00f6m, Fanny Finell<\/p><p>T13 60 m\u00a0 Tuuli: +2,7 <br \/>2. Venla Repo Borg\u00e5Ak 9,05 <br \/>6. Katrina Liljalehto Borg\u00e5Ak 9,39 PB<\/p><p>T13 1000 m <br \/>2. Brenda Jalkanen Borg\u00e5Ak 3.43,91 SB<\/p><p>T13 Korkeus <br \/>4. Isabella Stenb\u00e4ck Borg\u00e5Ak 1,36 PB <br \/>1,28 PB 1,20 PB 1,24 PB 1,16 PB 1,36 PB 1,32 PB 1,40 PB <br \/>6. Clara Henriksson Borg\u00e5Ak 1,28 SB <br \/>1,16 SB 1,28 SB 1,20 SB 1,10 SB 1,24 SB 1,32 SB<\/p><p>T13 Keih\u00e4s<br \/>1. Sarah Isaksson Borg\u00e5Ak 21,79 PB <br \/>21,41 PB 19,41 19,91 21,79 PB <br \/>4. Erika Tallqvist Borg\u00e5Ak 16,42 SB <br \/>13,85 SB 16,42 SB 13,83 11,60<\/p><p>T13 4&#215;100 m<br \/>3. Borg\u00e5 Akilles Borg\u00e5Ak 59,32 SB <br \/>Venla Repo, Isabella Stenb\u00e4ck, Brenda Jalkanen, Sarah Isaksson<\/p><p>T11 60 m1. er\u00e4 Tuuli: +1,3<br \/>1. Elin Nyholm Borg\u00e5Ak 9,85 PB<\/p><p>T11 1000 m <br \/>4. Matilda Blom Borg\u00e5Ak 4.04,44 PB<\/p><p>T11 Pituus (1 m ponnistusalue\/zone)<br \/>3. Alina Wiitala Borg\u00e5Ak 3,50 PB <br \/>3,50 PB 3,30 3,49 3,11<\/p><p>T11 Kiekko<br \/>8. Vanessa Kinnunen Borg\u00e5Ak 8,87 PB <br \/>8,69 PB 8,87 PB 8,27 6,86<\/p><p>T11 4x 50 m 1. er\u00e4 <br \/>2. Borg\u00e5 Akilles Borg\u00e5Ak 34,30 SB <br \/>Elin Nyholm, Matilda Blom, Vanessa Kinnunen, Alina Wiitala<\/p>\t\t\t\t\t\t\t\t<\/div>\n\t\t\t\t<\/div>\n\t\t\t\t\t<\/div>\n\t\t<\/div>\n\t\t\t\t<div class=\"elementor-column elementor-col-33 elementor-inner-column elementor-element elementor-element-24f957b\" data-id=\"24f957b\" data-element_type=\"column\">\n\t\t\t<div class=\"elementor-widget-wrap elementor-element-populated\">\n\t\t\t\t\t\t<div class=\"elementor-element elementor-element-fc31b47 elementor-widget elementor-widget-text-editor\" data-id=\"fc31b47\" data-element_type=\"widget\" data-widget_type=\"text-editor.default\">\n\t\t\t\t<div class=\"elementor-widget-container\">\n\t\t\t\t\t\t\t\t\t<p><strong>N\u00c5ID:S f\u00f6reningcup Del 2 11.8.2021 Esbo\/A<br \/><br \/><\/strong><\/p><p>M17 800 m<br \/>1. Oscar Nyholm Borg\u00e5Ak 2.03,20 PB <br \/>6. Victor Lindroos Borg\u00e5Ak 2.15,34 PB <br \/><br \/>M17 Pituus<br \/>2. Thomas Isaksson Borg\u00e5Ak 5,99 PB <br \/>5,99\/-0.7 PB X\/-1.9 5,88\/-0.5 X <br \/>5. Elliot Schmidt Borg\u00e5Ak 5,79 <br \/>5,50\/-1.0 5,79\/-0.8 5,51 5,75\/-0.8 <br \/>9. Alec Ekblom Borg\u00e5Ak 4,82 <br \/>4,82 P P P<\/p><p>M17 Keih\u00e4s <br \/>7. Samuel Puustinen Borg\u00e5Ak 32,44 <br \/>29,37 32,25 30,20 32,44 <br \/>8. Aron Johansson Borg\u00e5Ak 28,29 PB <br \/>25,59 PB 28,25 PB 26,45 28,29 PB<\/p><p>P15 300 m<br \/>2. Linus Ekholm Borg\u00e5Ak 39,92 PB<\/p><p>P15 100 m aidat Tuuli: \u20130,9<br \/>1. Henri Aspelin Borg\u00e5Ak 15,70 PB <br \/><br \/>P15 Kolmiloikka<br \/>4. Oscar Blomberg Borg\u00e5Ak 10,02 PB <br \/>X X\/-0.9 9,36\/0.6 PB 10,02\/1.5 PB<\/p><p>P15 Moukari<br \/>1. Jimi Sorvari Borg\u00e5Ak 34,83 PB <br \/>X X X 34,83 PB <br \/>2. Albert Isaksson Borg\u00e5Ak 34,36 <br \/>X X 34,36 X<\/p><p>P15 1000 m k\u00e4vely<br \/>2. Albert Isaksson Borg\u00e5Ak 7.33,78 PB <br \/>3. Oscar Blomberg Borg\u00e5Ak 7.55,95 PB<\/p><p>P13 200 m Tuuli: \u20130,3<br \/>7. Aleksei Vikulov Borg\u00e5Ak 41,96 PB<\/p><p>P13 60 m aidat Tuuli: +1,1 <br \/>2. Oliver Hallikainen Borg\u00e5Ak 12,66 PB <br \/><br \/>P13 Seiv\u00e4s<br \/>1. Tobias Tallqvist Borg\u00e5Ak 2,40 =PB <br \/>2,10 =PB 2,40 =PB 2,30 =PB 2,20 =PB 2,00 =PB 1,90 =PB 2,50 =PB<\/p><p>P13 Kuula<br \/>3. Santeri Puustinen Borg\u00e5Ak 8,78 PB <br \/>8,52 PB 8,43 8,69 PB 8,78 PB <br \/>6. Oliver Liljendal Borg\u00e5Ak 7,20 PB <br \/>X 6,80 7,20 PB 6,87 <br \/><br \/>P11 150 m Tuuli: \u20131,2 <br \/>7. Elias Miettinen Borg\u00e5Ak 28,97 PB<br \/><br \/>P11 60 m aidat Tuuli: +1,4<br \/>2. Tobias Isaksson Borg\u00e5Ak 10,91 PB<\/p><p>P11 Korkeus <br \/>5. Jonathan Liljendal Borg\u00e5Ak 0,88 <br \/>0,88 0,85 0,91 <br \/><br \/>P11 Kuula<br \/>5. Robin Johansson Borg\u00e5Ak 5,42 <br \/>5,16 5,42 5,17 4,50<\/p><p>N17 800 m<br \/>1. Carla Jalkanen Borg\u00e5Ak 2.23,77 <br \/>3. Emelie H\u00e4gglund Borg\u00e5Ak 2.29,94 SB <br \/><br \/>N17 Pituus<br \/>1- Gisela Bergstr\u00f6m Borg\u00e5Ak 5,05 <br \/>4,98\/-1.0 X 5,05\/-0.7 5,04\/-0.6 <br \/>7. Kajsa Gr\u00f6nqvist Borg\u00e5Ak 3,17 <br \/>2,95\/-1.0 X 3,13\/0.9 3,17\/-0.5<br \/><br \/>N17 Keih\u00e4s<br \/>6. Ida Finell Borg\u00e5Ak 29,57 PB <br \/>25,71 PB 23,14 27,68 PB 29,57 PB <br \/>8. Sara Puustinen Borg\u00e5Ak 16,00 PB <br \/>15,24 PB 16,00 PB 15,56 12,60<\/p><p>T15 300 m<br \/>5. Fanny B\u00f6hling Borg\u00e5Ak 47,78 <br \/>7. Ronja Kronvall Borg\u00e5Ak 49,37 PB<\/p><p>T15 80 m aidat Tuuli: \u20131,1 <br \/>Eevi Kontinen Borg\u00e5Ak DNF<br \/><br \/>T15 Kolmiloikka<br \/>5. Erin Johansson Borg\u00e5Ak 9,08 PB <br \/>8,52\/-1.5 PB 9,08\/-1.2 PB 8,71\/-0.6 X <br \/>6. Dina-Irene L\u00f6nnstr\u00f6m Borg\u00e5Ak 7,80 PB <br \/>7,80\/-0.8 PB X X\/0.7 X <br \/><br \/>T15 Moukari<br \/>1. Melina Lundqvist Borg\u00e5Ak 44,19 <br \/>X 43,95 42,84 44,19 <br \/>5. Emilia Liljendal Borg\u00e5Ak 19,92 PB <br \/>19,92 PB 17,69 19,61 19,43<\/p><p>T15 4&#215;800 m<br \/>4. Borg\u00e5 Akilles Borg\u00e5Ak mixed<br \/>Ronja Kronvall 06, Fanny B\u00f6hling 06<\/p><p>T13 200 m 2. er\u00e4 Tuuli: \u20130,3 <br \/>2. aVenla Repo Borg\u00e5Ak 30,73 <br \/>3. Brenda Jalkanen Borg\u00e5Ak 31,27 PB <br \/>5. Alina Nyholm Borg\u00e5Ak 31,76 PB<\/p><p>T13 60 m aidat Tuuli: +0,3 <br \/>3. Isabella Stenb\u00e4ck Borg\u00e5Ak 11,31 PB<\/p><p>T13 Seiv\u00e4s<br \/>2. Fanny Finell Borg\u00e5Ak 2,20 <br \/>1,90 2,10 2,20 2,00 1,80 2,30 <br \/>4. Sarah Isaksson Borg\u00e5Ak 2,00 PB <br \/>1,90 PB 1,70 PB 2,00 PB 1,80 PB 1,60 PB 2,10 PB <br \/><br \/>T13 Kuula<br \/>4. Erika Tallqvist Borg\u00e5Ak 7,99 <br \/>7,88 7,67 7,96 7,99 <br \/>7. Clara Henriksson Borg\u00e5Ak 6,54 PB <br \/>6,20 6,46 PB 6,18 6,54 PB<\/p><p>T13 1000 m k\u00e4vely <br \/>2. Brenda Jalkanen Borg\u00e5Ak 6.25,64 PB <br \/><br \/>T13 4&#215;600 m<br \/>5. Borg\u00e5 Akilles Borg\u00e5Ak 8.27,88 mixed<br \/>Isabella Stenb\u00e4ck, Alina Nyholm<\/p><p>T11 150 m 2. er\u00e4 Tuuli: \u20131,0 <br \/>6. Minea Haapsalo Borg\u00e5Ak 26,92 PB <br \/><br \/>T11 60 m aidat Tuuli: +1,0 <br \/>2. Elin Nyholm Borg\u00e5Ak 11,67 PB <br \/><br \/>T11 Korkeus<br \/>3. Alina Wiitala Borg\u00e5Ak 1,09 <br \/>1,06 1,00 0,94 0,88 1,03 0,97 0,91 0,85 1,09 1,12<\/p><p>T11 Kuula <br \/>7. Matilda Blom Borg\u00e5Ak 4,89 <br \/>4,26 4,18 4,89 4,46<\/p><p>T11 1000 m k\u00e4vely\/Walk <br \/>2. Matilda Blom Borg\u00e5Ak 8.02,03 PB <br \/><br \/>T11 4&#215;600 m<br \/>3. Borg\u00e5 Akilles Borg\u00e5Ak 9.10,50 mixed<br \/>Matilda Blom, Elin Nyholm <\/p><p><strong>\u00a0<\/strong><\/p>\t\t\t\t\t\t\t\t<\/div>\n\t\t\t\t<\/div>\n\t\t\t\t\t<\/div>\n\t\t<\/div>\n\t\t\t\t<div class=\"elementor-column elementor-col-33 elementor-inner-column elementor-element elementor-element-c99372a\" data-id=\"c99372a\" data-element_type=\"column\">\n\t\t\t<div class=\"elementor-widget-wrap elementor-element-populated\">\n\t\t\t\t\t\t<div class=\"elementor-element elementor-element-38144a2 elementor-drop-cap-yes elementor-drop-cap-view-default elementor-widget elementor-widget-text-editor\" data-id=\"38144a2\" data-element_type=\"widget\" data-settings=\"{&quot;drop_cap&quot;:&quot;yes&quot;}\" data-widget_type=\"text-editor.default\">\n\t\t\t\t<div class=\"elementor-widget-container\">\n\t\t\t\t\t\t\t\t\t<p><strong>F\u00f6reningscupens C-seriens final 4.9.2021 Bj\u00f6rneborg<br \/>Seuracupin C-sarjan finaali 4.9.2021 Pori<\/strong><\/p><p>NoormNo 347.5, Pyh\u00e4sU 342, PorinYU 307, VantSa 306, KeskiUYU 300.5, NurmijYU 288, KU-58 279, Sein\u00e4jsU 261, EsboIF 248.5, H\u00e4meenlTa 248, MikkKV 244.5, KarhKa 230, <strong>13. Borg\u00e5Ak 220<\/strong>, VasaIS 219, ViipU 213, HyvsU 150<\/p><p>Akilles resultat och placeringar<\/p><p>M17 200 m 2. er\u00e4 Tuuli: +2,2 <br \/>6. Elliot Schmidt Borg\u00e5Ak 24,58 <br \/><br \/>M17 Pituus <br \/>6. Thomas Isaksson Borg\u00e5Ak 5,83 <br \/>5,80\/0.9 5,83 5,60\/1.5 5,77\/2.9 <br \/><br \/>M17 Kuula<br \/>6. Samuel Puustinen Borg\u00e5Ak 10,81 <br \/>10,24 10,53 10,81 10,18 <br \/><br \/>P15 100 m 1. er\u00e4 Tuuli: +3,1<br \/>2. Oscar Blomberg Borg\u00e5Ak 13,12 <br \/><br \/>P15 2000 m<br \/>Ingen deltagare <br \/><br \/>P15 Seiv\u00e4s <br \/>4. Albert Isaksson Borg\u00e5Ak 2,55 <br \/>2,40 2,55 2,75 <br \/><br \/>P15 Kuula<br \/>Ingen deltagare<\/p><p>P13 1000 m <br \/>12. Oliver Liljendal Borg\u00e5Ak 4.30,78 PB<br \/><br \/>P13 60 m aidat<br \/>Ingen deltagare <br \/><br \/>P13 Korkeus<br \/>Ingen deltagare<br \/><br \/>P13 Moukari <br \/>7. Santeri Puustinen Borg\u00e5Ak 24,72 <br \/>24,37 24,72 22,60 24,46 <br \/><br \/>P11 1000 m <br \/>12. Elias Miettinen Borg\u00e5Ak 4.11,94 <br \/><br \/>P11 60 m aidat 2. er\u00e4 Tuuli: 0,0 <br \/>5. Tobias Isaksson Borg\u00e5Ak 11,13 <br \/><br \/>P11 Pituus (1 m ponnistusalue\/zone) <br \/>14. Jonathan Liljendal Borg\u00e5Ak 2,80 <br \/>2,80 2,56 2,28 X <br \/><br \/>P11 Keih\u00e4s<br \/>8. Tobias Tallqvist Borg\u00e5Ak 26,03 PB <br \/>25,41 PB 24,30 26,03 PB 21,07<\/p><p>N17 200 m 1. er\u00e4 Tuuli: +0,7<br \/>2. Ida Finell Borg\u00e5Ak 27,28 PB <br \/><br \/>N17 Pituus<br \/>2. Gisela Bergstr\u00f6m Borg\u00e5Ak 5,29 <br \/>5,05\/3.4 5,29\/2.3 5,21\/2.6 5,25\/3.2 <br \/><br \/>N17 Kuula<br \/>11. Sara Puustinen Borg\u00e5Ak 8,96 <br \/>8,87 8,96 X 8,83<\/p><p>T15 100 m 2. er\u00e4 Tuuli: +1,8 <br \/>7. Fanny B\u00f6hling Borg\u00e5Ak 13,64 PB <br \/><br \/>T15 2000 m <br \/>4. Ronja Kronvall Borg\u00e5Ak 7.24,50 PB<\/p><p>T15 Seiv\u00e4s<br \/>6. Fanny Finell Borg\u00e5Ak 2,00 <br \/>2,00 1,80 2,20 <br \/><br \/>T15 Kuula <br \/>12. Melina Lundqvist Borg\u00e5Ak 8,20 <br \/>8,14 8,20 7,87 8,04<\/p><p>T15 1000 m k\u00e4vely <br \/>16. Erika Tallqvist Borg\u00e5Ak 7.19,96 PB <br \/><br \/>T13 1000 m <br \/>9. Alina Nyholm Borg\u00e5Ak 3.40,91 <br \/><br \/>T13 60 m aidat 1. er\u00e4 Tuuli: +1,8<br \/>2. Venla Repo Borg\u00e5Ak 10,78 PB <br \/><br \/>T13 Korkeus <br \/>6. Isabella Stenb\u00e4ck Borg\u00e5Ak 1,35 <br \/>1,30 1,35 1,25 1,40 <br \/><br \/>T13 Moukari\/HT <br \/>16. Sarah Isaksson Borg\u00e5Ak 14,80 PB <br \/>13,52 PB X 13,36 14,80 PB <br \/><br \/>T11 1000 m <br \/>14. Matilda Blom Borg\u00e5Ak 4.09,30 <br \/><br \/>T11 60 m aidat 1. er\u00e4 Tuuli: +1,9<br \/>5. Elin Nyholm Borg\u00e5Ak 11,83 <br \/><br \/>T11 Pituus (1 m ponnistusalue\/zone)<br \/>15. Charlotta Lauren Borg\u00e5Ak 2,60 <br \/>2,60 2,54 2,08 2,26 <br \/>T11 Keih\u00e4s<br \/>13. Minea Haapsalo Borg\u00e5Ak 9,12 <br \/>7,58 5,40 7,35 9,12<\/p><p>\u00a0<\/p>\t\t\t\t\t\t\t\t<\/div>\n\t\t\t\t<\/div>\n\t\t\t\t\t<\/div>\n\t\t<\/div>\n\t\t\t\t\t<\/div>\n\t\t<\/section>\n\t\t\t\t\t<\/div>\n\t\t<\/div>\n\t\t\t\t\t<\/div>\n\t\t<\/section>\n\t\t\t\t<\/div>\n\t\t","protected":false},"excerpt":{"rendered":"<p>N\u00c5ID:S f\u00f6reningcup Del 1 16.6.2021 Borg\u00e5\/C IFRaseb 12907, IFSibboV 12041, Borg\u00e5Ak 11838, EsboIF 11667, Sjunde\u00e5IF 6864, LovTor 457 M17 200 m heat 1: Tuuli: +2,82. Elliot Schmidt Borg\u00e5Ak 24,273. Linus Henriksson Borg\u00e5Ak 25,44M17 200 m heat 2: Tuuli: -0,13. Oscar Nyholm Borg\u00e5Ak 25,60 PB (sammanlagt 7.) M17 Kolmiloikka 5. Alec Ekblom Borg\u00e5Ak 11,22 +2,7 10,77\/1.8 [&hellip;]<\/p>\n","protected":false},"author":3,"featured_media":0,"parent":0,"menu_order":0,"comment_status":"closed","ping_status":"closed","template":"","meta":{"_crdt_document":"","footnotes":""},"class_list":["post-9872","page","type-page","status-publish","hentry"],"yoast_head":"<!-- This site is optimized with the Yoast SEO plugin v26.8 - https:\/\/yoast.com\/product\/yoast-seo-wordpress\/ -->\n<title>F\u00f6reningscupen resultat 2021 - Seuracup tulokset - Friidrott - Yleisurheilu<\/title>\n<meta name=\"robots\" content=\"index, follow, max-snippet:-1, max-image-preview:large, max-video-preview:-1\" \/>\n<link rel=\"canonical\" href=\"https:\/\/www.akilles.fi\/friidrott\/foreningscupen-resultat-2021-seuracup-tulokset-2\/\" \/>\n<meta property=\"og:locale\" content=\"sv_SE\" \/>\n<meta property=\"og:type\" content=\"article\" \/>\n<meta property=\"og:title\" content=\"F\u00f6reningscupen resultat 2021 - Seuracup tulokset - Friidrott - Yleisurheilu\" \/>\n<meta property=\"og:description\" content=\"N\u00c5ID:S f\u00f6reningcup Del 1 16.6.2021 Borg\u00e5\/C IFRaseb 12907, IFSibboV 12041, Borg\u00e5Ak 11838, EsboIF 11667, Sjunde\u00e5IF 6864, LovTor 457 M17 200 m heat 1: Tuuli: +2,82. Elliot Schmidt Borg\u00e5Ak 24,273. Linus Henriksson Borg\u00e5Ak 25,44M17 200 m heat 2: Tuuli: -0,13. Oscar Nyholm Borg\u00e5Ak 25,60 PB (sammanlagt 7.) M17 Kolmiloikka 5. Alec Ekblom Borg\u00e5Ak 11,22 +2,7 10,77\/1.8 [&hellip;]\" \/>\n<meta property=\"og:url\" content=\"https:\/\/www.akilles.fi\/friidrott\/foreningscupen-resultat-2021-seuracup-tulokset-2\/\" \/>\n<meta property=\"og:site_name\" content=\"Friidrott - Yleisurheilu\" \/>\n<meta property=\"article:modified_time\" content=\"2021-12-22T18:41:32+00:00\" \/>\n<meta name=\"twitter:card\" content=\"summary_large_image\" \/>\n<meta name=\"twitter:label1\" content=\"Ber\u00e4knad l\u00e4stid\" \/>\n\t<meta name=\"twitter:data1\" content=\"9 minuter\" \/>\n<script type=\"application\/ld+json\" class=\"yoast-schema-graph\">{\"@context\":\"https:\/\/schema.org\",\"@graph\":[{\"@type\":\"WebPage\",\"@id\":\"https:\/\/www.akilles.fi\/friidrott\/foreningscupen-resultat-2021-seuracup-tulokset-2\/\",\"url\":\"https:\/\/www.akilles.fi\/friidrott\/foreningscupen-resultat-2021-seuracup-tulokset-2\/\",\"name\":\"F\u00f6reningscupen resultat 2021 - Seuracup tulokset - Friidrott - Yleisurheilu\",\"isPartOf\":{\"@id\":\"https:\/\/www.akilles.fi\/friidrott\/#website\"},\"datePublished\":\"2021-12-22T17:24:56+00:00\",\"dateModified\":\"2021-12-22T18:41:32+00:00\",\"breadcrumb\":{\"@id\":\"https:\/\/www.akilles.fi\/friidrott\/foreningscupen-resultat-2021-seuracup-tulokset-2\/#breadcrumb\"},\"inLanguage\":\"sv-SE\",\"potentialAction\":[{\"@type\":\"ReadAction\",\"target\":[\"https:\/\/www.akilles.fi\/friidrott\/foreningscupen-resultat-2021-seuracup-tulokset-2\/\"]}]},{\"@type\":\"BreadcrumbList\",\"@id\":\"https:\/\/www.akilles.fi\/friidrott\/foreningscupen-resultat-2021-seuracup-tulokset-2\/#breadcrumb\",\"itemListElement\":[{\"@type\":\"ListItem\",\"position\":1,\"name\":\"Home\",\"item\":\"https:\/\/www.akilles.fi\/friidrott\/\"},{\"@type\":\"ListItem\",\"position\":2,\"name\":\"F\u00f6reningscupen resultat 2021 &#8211; Seuracup tulokset\"}]},{\"@type\":\"WebSite\",\"@id\":\"https:\/\/www.akilles.fi\/friidrott\/#website\",\"url\":\"https:\/\/www.akilles.fi\/friidrott\/\",\"name\":\"Friidrott - Yleisurheilu\",\"description\":\"Borg\u00e5 Akilles Friidrott- Porvoon Akilles Yleisurheilu\",\"potentialAction\":[{\"@type\":\"SearchAction\",\"target\":{\"@type\":\"EntryPoint\",\"urlTemplate\":\"https:\/\/www.akilles.fi\/friidrott\/?s={search_term_string}\"},\"query-input\":{\"@type\":\"PropertyValueSpecification\",\"valueRequired\":true,\"valueName\":\"search_term_string\"}}],\"inLanguage\":\"sv-SE\"}]}<\/script>\n<!-- \/ Yoast SEO plugin. -->","yoast_head_json":{"title":"F\u00f6reningscupen resultat 2021 - Seuracup tulokset - Friidrott - Yleisurheilu","robots":{"index":"index","follow":"follow","max-snippet":"max-snippet:-1","max-image-preview":"max-image-preview:large","max-video-preview":"max-video-preview:-1"},"canonical":"https:\/\/www.akilles.fi\/friidrott\/foreningscupen-resultat-2021-seuracup-tulokset-2\/","og_locale":"sv_SE","og_type":"article","og_title":"F\u00f6reningscupen resultat 2021 - Seuracup tulokset - Friidrott - Yleisurheilu","og_description":"N\u00c5ID:S f\u00f6reningcup Del 1 16.6.2021 Borg\u00e5\/C IFRaseb 12907, IFSibboV 12041, Borg\u00e5Ak 11838, EsboIF 11667, Sjunde\u00e5IF 6864, LovTor 457 M17 200 m heat 1: Tuuli: +2,82. Elliot Schmidt Borg\u00e5Ak 24,273. Linus Henriksson Borg\u00e5Ak 25,44M17 200 m heat 2: Tuuli: -0,13. Oscar Nyholm Borg\u00e5Ak 25,60 PB (sammanlagt 7.) M17 Kolmiloikka 5. Alec Ekblom Borg\u00e5Ak 11,22 +2,7 10,77\/1.8 [&hellip;]","og_url":"https:\/\/www.akilles.fi\/friidrott\/foreningscupen-resultat-2021-seuracup-tulokset-2\/","og_site_name":"Friidrott - Yleisurheilu","article_modified_time":"2021-12-22T18:41:32+00:00","twitter_card":"summary_large_image","twitter_misc":{"Ber\u00e4knad l\u00e4stid":"9 minuter"},"schema":{"@context":"https:\/\/schema.org","@graph":[{"@type":"WebPage","@id":"https:\/\/www.akilles.fi\/friidrott\/foreningscupen-resultat-2021-seuracup-tulokset-2\/","url":"https:\/\/www.akilles.fi\/friidrott\/foreningscupen-resultat-2021-seuracup-tulokset-2\/","name":"F\u00f6reningscupen resultat 2021 - Seuracup tulokset - Friidrott - Yleisurheilu","isPartOf":{"@id":"https:\/\/www.akilles.fi\/friidrott\/#website"},"datePublished":"2021-12-22T17:24:56+00:00","dateModified":"2021-12-22T18:41:32+00:00","breadcrumb":{"@id":"https:\/\/www.akilles.fi\/friidrott\/foreningscupen-resultat-2021-seuracup-tulokset-2\/#breadcrumb"},"inLanguage":"sv-SE","potentialAction":[{"@type":"ReadAction","target":["https:\/\/www.akilles.fi\/friidrott\/foreningscupen-resultat-2021-seuracup-tulokset-2\/"]}]},{"@type":"BreadcrumbList","@id":"https:\/\/www.akilles.fi\/friidrott\/foreningscupen-resultat-2021-seuracup-tulokset-2\/#breadcrumb","itemListElement":[{"@type":"ListItem","position":1,"name":"Home","item":"https:\/\/www.akilles.fi\/friidrott\/"},{"@type":"ListItem","position":2,"name":"F\u00f6reningscupen resultat 2021 &#8211; Seuracup tulokset"}]},{"@type":"WebSite","@id":"https:\/\/www.akilles.fi\/friidrott\/#website","url":"https:\/\/www.akilles.fi\/friidrott\/","name":"Friidrott - Yleisurheilu","description":"Borg\u00e5 Akilles Friidrott- Porvoon Akilles Yleisurheilu","potentialAction":[{"@type":"SearchAction","target":{"@type":"EntryPoint","urlTemplate":"https:\/\/www.akilles.fi\/friidrott\/?s={search_term_string}"},"query-input":{"@type":"PropertyValueSpecification","valueRequired":true,"valueName":"search_term_string"}}],"inLanguage":"sv-SE"}]}},"_links":{"self":[{"href":"https:\/\/www.akilles.fi\/friidrott\/wp-json\/wp\/v2\/pages\/9872","targetHints":{"allow":["GET"]}}],"collection":[{"href":"https:\/\/www.akilles.fi\/friidrott\/wp-json\/wp\/v2\/pages"}],"about":[{"href":"https:\/\/www.akilles.fi\/friidrott\/wp-json\/wp\/v2\/types\/page"}],"author":[{"embeddable":true,"href":"https:\/\/www.akilles.fi\/friidrott\/wp-json\/wp\/v2\/users\/3"}],"replies":[{"embeddable":true,"href":"https:\/\/www.akilles.fi\/friidrott\/wp-json\/wp\/v2\/comments?post=9872"}],"version-history":[{"count":55,"href":"https:\/\/www.akilles.fi\/friidrott\/wp-json\/wp\/v2\/pages\/9872\/revisions"}],"predecessor-version":[{"id":9928,"href":"https:\/\/www.akilles.fi\/friidrott\/wp-json\/wp\/v2\/pages\/9872\/revisions\/9928"}],"wp:attachment":[{"href":"https:\/\/www.akilles.fi\/friidrott\/wp-json\/wp\/v2\/media?parent=9872"}],"curies":[{"name":"wp","href":"https:\/\/api.w.org\/{rel}","templated":true}]}}