{"id":515,"date":"2019-02-10T13:35:09","date_gmt":"2019-02-10T13:35:09","guid":{"rendered":"http:\/\/94.237.33.215\/~akilles\/nyasida\/handboll\/?page_id=515"},"modified":"2025-08-14T10:50:10","modified_gmt":"2025-08-14T10:50:10","slug":"herrar-miehet-harraste","status":"publish","type":"page","link":"https:\/\/www.akilles.fi\/handboll\/herrar-miehet-harraste\/","title":{"rendered":"Herrar &#8211; Miehet Harraste"},"content":{"rendered":"\t\t<div data-elementor-type=\"wp-post\" data-elementor-id=\"515\" class=\"elementor elementor-515\" data-elementor-post-type=\"page\">\n\t\t\t\t\t\t<section class=\"elementor-section elementor-top-section elementor-element elementor-element-0206818 elementor-section-boxed elementor-section-height-default elementor-section-height-default\" data-id=\"0206818\" data-element_type=\"section\">\n\t\t\t\t\t\t<div class=\"elementor-container elementor-column-gap-default\">\n\t\t\t\t\t<div class=\"elementor-column elementor-col-100 elementor-top-column elementor-element elementor-element-d572c78\" data-id=\"d572c78\" data-element_type=\"column\">\n\t\t\t<div class=\"elementor-widget-wrap elementor-element-populated\">\n\t\t\t\t\t\t<section class=\"elementor-section elementor-inner-section elementor-element elementor-element-e80cde7 elementor-section-boxed elementor-section-height-default elementor-section-height-default\" data-id=\"e80cde7\" data-element_type=\"section\">\n\t\t\t\t\t\t<div class=\"elementor-container elementor-column-gap-default\">\n\t\t\t\t\t<div class=\"elementor-column elementor-col-50 elementor-inner-column elementor-element elementor-element-d477b2a\" data-id=\"d477b2a\" data-element_type=\"column\">\n\t\t\t<div class=\"elementor-widget-wrap elementor-element-populated\">\n\t\t\t\t\t\t<div class=\"elementor-element elementor-element-fac83bd elementor-widget elementor-widget-text-editor\" data-id=\"fac83bd\" data-element_type=\"widget\" data-widget_type=\"text-editor.default\">\n\t\t\t\t<div class=\"elementor-widget-container\">\n\t\t\t\t\t\t\t\t\t<p>S\u00e4songen 2025-2026 deltar herrarnas hobbylag inte i serien, utan vi tr\u00e4nar och har roligt. Om du \u00e4r f.d. spelare och vill spela igen, ta kontakt.<\/p><p>Kaudella 2025-2026 miesten harrastejoukkue ei osallistuu sarjaan, vaan harjoitellaan ja pidet\u00e4\u00e4n hauskaa. Jos olet entinen pelaaja joka haluaisi taas pelata, ota yhteytt\u00e4.<\/p><h5><strong>Tr\u00e4ningstider \/ Treeniaika <\/strong>(fr.o.m 1.9.2025 alkaen):<\/h5><p>m\u00e5\/ma kl.\/klo 20.45-22<br \/>Idrottshallen\/Urheiluhalli<\/p><h5>Kontaktuppgifter \/ Yhteystiedot:<\/h5><p>Ron Liljendal<br \/><a href=\"mailto:ron.liljendal@akilles.fi\">ron.liljendal@akilles.fi<\/a><br \/>040-7385599<\/p><p><img fetchpriority=\"high\" decoding=\"async\" class=\"alignnone size-medium wp-image-11344\" src=\"http:\/\/www.akilles.fi\/handboll\/wp-content\/uploads\/sites\/18\/2024\/09\/IMG_2905-e1725730864567-297x300.jpg\" alt=\"\" width=\"297\" height=\"300\" srcset=\"https:\/\/www.akilles.fi\/handboll\/wp-content\/uploads\/sites\/18\/2024\/09\/IMG_2905-e1725730864567-297x300.jpg 297w, https:\/\/www.akilles.fi\/handboll\/wp-content\/uploads\/sites\/18\/2024\/09\/IMG_2905-e1725730864567-1013x1024.jpg 1013w, https:\/\/www.akilles.fi\/handboll\/wp-content\/uploads\/sites\/18\/2024\/09\/IMG_2905-e1725730864567-768x777.jpg 768w, https:\/\/www.akilles.fi\/handboll\/wp-content\/uploads\/sites\/18\/2024\/09\/IMG_2905-e1725730864567.jpg 1068w\" sizes=\"(max-width: 297px) 100vw, 297px\" \/><\/p>\t\t\t\t\t\t\t\t<\/div>\n\t\t\t\t<\/div>\n\t\t\t\t\t<\/div>\n\t\t<\/div>\n\t\t\t\t<div class=\"elementor-column elementor-col-50 elementor-inner-column elementor-element elementor-element-c1df70f\" data-id=\"c1df70f\" data-element_type=\"column\">\n\t\t\t<div class=\"elementor-widget-wrap elementor-element-populated\">\n\t\t\t\t\t\t<div class=\"elementor-element elementor-element-37f818b elementor-widget elementor-widget-html\" data-id=\"37f818b\" data-element_type=\"widget\" data-widget_type=\"html.default\">\n\t\t\t\t<div class=\"elementor-widget-container\">\n\t\t\t\t\t<!-- myClub embed JS - start -->\n<div class=\"myclub-embed\" data-url=\"https:\/\/akilles.myclub.fi\/groups\/76982\/event_embeds\/30344?token=16ac5d8eda507e2b09666fd20562055316364f3d\"><\/div>\n<script>(function(d, s, id) { var js, mjs = d.getElementsByTagName(s)[0]; if (d.getElementById(id)) return; js = d.createElement(s); js.id = id; js.async = true; js.src = \"https:\/\/d2ubdm6yoox6gh.cloudfront.net\/assets\/myclub-embed.js\"; mjs.parentNode.insertBefore(js, mjs); }(document, 'script', 'myclub-embed-js'));<\/script>\n<!-- myClub embed JS - end -->\n\t\t\t\t<\/div>\n\t\t\t\t<\/div>\n\t\t\t\t\t<\/div>\n\t\t<\/div>\n\t\t\t\t\t<\/div>\n\t\t<\/section>\n\t\t\t\t\t<\/div>\n\t\t<\/div>\n\t\t\t\t\t<\/div>\n\t\t<\/section>\n\t\t\t\t<\/div>\n\t\t","protected":false},"excerpt":{"rendered":"<p>S\u00e4songen 2025-2026 deltar herrarnas hobbylag inte i serien, utan vi tr\u00e4nar och har roligt. Om du \u00e4r f.d. spelare och vill spela igen, ta kontakt. Kaudella 2025-2026 miesten harrastejoukkue ei osallistuu sarjaan, vaan harjoitellaan ja pidet\u00e4\u00e4n hauskaa. Jos olet entinen pelaaja joka haluaisi taas pelata, ota yhteytt\u00e4. Tr\u00e4ningstider \/ Treeniaika (fr.o.m 1.9.2025 alkaen): m\u00e5\/ma kl.\/klo [&hellip;]<\/p>\n","protected":false},"author":4,"featured_media":0,"parent":0,"menu_order":0,"comment_status":"closed","ping_status":"closed","template":"","meta":{"_crdt_document":"","footnotes":""},"class_list":["post-515","page","type-page","status-publish","hentry"],"yoast_head":"<!-- This site is optimized with the Yoast SEO plugin v27.4 - https:\/\/yoast.com\/product\/yoast-seo-wordpress\/ -->\n<title>Herrar - Miehet Harraste - Handboll - K\u00e4sipallo<\/title>\n<meta name=\"robots\" content=\"index, follow, max-snippet:-1, max-image-preview:large, max-video-preview:-1\" \/>\n<link rel=\"canonical\" href=\"https:\/\/www.akilles.fi\/handboll\/herrar-miehet-harraste\/\" \/>\n<meta property=\"og:locale\" content=\"sv_SE\" \/>\n<meta property=\"og:type\" content=\"article\" \/>\n<meta property=\"og:title\" content=\"Herrar - Miehet Harraste - Handboll - K\u00e4sipallo\" \/>\n<meta property=\"og:description\" content=\"S\u00e4songen 2025-2026 deltar herrarnas hobbylag inte i serien, utan vi tr\u00e4nar och har roligt. Om du \u00e4r f.d. spelare och vill spela igen, ta kontakt. Kaudella 2025-2026 miesten harrastejoukkue ei osallistuu sarjaan, vaan harjoitellaan ja pidet\u00e4\u00e4n hauskaa. Jos olet entinen pelaaja joka haluaisi taas pelata, ota yhteytt\u00e4. Tr\u00e4ningstider \/ Treeniaika (fr.o.m 1.9.2025 alkaen): m\u00e5\/ma kl.\/klo [&hellip;]\" \/>\n<meta property=\"og:url\" content=\"https:\/\/www.akilles.fi\/handboll\/herrar-miehet-harraste\/\" \/>\n<meta property=\"og:site_name\" content=\"Handboll - K\u00e4sipallo\" \/>\n<meta property=\"article:modified_time\" content=\"2025-08-14T10:50:10+00:00\" \/>\n<meta property=\"og:image\" content=\"https:\/\/www.akilles.fi\/handboll\/wp-content\/uploads\/sites\/18\/2024\/09\/IMG_2905-e1725730864567.jpg\" \/>\n\t<meta property=\"og:image:width\" content=\"1068\" \/>\n\t<meta property=\"og:image:height\" content=\"1080\" \/>\n\t<meta property=\"og:image:type\" content=\"image\/jpeg\" \/>\n<meta name=\"twitter:card\" content=\"summary_large_image\" \/>\n<meta name=\"twitter:label1\" content=\"Ber\u00e4knad l\u00e4stid\" \/>\n\t<meta name=\"twitter:data1\" content=\"1 minut\" \/>\n<script type=\"application\/ld+json\" class=\"yoast-schema-graph\">{\"@context\":\"https:\\\/\\\/schema.org\",\"@graph\":[{\"@type\":\"WebPage\",\"@id\":\"https:\\\/\\\/www.akilles.fi\\\/handboll\\\/herrar-miehet-harraste\\\/\",\"url\":\"https:\\\/\\\/www.akilles.fi\\\/handboll\\\/herrar-miehet-harraste\\\/\",\"name\":\"Herrar - Miehet Harraste - Handboll - K\u00e4sipallo\",\"isPartOf\":{\"@id\":\"https:\\\/\\\/www.akilles.fi\\\/handboll\\\/#website\"},\"primaryImageOfPage\":{\"@id\":\"https:\\\/\\\/www.akilles.fi\\\/handboll\\\/herrar-miehet-harraste\\\/#primaryimage\"},\"image\":{\"@id\":\"https:\\\/\\\/www.akilles.fi\\\/handboll\\\/herrar-miehet-harraste\\\/#primaryimage\"},\"thumbnailUrl\":\"http:\\\/\\\/www.akilles.fi\\\/handboll\\\/wp-content\\\/uploads\\\/sites\\\/18\\\/2024\\\/09\\\/IMG_2905-e1725730864567-297x300.jpg\",\"datePublished\":\"2019-02-10T13:35:09+00:00\",\"dateModified\":\"2025-08-14T10:50:10+00:00\",\"breadcrumb\":{\"@id\":\"https:\\\/\\\/www.akilles.fi\\\/handboll\\\/herrar-miehet-harraste\\\/#breadcrumb\"},\"inLanguage\":\"sv-SE\",\"potentialAction\":[{\"@type\":\"ReadAction\",\"target\":[\"https:\\\/\\\/www.akilles.fi\\\/handboll\\\/herrar-miehet-harraste\\\/\"]}]},{\"@type\":\"ImageObject\",\"inLanguage\":\"sv-SE\",\"@id\":\"https:\\\/\\\/www.akilles.fi\\\/handboll\\\/herrar-miehet-harraste\\\/#primaryimage\",\"url\":\"https:\\\/\\\/www.akilles.fi\\\/handboll\\\/wp-content\\\/uploads\\\/sites\\\/18\\\/2024\\\/09\\\/IMG_2905-e1725730864567.jpg\",\"contentUrl\":\"https:\\\/\\\/www.akilles.fi\\\/handboll\\\/wp-content\\\/uploads\\\/sites\\\/18\\\/2024\\\/09\\\/IMG_2905-e1725730864567.jpg\",\"width\":1068,\"height\":1080},{\"@type\":\"BreadcrumbList\",\"@id\":\"https:\\\/\\\/www.akilles.fi\\\/handboll\\\/herrar-miehet-harraste\\\/#breadcrumb\",\"itemListElement\":[{\"@type\":\"ListItem\",\"position\":1,\"name\":\"Home\",\"item\":\"https:\\\/\\\/www.akilles.fi\\\/handboll\\\/\"},{\"@type\":\"ListItem\",\"position\":2,\"name\":\"Herrar &#8211; Miehet Harraste\"}]},{\"@type\":\"WebSite\",\"@id\":\"https:\\\/\\\/www.akilles.fi\\\/handboll\\\/#website\",\"url\":\"https:\\\/\\\/www.akilles.fi\\\/handboll\\\/\",\"name\":\"Handboll - K\u00e4sipallo\",\"description\":\"Borg\u00e5 Akilles Handboll - Porvoon Akilles K\u00e4sipallo\",\"potentialAction\":[{\"@type\":\"SearchAction\",\"target\":{\"@type\":\"EntryPoint\",\"urlTemplate\":\"https:\\\/\\\/www.akilles.fi\\\/handboll\\\/?s={search_term_string}\"},\"query-input\":{\"@type\":\"PropertyValueSpecification\",\"valueRequired\":true,\"valueName\":\"search_term_string\"}}],\"inLanguage\":\"sv-SE\"}]}<\/script>\n<!-- \/ Yoast SEO plugin. -->","yoast_head_json":{"title":"Herrar - Miehet Harraste - Handboll - K\u00e4sipallo","robots":{"index":"index","follow":"follow","max-snippet":"max-snippet:-1","max-image-preview":"max-image-preview:large","max-video-preview":"max-video-preview:-1"},"canonical":"https:\/\/www.akilles.fi\/handboll\/herrar-miehet-harraste\/","og_locale":"sv_SE","og_type":"article","og_title":"Herrar - Miehet Harraste - Handboll - K\u00e4sipallo","og_description":"S\u00e4songen 2025-2026 deltar herrarnas hobbylag inte i serien, utan vi tr\u00e4nar och har roligt. Om du \u00e4r f.d. spelare och vill spela igen, ta kontakt. Kaudella 2025-2026 miesten harrastejoukkue ei osallistuu sarjaan, vaan harjoitellaan ja pidet\u00e4\u00e4n hauskaa. Jos olet entinen pelaaja joka haluaisi taas pelata, ota yhteytt\u00e4. Tr\u00e4ningstider \/ Treeniaika (fr.o.m 1.9.2025 alkaen): m\u00e5\/ma kl.\/klo [&hellip;]","og_url":"https:\/\/www.akilles.fi\/handboll\/herrar-miehet-harraste\/","og_site_name":"Handboll - K\u00e4sipallo","article_modified_time":"2025-08-14T10:50:10+00:00","og_image":[{"width":1068,"height":1080,"url":"https:\/\/www.akilles.fi\/handboll\/wp-content\/uploads\/sites\/18\/2024\/09\/IMG_2905-e1725730864567.jpg","type":"image\/jpeg"}],"twitter_card":"summary_large_image","twitter_misc":{"Ber\u00e4knad l\u00e4stid":"1 minut"},"schema":{"@context":"https:\/\/schema.org","@graph":[{"@type":"WebPage","@id":"https:\/\/www.akilles.fi\/handboll\/herrar-miehet-harraste\/","url":"https:\/\/www.akilles.fi\/handboll\/herrar-miehet-harraste\/","name":"Herrar - Miehet Harraste - Handboll - K\u00e4sipallo","isPartOf":{"@id":"https:\/\/www.akilles.fi\/handboll\/#website"},"primaryImageOfPage":{"@id":"https:\/\/www.akilles.fi\/handboll\/herrar-miehet-harraste\/#primaryimage"},"image":{"@id":"https:\/\/www.akilles.fi\/handboll\/herrar-miehet-harraste\/#primaryimage"},"thumbnailUrl":"http:\/\/www.akilles.fi\/handboll\/wp-content\/uploads\/sites\/18\/2024\/09\/IMG_2905-e1725730864567-297x300.jpg","datePublished":"2019-02-10T13:35:09+00:00","dateModified":"2025-08-14T10:50:10+00:00","breadcrumb":{"@id":"https:\/\/www.akilles.fi\/handboll\/herrar-miehet-harraste\/#breadcrumb"},"inLanguage":"sv-SE","potentialAction":[{"@type":"ReadAction","target":["https:\/\/www.akilles.fi\/handboll\/herrar-miehet-harraste\/"]}]},{"@type":"ImageObject","inLanguage":"sv-SE","@id":"https:\/\/www.akilles.fi\/handboll\/herrar-miehet-harraste\/#primaryimage","url":"https:\/\/www.akilles.fi\/handboll\/wp-content\/uploads\/sites\/18\/2024\/09\/IMG_2905-e1725730864567.jpg","contentUrl":"https:\/\/www.akilles.fi\/handboll\/wp-content\/uploads\/sites\/18\/2024\/09\/IMG_2905-e1725730864567.jpg","width":1068,"height":1080},{"@type":"BreadcrumbList","@id":"https:\/\/www.akilles.fi\/handboll\/herrar-miehet-harraste\/#breadcrumb","itemListElement":[{"@type":"ListItem","position":1,"name":"Home","item":"https:\/\/www.akilles.fi\/handboll\/"},{"@type":"ListItem","position":2,"name":"Herrar &#8211; Miehet Harraste"}]},{"@type":"WebSite","@id":"https:\/\/www.akilles.fi\/handboll\/#website","url":"https:\/\/www.akilles.fi\/handboll\/","name":"Handboll - K\u00e4sipallo","description":"Borg\u00e5 Akilles Handboll - Porvoon Akilles K\u00e4sipallo","potentialAction":[{"@type":"SearchAction","target":{"@type":"EntryPoint","urlTemplate":"https:\/\/www.akilles.fi\/handboll\/?s={search_term_string}"},"query-input":{"@type":"PropertyValueSpecification","valueRequired":true,"valueName":"search_term_string"}}],"inLanguage":"sv-SE"}]}},"_links":{"self":[{"href":"https:\/\/www.akilles.fi\/handboll\/wp-json\/wp\/v2\/pages\/515","targetHints":{"allow":["GET"]}}],"collection":[{"href":"https:\/\/www.akilles.fi\/handboll\/wp-json\/wp\/v2\/pages"}],"about":[{"href":"https:\/\/www.akilles.fi\/handboll\/wp-json\/wp\/v2\/types\/page"}],"author":[{"embeddable":true,"href":"https:\/\/www.akilles.fi\/handboll\/wp-json\/wp\/v2\/users\/4"}],"replies":[{"embeddable":true,"href":"https:\/\/www.akilles.fi\/handboll\/wp-json\/wp\/v2\/comments?post=515"}],"version-history":[{"count":37,"href":"https:\/\/www.akilles.fi\/handboll\/wp-json\/wp\/v2\/pages\/515\/revisions"}],"predecessor-version":[{"id":12666,"href":"https:\/\/www.akilles.fi\/handboll\/wp-json\/wp\/v2\/pages\/515\/revisions\/12666"}],"wp:attachment":[{"href":"https:\/\/www.akilles.fi\/handboll\/wp-json\/wp\/v2\/media?parent=515"}],"curies":[{"name":"wp","href":"https:\/\/api.w.org\/{rel}","templated":true}]}}