{"id":516,"date":"2019-02-10T13:35:37","date_gmt":"2019-02-10T13:35:37","guid":{"rendered":"http:\/\/94.237.33.215\/~akilles\/nyasida\/handboll\/?page_id=516"},"modified":"2025-10-10T09:15:12","modified_gmt":"2025-10-10T09:15:12","slug":"damer-naiset-harraste","status":"publish","type":"page","link":"https:\/\/www.akilles.fi\/handboll\/damer-naiset-harraste\/","title":{"rendered":"Damer &#8211; Naiset Harraste"},"content":{"rendered":"\t\t<div data-elementor-type=\"wp-post\" data-elementor-id=\"516\" class=\"elementor elementor-516\" data-elementor-post-type=\"page\">\n\t\t\t\t\t\t<section class=\"elementor-section elementor-top-section elementor-element elementor-element-82872a2 elementor-section-boxed elementor-section-height-default elementor-section-height-default\" data-id=\"82872a2\" data-element_type=\"section\">\n\t\t\t\t\t\t<div class=\"elementor-container elementor-column-gap-default\">\n\t\t\t\t\t<div class=\"elementor-column elementor-col-50 elementor-top-column elementor-element elementor-element-6d2d3ee\" data-id=\"6d2d3ee\" data-element_type=\"column\">\n\t\t\t<div class=\"elementor-widget-wrap elementor-element-populated\">\n\t\t\t\t\t\t<div class=\"elementor-element elementor-element-c4fd5d9 elementor-widget elementor-widget-text-editor\" data-id=\"c4fd5d9\" data-element_type=\"widget\" data-widget_type=\"text-editor.default\">\n\t\t\t\t<div class=\"elementor-widget-container\">\n\t\t\t\t\t\t\t\t\t<p><img fetchpriority=\"high\" decoding=\"async\" class=\"alignnone size-medium wp-image-12812\" src=\"http:\/\/www.akilles.fi\/handboll\/wp-content\/uploads\/sites\/18\/2025\/10\/Naiset_2_div_9383-2-300x192.jpg\" alt=\"\" width=\"300\" height=\"192\" srcset=\"https:\/\/www.akilles.fi\/handboll\/wp-content\/uploads\/sites\/18\/2025\/10\/Naiset_2_div_9383-2-300x192.jpg 300w, https:\/\/www.akilles.fi\/handboll\/wp-content\/uploads\/sites\/18\/2025\/10\/Naiset_2_div_9383-2-1024x655.jpg 1024w, https:\/\/www.akilles.fi\/handboll\/wp-content\/uploads\/sites\/18\/2025\/10\/Naiset_2_div_9383-2-768x491.jpg 768w, https:\/\/www.akilles.fi\/handboll\/wp-content\/uploads\/sites\/18\/2025\/10\/Naiset_2_div_9383-2-1536x983.jpg 1536w, https:\/\/www.akilles.fi\/handboll\/wp-content\/uploads\/sites\/18\/2025\/10\/Naiset_2_div_9383-2-2048x1310.jpg 2048w, https:\/\/www.akilles.fi\/handboll\/wp-content\/uploads\/sites\/18\/2025\/10\/Naiset_2_div_9383-2-280x180.jpg 280w\" sizes=\"(max-width: 300px) 100vw, 300px\" \/><\/p><p><strong>Akilles Damer Harraste<\/strong> best\u00e5r av b\u00e5de nya och gamla spelare som tr\u00e4nar f\u00f6r att ha roligt!<\/p><p>Du \u00e4r v\u00e4lkommen med och spela eller bara tr\u00e4na med oss oberoende niv\u00e5. Vi spelar och tr\u00e4nar f\u00f6r att det \u00e4r roligt! Om du inte l\u00e4ngre \u00e4r i junior\u00e5lder och du vill antingen forts\u00e4tta spela handboll eller prova p\u00e5 n\u00e5got nytt \u00e4r Akilles Damer Harraste f\u00f6r dig!<\/p><p><strong>Akilles Naiset Harraste<\/strong> koostuu uusista ja vanhoista pelaajista, jotka haluavat pit\u00e4\u00e4 hauskaa!<\/p><p>Olet tervetullut mukaan pelaamaan tai vain harjoittelemaan tasosta riippumatta. Pelaamme ja harjoittelemme koska se on hauskaa! Jos et ole juniori-i\u00e4ss\u00e4 en\u00e4\u00e4 ja haluat jatkaa k\u00e4sipallon pelaamista tai kokeilla jotain uutta Akilles Naiset Harraste on oikea valinta!<\/p><h5 data-fontsize=\"18\" data-lineheight=\"23\"><strong><br \/>TR\u00c4NINGAR \/ HARJOITUKSET<\/strong><\/h5><p data-fontsize=\"18\" data-lineheight=\"23\">Onsdag \/ Keskiviikko (fr.o.m. 13.8.2025 alkaen)<br \/>kl.\/klo 19:15-20.30<\/p><p data-fontsize=\"18\" data-lineheight=\"23\">Fredag \/ Perjantai<br \/>kl.\/klo 20-21.30<br \/>Idrottshallen \/ Urheiluhalli<\/p><p data-fontsize=\"18\" data-lineheight=\"23\">Tr\u00e4nare \/ Valmentaja: <strong>Simon Blomfeldt<\/strong><br \/>Lagledare \/ Joukkueenjohtaja: <strong>Jennifer Smeds<\/strong><\/p><h5 data-fontsize=\"18\" data-lineheight=\"23\"><br \/>KONTAKTUPPGIFTER \/ YHTEYSTIEDOT<\/h5><p><b>Simon Blomfeldt<br \/><\/b><span style=\"color: #000000; font-family: 'PT Sans', Arial, Helvetica, sans-serif; font-size: 14px;\">041-3106266<br \/><\/span><a style=\"background-color: #ffffff; font-family: 'PT Sans', Arial, Helvetica, sans-serif; font-size: 14px;\" href=\"mailto:simon.blomfeldt@akilles.fi\">simon.blomfeldt@akilles.fi<\/a><\/p><p><strong>Jennifer Smeds<\/strong><br \/>0405864472<br \/><a href=\"mailto:jennifer.akilles94@hotmail.com\">jennifer.akilles94@hotmail.com<\/a><\/p>\t\t\t\t\t\t\t\t<\/div>\n\t\t\t\t<\/div>\n\t\t\t\t\t<\/div>\n\t\t<\/div>\n\t\t\t\t<div class=\"elementor-column elementor-col-50 elementor-top-column elementor-element elementor-element-d579930\" data-id=\"d579930\" data-element_type=\"column\">\n\t\t\t<div class=\"elementor-widget-wrap elementor-element-populated\">\n\t\t\t\t\t\t<div class=\"elementor-element elementor-element-e6e32ae elementor-widget elementor-widget-heading\" data-id=\"e6e32ae\" data-element_type=\"widget\" data-widget_type=\"heading.default\">\n\t\t\t\t<div class=\"elementor-widget-container\">\n\t\t\t\t\t<h2 class=\"elementor-heading-title elementor-size-default\">Serietabell \/ Sarjataulukko<\/h2>\t\t\t\t<\/div>\n\t\t\t\t<\/div>\n\t\t\t\t<div class=\"elementor-element elementor-element-512ead0 elementor-widget elementor-widget-heading\" data-id=\"512ead0\" data-element_type=\"widget\" data-widget_type=\"heading.default\">\n\t\t\t\t<div class=\"elementor-widget-container\">\n\t\t\t\t\t<h2 class=\"elementor-heading-title elementor-size-default\">N\u00e4sta match \/ Seuraava ottelu<\/h2>\t\t\t\t<\/div>\n\t\t\t\t<\/div>\n\t\t\t\t<div class=\"elementor-element elementor-element-64aff52 elementor-widget elementor-widget-text-editor\" data-id=\"64aff52\" data-element_type=\"widget\" data-widget_type=\"text-editor.default\">\n\t\t\t\t<div class=\"elementor-widget-container\">\n\t\t\t\t\t\t\t\t\t<h5>Matchprogram \/ Otteluohjelma<\/h5><div>\u00a0<\/div>\t\t\t\t\t\t\t\t<\/div>\n\t\t\t\t<\/div>\n\t\t\t\t\t<\/div>\n\t\t<\/div>\n\t\t\t\t\t<\/div>\n\t\t<\/section>\n\t\t\t\t<section class=\"elementor-section elementor-top-section elementor-element elementor-element-36c3953 elementor-section-boxed elementor-section-height-default elementor-section-height-default\" data-id=\"36c3953\" data-element_type=\"section\">\n\t\t\t\t\t\t<div class=\"elementor-container elementor-column-gap-default\">\n\t\t\t\t\t<div class=\"elementor-column elementor-col-100 elementor-top-column elementor-element elementor-element-cefb164\" data-id=\"cefb164\" data-element_type=\"column\">\n\t\t\t<div class=\"elementor-widget-wrap elementor-element-populated\">\n\t\t\t\t\t\t<div class=\"elementor-element elementor-element-3ce96e1 elementor-widget elementor-widget-spacer\" data-id=\"3ce96e1\" data-element_type=\"widget\" data-widget_type=\"spacer.default\">\n\t\t\t\t<div class=\"elementor-widget-container\">\n\t\t\t\t\t\t\t<div class=\"elementor-spacer\">\n\t\t\t<div class=\"elementor-spacer-inner\"><\/div>\n\t\t<\/div>\n\t\t\t\t\t\t<\/div>\n\t\t\t\t<\/div>\n\t\t\t\t\t<\/div>\n\t\t<\/div>\n\t\t\t\t\t<\/div>\n\t\t<\/section>\n\t\t\t\t<\/div>\n\t\t","protected":false},"excerpt":{"rendered":"<p>Akilles Damer Harraste best\u00e5r av b\u00e5de nya och gamla spelare som tr\u00e4nar f\u00f6r att ha roligt! Du \u00e4r v\u00e4lkommen med och spela eller bara tr\u00e4na med oss oberoende niv\u00e5. Vi spelar och tr\u00e4nar f\u00f6r att det \u00e4r roligt! Om du inte l\u00e4ngre \u00e4r i junior\u00e5lder och du vill antingen forts\u00e4tta spela handboll eller prova p\u00e5 [&hellip;]<\/p>\n","protected":false},"author":4,"featured_media":0,"parent":0,"menu_order":0,"comment_status":"closed","ping_status":"closed","template":"","meta":{"_crdt_document":"","footnotes":""},"class_list":["post-516","page","type-page","status-publish","hentry"],"yoast_head":"<!-- This site is optimized with the Yoast SEO plugin v27.4 - https:\/\/yoast.com\/product\/yoast-seo-wordpress\/ -->\n<title>Damer - Naiset Harraste - Handboll - K\u00e4sipallo<\/title>\n<meta name=\"robots\" content=\"index, follow, max-snippet:-1, max-image-preview:large, max-video-preview:-1\" \/>\n<link rel=\"canonical\" href=\"https:\/\/www.akilles.fi\/handboll\/damer-naiset-harraste\/\" \/>\n<meta property=\"og:locale\" content=\"sv_SE\" \/>\n<meta property=\"og:type\" content=\"article\" \/>\n<meta property=\"og:title\" content=\"Damer - Naiset Harraste - Handboll - K\u00e4sipallo\" \/>\n<meta property=\"og:description\" content=\"Akilles Damer Harraste best\u00e5r av b\u00e5de nya och gamla spelare som tr\u00e4nar f\u00f6r att ha roligt! Du \u00e4r v\u00e4lkommen med och spela eller bara tr\u00e4na med oss oberoende niv\u00e5. Vi spelar och tr\u00e4nar f\u00f6r att det \u00e4r roligt! Om du inte l\u00e4ngre \u00e4r i junior\u00e5lder och du vill antingen forts\u00e4tta spela handboll eller prova p\u00e5 [&hellip;]\" \/>\n<meta property=\"og:url\" content=\"https:\/\/www.akilles.fi\/handboll\/damer-naiset-harraste\/\" \/>\n<meta property=\"og:site_name\" content=\"Handboll - K\u00e4sipallo\" \/>\n<meta property=\"article:modified_time\" content=\"2025-10-10T09:15:12+00:00\" \/>\n<meta property=\"og:image\" content=\"https:\/\/www.akilles.fi\/handboll\/wp-content\/uploads\/sites\/18\/2025\/10\/Naiset_2_div_9383-2.jpg\" \/>\n\t<meta property=\"og:image:width\" content=\"2560\" \/>\n\t<meta property=\"og:image:height\" content=\"1638\" \/>\n\t<meta property=\"og:image:type\" content=\"image\/jpeg\" \/>\n<meta name=\"twitter:card\" content=\"summary_large_image\" \/>\n<meta name=\"twitter:label1\" content=\"Ber\u00e4knad l\u00e4stid\" \/>\n\t<meta name=\"twitter:data1\" content=\"2 minuter\" \/>\n<script type=\"application\/ld+json\" class=\"yoast-schema-graph\">{\"@context\":\"https:\\\/\\\/schema.org\",\"@graph\":[{\"@type\":\"WebPage\",\"@id\":\"https:\\\/\\\/www.akilles.fi\\\/handboll\\\/damer-naiset-harraste\\\/\",\"url\":\"https:\\\/\\\/www.akilles.fi\\\/handboll\\\/damer-naiset-harraste\\\/\",\"name\":\"Damer - Naiset Harraste - Handboll - K\u00e4sipallo\",\"isPartOf\":{\"@id\":\"https:\\\/\\\/www.akilles.fi\\\/handboll\\\/#website\"},\"primaryImageOfPage\":{\"@id\":\"https:\\\/\\\/www.akilles.fi\\\/handboll\\\/damer-naiset-harraste\\\/#primaryimage\"},\"image\":{\"@id\":\"https:\\\/\\\/www.akilles.fi\\\/handboll\\\/damer-naiset-harraste\\\/#primaryimage\"},\"thumbnailUrl\":\"http:\\\/\\\/www.akilles.fi\\\/handboll\\\/wp-content\\\/uploads\\\/sites\\\/18\\\/2025\\\/10\\\/Naiset_2_div_9383-2-300x192.jpg\",\"datePublished\":\"2019-02-10T13:35:37+00:00\",\"dateModified\":\"2025-10-10T09:15:12+00:00\",\"breadcrumb\":{\"@id\":\"https:\\\/\\\/www.akilles.fi\\\/handboll\\\/damer-naiset-harraste\\\/#breadcrumb\"},\"inLanguage\":\"sv-SE\",\"potentialAction\":[{\"@type\":\"ReadAction\",\"target\":[\"https:\\\/\\\/www.akilles.fi\\\/handboll\\\/damer-naiset-harraste\\\/\"]}]},{\"@type\":\"ImageObject\",\"inLanguage\":\"sv-SE\",\"@id\":\"https:\\\/\\\/www.akilles.fi\\\/handboll\\\/damer-naiset-harraste\\\/#primaryimage\",\"url\":\"https:\\\/\\\/www.akilles.fi\\\/handboll\\\/wp-content\\\/uploads\\\/sites\\\/18\\\/2025\\\/10\\\/Naiset_2_div_9383-2.jpg\",\"contentUrl\":\"https:\\\/\\\/www.akilles.fi\\\/handboll\\\/wp-content\\\/uploads\\\/sites\\\/18\\\/2025\\\/10\\\/Naiset_2_div_9383-2.jpg\",\"width\":2560,\"height\":1638},{\"@type\":\"BreadcrumbList\",\"@id\":\"https:\\\/\\\/www.akilles.fi\\\/handboll\\\/damer-naiset-harraste\\\/#breadcrumb\",\"itemListElement\":[{\"@type\":\"ListItem\",\"position\":1,\"name\":\"Home\",\"item\":\"https:\\\/\\\/www.akilles.fi\\\/handboll\\\/\"},{\"@type\":\"ListItem\",\"position\":2,\"name\":\"Damer &#8211; Naiset Harraste\"}]},{\"@type\":\"WebSite\",\"@id\":\"https:\\\/\\\/www.akilles.fi\\\/handboll\\\/#website\",\"url\":\"https:\\\/\\\/www.akilles.fi\\\/handboll\\\/\",\"name\":\"Handboll - K\u00e4sipallo\",\"description\":\"Borg\u00e5 Akilles Handboll - Porvoon Akilles K\u00e4sipallo\",\"potentialAction\":[{\"@type\":\"SearchAction\",\"target\":{\"@type\":\"EntryPoint\",\"urlTemplate\":\"https:\\\/\\\/www.akilles.fi\\\/handboll\\\/?s={search_term_string}\"},\"query-input\":{\"@type\":\"PropertyValueSpecification\",\"valueRequired\":true,\"valueName\":\"search_term_string\"}}],\"inLanguage\":\"sv-SE\"}]}<\/script>\n<!-- \/ Yoast SEO plugin. -->","yoast_head_json":{"title":"Damer - Naiset Harraste - Handboll - K\u00e4sipallo","robots":{"index":"index","follow":"follow","max-snippet":"max-snippet:-1","max-image-preview":"max-image-preview:large","max-video-preview":"max-video-preview:-1"},"canonical":"https:\/\/www.akilles.fi\/handboll\/damer-naiset-harraste\/","og_locale":"sv_SE","og_type":"article","og_title":"Damer - Naiset Harraste - Handboll - K\u00e4sipallo","og_description":"Akilles Damer Harraste best\u00e5r av b\u00e5de nya och gamla spelare som tr\u00e4nar f\u00f6r att ha roligt! Du \u00e4r v\u00e4lkommen med och spela eller bara tr\u00e4na med oss oberoende niv\u00e5. Vi spelar och tr\u00e4nar f\u00f6r att det \u00e4r roligt! Om du inte l\u00e4ngre \u00e4r i junior\u00e5lder och du vill antingen forts\u00e4tta spela handboll eller prova p\u00e5 [&hellip;]","og_url":"https:\/\/www.akilles.fi\/handboll\/damer-naiset-harraste\/","og_site_name":"Handboll - K\u00e4sipallo","article_modified_time":"2025-10-10T09:15:12+00:00","og_image":[{"width":2560,"height":1638,"url":"https:\/\/www.akilles.fi\/handboll\/wp-content\/uploads\/sites\/18\/2025\/10\/Naiset_2_div_9383-2.jpg","type":"image\/jpeg"}],"twitter_card":"summary_large_image","twitter_misc":{"Ber\u00e4knad l\u00e4stid":"2 minuter"},"schema":{"@context":"https:\/\/schema.org","@graph":[{"@type":"WebPage","@id":"https:\/\/www.akilles.fi\/handboll\/damer-naiset-harraste\/","url":"https:\/\/www.akilles.fi\/handboll\/damer-naiset-harraste\/","name":"Damer - Naiset Harraste - Handboll - K\u00e4sipallo","isPartOf":{"@id":"https:\/\/www.akilles.fi\/handboll\/#website"},"primaryImageOfPage":{"@id":"https:\/\/www.akilles.fi\/handboll\/damer-naiset-harraste\/#primaryimage"},"image":{"@id":"https:\/\/www.akilles.fi\/handboll\/damer-naiset-harraste\/#primaryimage"},"thumbnailUrl":"http:\/\/www.akilles.fi\/handboll\/wp-content\/uploads\/sites\/18\/2025\/10\/Naiset_2_div_9383-2-300x192.jpg","datePublished":"2019-02-10T13:35:37+00:00","dateModified":"2025-10-10T09:15:12+00:00","breadcrumb":{"@id":"https:\/\/www.akilles.fi\/handboll\/damer-naiset-harraste\/#breadcrumb"},"inLanguage":"sv-SE","potentialAction":[{"@type":"ReadAction","target":["https:\/\/www.akilles.fi\/handboll\/damer-naiset-harraste\/"]}]},{"@type":"ImageObject","inLanguage":"sv-SE","@id":"https:\/\/www.akilles.fi\/handboll\/damer-naiset-harraste\/#primaryimage","url":"https:\/\/www.akilles.fi\/handboll\/wp-content\/uploads\/sites\/18\/2025\/10\/Naiset_2_div_9383-2.jpg","contentUrl":"https:\/\/www.akilles.fi\/handboll\/wp-content\/uploads\/sites\/18\/2025\/10\/Naiset_2_div_9383-2.jpg","width":2560,"height":1638},{"@type":"BreadcrumbList","@id":"https:\/\/www.akilles.fi\/handboll\/damer-naiset-harraste\/#breadcrumb","itemListElement":[{"@type":"ListItem","position":1,"name":"Home","item":"https:\/\/www.akilles.fi\/handboll\/"},{"@type":"ListItem","position":2,"name":"Damer &#8211; Naiset Harraste"}]},{"@type":"WebSite","@id":"https:\/\/www.akilles.fi\/handboll\/#website","url":"https:\/\/www.akilles.fi\/handboll\/","name":"Handboll - K\u00e4sipallo","description":"Borg\u00e5 Akilles Handboll - Porvoon Akilles K\u00e4sipallo","potentialAction":[{"@type":"SearchAction","target":{"@type":"EntryPoint","urlTemplate":"https:\/\/www.akilles.fi\/handboll\/?s={search_term_string}"},"query-input":{"@type":"PropertyValueSpecification","valueRequired":true,"valueName":"search_term_string"}}],"inLanguage":"sv-SE"}]}},"_links":{"self":[{"href":"https:\/\/www.akilles.fi\/handboll\/wp-json\/wp\/v2\/pages\/516","targetHints":{"allow":["GET"]}}],"collection":[{"href":"https:\/\/www.akilles.fi\/handboll\/wp-json\/wp\/v2\/pages"}],"about":[{"href":"https:\/\/www.akilles.fi\/handboll\/wp-json\/wp\/v2\/types\/page"}],"author":[{"embeddable":true,"href":"https:\/\/www.akilles.fi\/handboll\/wp-json\/wp\/v2\/users\/4"}],"replies":[{"embeddable":true,"href":"https:\/\/www.akilles.fi\/handboll\/wp-json\/wp\/v2\/comments?post=516"}],"version-history":[{"count":83,"href":"https:\/\/www.akilles.fi\/handboll\/wp-json\/wp\/v2\/pages\/516\/revisions"}],"predecessor-version":[{"id":12886,"href":"https:\/\/www.akilles.fi\/handboll\/wp-json\/wp\/v2\/pages\/516\/revisions\/12886"}],"wp:attachment":[{"href":"https:\/\/www.akilles.fi\/handboll\/wp-json\/wp\/v2\/media?parent=516"}],"curies":[{"name":"wp","href":"https:\/\/api.w.org\/{rel}","templated":true}]}}