{"id":1475,"date":"2023-02-21T08:57:35","date_gmt":"2023-02-21T08:57:35","guid":{"rendered":"https:\/\/www.akilles.fi\/orientering\/?page_id=1475"},"modified":"2024-02-21T12:37:44","modified_gmt":"2024-02-21T12:37:44","slug":"motionsorientering-kuntosuunnistus-2022","status":"publish","type":"page","link":"https:\/\/www.akilles.fi\/orientering\/motionsorientering-kuntosuunnistus-2022\/","title":{"rendered":"Motionsorientering \u2013 Kuntosuunnistus 2023"},"content":{"rendered":"\t\t<div data-elementor-type=\"wp-page\" data-elementor-id=\"1475\" class=\"elementor elementor-1475\" data-elementor-post-type=\"page\">\n\t\t\t\t\t\t<section class=\"elementor-section elementor-top-section elementor-element elementor-element-503a30ae elementor-section-boxed elementor-section-height-default elementor-section-height-default\" data-id=\"503a30ae\" data-element_type=\"section\">\n\t\t\t\t\t\t<div class=\"elementor-container elementor-column-gap-default\">\n\t\t\t\t\t<div class=\"elementor-column elementor-col-100 elementor-top-column elementor-element elementor-element-32e9f188\" data-id=\"32e9f188\" data-element_type=\"column\">\n\t\t\t<div class=\"elementor-widget-wrap elementor-element-populated\">\n\t\t\t\t\t\t<div class=\"elementor-element elementor-element-443e8c55 elementor-widget elementor-widget-text-editor\" data-id=\"443e8c55\" data-element_type=\"widget\" data-widget_type=\"text-editor.default\">\n\t\t\t\t<div class=\"elementor-widget-container\">\n\t\t\t\t\t\t\t\t\t<p><\/p>\n<h5><strong>AOK MOTO 2023<\/strong><\/h5>\n<p class=\"wp-block-paragraph\"><\/p>\n<h5>15.5. Illby, Ilola<\/h5>\n<p class=\"wp-block-paragraph\"><\/p>\n<p class=\"wp-block-paragraph\"><strong>Banl\u00e4ggare \u2013 Ratamestari: Peter Stenb\u00e4ck<\/strong><\/p>\n<p><a href=\"http:\/\/www.akilles.fi\/orientering\/wp-content\/uploads\/sites\/23\/2024\/02\/15.5.2023-Lopputulokset-Ilola.pdf\" target=\"_blank\" rel=\"noopener\">Resultat &#8211; Tulokset<\/a><\/p>\n<p><strong><\/strong><\/p>\n<p class=\"wp-block-paragraph\"><a href=\"http:\/\/www.akilles.fi\/orientering\/wp-content\/uploads\/sites\/23\/2024\/02\/15.5.2023-Valiajat-Ilola.pdf\" target=\"_blank\" rel=\"noopener\">Mellantider &#8211; V\u00e4liajat<\/a><\/p>\n<p><\/p>\n<h5>5.6. Kokonniemi, Kokon<\/h5>\n<p class=\"wp-block-paragraph\"><\/p>\n<p class=\"wp-block-paragraph\"><strong>Banl\u00e4ggare \u2013 Ratamestari: Antero Yli-Ikkel\u00e4<\/strong><\/p>\n<p><a href=\"http:\/\/www.akilles.fi\/orientering\/wp-content\/uploads\/sites\/23\/2024\/02\/5.6.2023-Lopputulokset-Kokonniemi.pdf\" target=\"_blank\" rel=\"noopener\">Resultat &#8211; Tulokset<\/a><\/p>\n<p><strong><\/strong><\/p>\n<p class=\"wp-block-paragraph\"><a href=\"http:\/\/www.akilles.fi\/orientering\/wp-content\/uploads\/sites\/23\/2024\/02\/5.6.2023-Valiajat-Kokonniemi.pdf\" target=\"_blank\" rel=\"noopener\">Mellantider &#8211; V\u00e4liajat<\/a><\/p>\n<p><\/p>\n<p class=\"wp-block-paragraph\"><\/p>\n<h5>10.7. Karilasand<\/h5>\n<p class=\"wp-block-paragraph\"><\/p>\n<p class=\"wp-block-paragraph\"><strong>Banl\u00e4ggare \u2013 Ratamestari: Hans Ekholm<\/strong><\/p>\n<p><strong><\/strong><\/p>\n<p class=\"wp-block-paragraph\"><a href=\"http:\/\/www.akilles.fi\/orientering\/wp-content\/uploads\/sites\/23\/2024\/02\/10.7.2023-Lopputulokset-Sondby.pdf\" target=\"_blank\" rel=\"noopener\">Resultat &#8211; Tulokset<\/a><\/p>\n<p><strong><\/strong><\/p>\n<p class=\"wp-block-paragraph\"><a href=\"http:\/\/www.akilles.fi\/orientering\/wp-content\/uploads\/sites\/23\/2024\/02\/10.7.2023-Valiajat-Sondby.pdf\" target=\"_blank\" rel=\"noopener\">Mellantider \u2013 V\u00e4liajat<\/a><\/p>\n<h5>7.8. Holken, Ebbo<\/h5>\n<p><\/p>\n<p class=\"wp-block-paragraph\"><strong>Banl\u00e4ggare \u2013 Ratamestari: Michael Lillandt<\/strong><\/p>\n<p><strong><\/strong><\/p>\n<p class=\"wp-block-paragraph\"><a href=\"http:\/\/www.akilles.fi\/orientering\/wp-content\/uploads\/sites\/23\/2024\/02\/7.8.2023-Lopputulokset-Holkenin.pdf\" target=\"_blank\" rel=\"noopener\">Resultat &#8211; Tulokset<\/a><\/p>\n<p><strong><\/strong><\/p>\n<p class=\"wp-block-paragraph\"><a href=\"http:\/\/www.akilles.fi\/orientering\/wp-content\/uploads\/sites\/23\/2024\/02\/7.8.2023-Valiajat-Holken.pdf\" target=\"_blank\" rel=\"noopener\">Mellantider &#8211; V\u00e4liajat<\/a><\/p>\n<h5>28.8. R\u00e4nnarberget<\/h5>\n<p><\/p>\n<p class=\"wp-block-paragraph\"><\/p>\n<p class=\"wp-block-paragraph\"><strong>Banl\u00e4ggare \u2013 Ratamestari: Vesa Isoniemi<\/strong><\/p>\n<p><strong><\/strong><\/p>\n<p class=\"wp-block-paragraph\"><a href=\"http:\/\/www.akilles.fi\/orientering\/wp-content\/uploads\/sites\/23\/2024\/02\/28.8.2023-Lopputulokset-Rannarberget.pdf\" target=\"_blank\" rel=\"noopener\">Resultat &#8211; Tulokset<\/a><\/p>\n<p><strong><\/strong><\/p>\n<p class=\"wp-block-paragraph\"><a href=\"http:\/\/www.akilles.fi\/orientering\/wp-content\/uploads\/sites\/23\/2024\/02\/28.8.2023-Valiajat-Rannarberget.pdf\" target=\"_blank\" rel=\"noopener\">Mellantider \u2013 V\u00e4liajat<\/a><\/p>\n<p><\/p>\n<p class=\"wp-block-paragraph\"><\/p>\n<h5>18.9. Sillvik (Natt)<\/h5>\n<p class=\"wp-block-paragraph\"><\/p>\n<p class=\"wp-block-paragraph\"><strong>Banl\u00e4ggare \u2013 Ratamestari: Jan Alden<\/strong><\/p>\n<p><strong><\/strong><\/p>\n<p class=\"wp-block-paragraph\"><a href=\"http:\/\/www.akilles.fi\/orientering\/wp-content\/uploads\/sites\/23\/2024\/02\/18.9.2023-Lopputulokset-Sillvik.pdf\" target=\"_blank\" rel=\"noopener\">Resultat &#8211; Tulokset<\/a><\/p>\n<p><strong><\/strong><\/p>\n<p class=\"wp-block-paragraph\"><a href=\"http:\/\/www.akilles.fi\/orientering\/wp-content\/uploads\/sites\/23\/2024\/02\/18.9.2023-Valiajat-Sillvik.pdf\" target=\"_blank\" rel=\"noopener\">Mellantider \u2013 V\u00e4liajat<\/a><\/p>\n<p><\/p>\t\t\t\t\t\t\t\t<\/div>\n\t\t\t\t<\/div>\n\t\t\t\t\t<\/div>\n\t\t<\/div>\n\t\t\t\t\t<\/div>\n\t\t<\/section>\n\t\t\t\t<\/div>\n\t\t","protected":false},"excerpt":{"rendered":"<p>AOK MOTO 2023 15.5. Illby, Ilola Banl\u00e4ggare \u2013 Ratamestari: Peter Stenb\u00e4ck Resultat &#8211; Tulokset Mellantider &#8211; V\u00e4liajat 5.6. Kokonniemi, Kokon Banl\u00e4ggare \u2013 Ratamestari: Antero Yli-Ikkel\u00e4 Resultat &#8211; Tulokset Mellantider &#8211; V\u00e4liajat 10.7. Karilasand Banl\u00e4ggare \u2013 Ratamestari: Hans Ekholm Resultat &#8211; Tulokset Mellantider \u2013 V\u00e4liajat 7.8. Holken, Ebbo Banl\u00e4ggare \u2013 Ratamestari: Michael Lillandt Resultat &#8211; Tulokset [&hellip;]<\/p>\n","protected":false},"author":21,"featured_media":0,"parent":0,"menu_order":0,"comment_status":"closed","ping_status":"closed","template":"","meta":{"_crdt_document":"","footnotes":""},"class_list":["post-1475","page","type-page","status-publish","hentry"],"yoast_head":"<!-- This site is optimized with the Yoast SEO plugin v26.8 - https:\/\/yoast.com\/product\/yoast-seo-wordpress\/ -->\n<title>Motionsorientering \u2013 Kuntosuunnistus 2023 - Orientering - Suunnistus<\/title>\n<meta name=\"robots\" content=\"index, follow, max-snippet:-1, max-image-preview:large, max-video-preview:-1\" \/>\n<link rel=\"canonical\" href=\"https:\/\/www.akilles.fi\/orientering\/motionsorientering-kuntosuunnistus-2022\/\" \/>\n<meta property=\"og:locale\" content=\"en_US\" \/>\n<meta property=\"og:type\" content=\"article\" \/>\n<meta property=\"og:title\" content=\"Motionsorientering \u2013 Kuntosuunnistus 2023 - Orientering - Suunnistus\" \/>\n<meta property=\"og:description\" content=\"AOK MOTO 2023 15.5. Illby, Ilola Banl\u00e4ggare \u2013 Ratamestari: Peter Stenb\u00e4ck Resultat &#8211; Tulokset Mellantider &#8211; V\u00e4liajat 5.6. Kokonniemi, Kokon Banl\u00e4ggare \u2013 Ratamestari: Antero Yli-Ikkel\u00e4 Resultat &#8211; Tulokset Mellantider &#8211; V\u00e4liajat 10.7. Karilasand Banl\u00e4ggare \u2013 Ratamestari: Hans Ekholm Resultat &#8211; Tulokset Mellantider \u2013 V\u00e4liajat 7.8. Holken, Ebbo Banl\u00e4ggare \u2013 Ratamestari: Michael Lillandt Resultat &#8211; Tulokset [&hellip;]\" \/>\n<meta property=\"og:url\" content=\"https:\/\/www.akilles.fi\/orientering\/motionsorientering-kuntosuunnistus-2022\/\" \/>\n<meta property=\"og:site_name\" content=\"Orientering - Suunnistus\" \/>\n<meta property=\"article:modified_time\" content=\"2024-02-21T12:37:44+00:00\" \/>\n<meta name=\"twitter:card\" content=\"summary_large_image\" \/>\n<meta name=\"twitter:label1\" content=\"Est. reading time\" \/>\n\t<meta name=\"twitter:data1\" content=\"1 minute\" \/>\n<script type=\"application\/ld+json\" class=\"yoast-schema-graph\">{\"@context\":\"https:\/\/schema.org\",\"@graph\":[{\"@type\":\"WebPage\",\"@id\":\"https:\/\/www.akilles.fi\/orientering\/motionsorientering-kuntosuunnistus-2022\/\",\"url\":\"https:\/\/www.akilles.fi\/orientering\/motionsorientering-kuntosuunnistus-2022\/\",\"name\":\"Motionsorientering \u2013 Kuntosuunnistus 2023 - Orientering - Suunnistus\",\"isPartOf\":{\"@id\":\"https:\/\/www.akilles.fi\/orientering\/#website\"},\"datePublished\":\"2023-02-21T08:57:35+00:00\",\"dateModified\":\"2024-02-21T12:37:44+00:00\",\"breadcrumb\":{\"@id\":\"https:\/\/www.akilles.fi\/orientering\/motionsorientering-kuntosuunnistus-2022\/#breadcrumb\"},\"inLanguage\":\"en-US\",\"potentialAction\":[{\"@type\":\"ReadAction\",\"target\":[\"https:\/\/www.akilles.fi\/orientering\/motionsorientering-kuntosuunnistus-2022\/\"]}]},{\"@type\":\"BreadcrumbList\",\"@id\":\"https:\/\/www.akilles.fi\/orientering\/motionsorientering-kuntosuunnistus-2022\/#breadcrumb\",\"itemListElement\":[{\"@type\":\"ListItem\",\"position\":1,\"name\":\"Home\",\"item\":\"https:\/\/www.akilles.fi\/orientering\/\"},{\"@type\":\"ListItem\",\"position\":2,\"name\":\"Motionsorientering \u2013 Kuntosuunnistus 2023\"}]},{\"@type\":\"WebSite\",\"@id\":\"https:\/\/www.akilles.fi\/orientering\/#website\",\"url\":\"https:\/\/www.akilles.fi\/orientering\/\",\"name\":\"Orientering - Suunnistus\",\"description\":\"Borg\u00e5 Akilles Orientering - Porvoon Akilles Suunnistus\",\"potentialAction\":[{\"@type\":\"SearchAction\",\"target\":{\"@type\":\"EntryPoint\",\"urlTemplate\":\"https:\/\/www.akilles.fi\/orientering\/?s={search_term_string}\"},\"query-input\":{\"@type\":\"PropertyValueSpecification\",\"valueRequired\":true,\"valueName\":\"search_term_string\"}}],\"inLanguage\":\"en-US\"}]}<\/script>\n<!-- \/ Yoast SEO plugin. -->","yoast_head_json":{"title":"Motionsorientering \u2013 Kuntosuunnistus 2023 - Orientering - Suunnistus","robots":{"index":"index","follow":"follow","max-snippet":"max-snippet:-1","max-image-preview":"max-image-preview:large","max-video-preview":"max-video-preview:-1"},"canonical":"https:\/\/www.akilles.fi\/orientering\/motionsorientering-kuntosuunnistus-2022\/","og_locale":"en_US","og_type":"article","og_title":"Motionsorientering \u2013 Kuntosuunnistus 2023 - Orientering - Suunnistus","og_description":"AOK MOTO 2023 15.5. Illby, Ilola Banl\u00e4ggare \u2013 Ratamestari: Peter Stenb\u00e4ck Resultat &#8211; Tulokset Mellantider &#8211; V\u00e4liajat 5.6. Kokonniemi, Kokon Banl\u00e4ggare \u2013 Ratamestari: Antero Yli-Ikkel\u00e4 Resultat &#8211; Tulokset Mellantider &#8211; V\u00e4liajat 10.7. Karilasand Banl\u00e4ggare \u2013 Ratamestari: Hans Ekholm Resultat &#8211; Tulokset Mellantider \u2013 V\u00e4liajat 7.8. Holken, Ebbo Banl\u00e4ggare \u2013 Ratamestari: Michael Lillandt Resultat &#8211; Tulokset [&hellip;]","og_url":"https:\/\/www.akilles.fi\/orientering\/motionsorientering-kuntosuunnistus-2022\/","og_site_name":"Orientering - Suunnistus","article_modified_time":"2024-02-21T12:37:44+00:00","twitter_card":"summary_large_image","twitter_misc":{"Est. reading time":"1 minute"},"schema":{"@context":"https:\/\/schema.org","@graph":[{"@type":"WebPage","@id":"https:\/\/www.akilles.fi\/orientering\/motionsorientering-kuntosuunnistus-2022\/","url":"https:\/\/www.akilles.fi\/orientering\/motionsorientering-kuntosuunnistus-2022\/","name":"Motionsorientering \u2013 Kuntosuunnistus 2023 - Orientering - Suunnistus","isPartOf":{"@id":"https:\/\/www.akilles.fi\/orientering\/#website"},"datePublished":"2023-02-21T08:57:35+00:00","dateModified":"2024-02-21T12:37:44+00:00","breadcrumb":{"@id":"https:\/\/www.akilles.fi\/orientering\/motionsorientering-kuntosuunnistus-2022\/#breadcrumb"},"inLanguage":"en-US","potentialAction":[{"@type":"ReadAction","target":["https:\/\/www.akilles.fi\/orientering\/motionsorientering-kuntosuunnistus-2022\/"]}]},{"@type":"BreadcrumbList","@id":"https:\/\/www.akilles.fi\/orientering\/motionsorientering-kuntosuunnistus-2022\/#breadcrumb","itemListElement":[{"@type":"ListItem","position":1,"name":"Home","item":"https:\/\/www.akilles.fi\/orientering\/"},{"@type":"ListItem","position":2,"name":"Motionsorientering \u2013 Kuntosuunnistus 2023"}]},{"@type":"WebSite","@id":"https:\/\/www.akilles.fi\/orientering\/#website","url":"https:\/\/www.akilles.fi\/orientering\/","name":"Orientering - Suunnistus","description":"Borg\u00e5 Akilles Orientering - Porvoon Akilles Suunnistus","potentialAction":[{"@type":"SearchAction","target":{"@type":"EntryPoint","urlTemplate":"https:\/\/www.akilles.fi\/orientering\/?s={search_term_string}"},"query-input":{"@type":"PropertyValueSpecification","valueRequired":true,"valueName":"search_term_string"}}],"inLanguage":"en-US"}]}},"_links":{"self":[{"href":"https:\/\/www.akilles.fi\/orientering\/wp-json\/wp\/v2\/pages\/1475","targetHints":{"allow":["GET"]}}],"collection":[{"href":"https:\/\/www.akilles.fi\/orientering\/wp-json\/wp\/v2\/pages"}],"about":[{"href":"https:\/\/www.akilles.fi\/orientering\/wp-json\/wp\/v2\/types\/page"}],"author":[{"embeddable":true,"href":"https:\/\/www.akilles.fi\/orientering\/wp-json\/wp\/v2\/users\/21"}],"replies":[{"embeddable":true,"href":"https:\/\/www.akilles.fi\/orientering\/wp-json\/wp\/v2\/comments?post=1475"}],"version-history":[{"count":23,"href":"https:\/\/www.akilles.fi\/orientering\/wp-json\/wp\/v2\/pages\/1475\/revisions"}],"predecessor-version":[{"id":1573,"href":"https:\/\/www.akilles.fi\/orientering\/wp-json\/wp\/v2\/pages\/1475\/revisions\/1573"}],"wp:attachment":[{"href":"https:\/\/www.akilles.fi\/orientering\/wp-json\/wp\/v2\/media?parent=1475"}],"curies":[{"name":"wp","href":"https:\/\/api.w.org\/{rel}","templated":true}]}}