{"id":448,"date":"2019-02-07T08:55:07","date_gmt":"2019-02-07T08:55:07","guid":{"rendered":"http:\/\/94.237.33.215\/~akilles\/nyasida\/orientering\/?page_id=448"},"modified":"2021-04-11T16:59:44","modified_gmt":"2021-04-11T16:59:44","slug":"sektionsinfo-jaostoinfo","status":"publish","type":"page","link":"https:\/\/www.akilles.fi\/orientering\/sektionsinfo-jaostoinfo\/","title":{"rendered":"Sektionsinfo &#8211; Jaostoinfo"},"content":{"rendered":"\t\t<div data-elementor-type=\"wp-post\" data-elementor-id=\"448\" class=\"elementor elementor-448\" data-elementor-post-type=\"page\">\n\t\t\t\t\t\t<section class=\"elementor-section elementor-top-section elementor-element elementor-element-10c926b elementor-section-boxed elementor-section-height-default elementor-section-height-default\" data-id=\"10c926b\" data-element_type=\"section\">\n\t\t\t\t\t\t<div class=\"elementor-container elementor-column-gap-default\">\n\t\t\t\t\t<div class=\"elementor-column elementor-col-100 elementor-top-column elementor-element elementor-element-997761f\" data-id=\"997761f\" data-element_type=\"column\">\n\t\t\t<div class=\"elementor-widget-wrap elementor-element-populated\">\n\t\t\t\t\t\t<div class=\"elementor-element elementor-element-7d1efde elementor-widget elementor-widget-text-editor\" data-id=\"7d1efde\" data-element_type=\"widget\" data-widget_type=\"text-editor.default\">\n\t\t\t\t<div class=\"elementor-widget-container\">\n\t\t\t\t\t\t\t\t\t<p>Akilles OK (AOK) \u00e4r orienteringssektionen inom Borg\u00e5 Akilles. AOK grundades \u00e5r 1937 och har f\u00f6r tillf\u00e4llet kring 100 medlemmar.<\/p><p>Till f\u00f6reningens uppgifter h\u00f6r att erbjuda sina medlemmar f\u00f6ruts\u00e4ttningar att ut\u00f6va orienteringssporten p\u00e5 \u00f6nskad niv\u00e5, allt fr\u00e5n h\u00f6gklassig elit- och t\u00e4vlingsorientering till ungdoms och motionsorientering.<\/p><p>Tyngdpunkten ligger p\u00e5 juniorverksamheten men f\u00f6reningen riktar sig till orienterare i alla \u00e5ldrar. V\u00e5r verksamhet koordineras av styrelsen. AOK \u00e4r en tv\u00e5spr\u00e5kig f\u00f6rening och medlem i Finlands svenska orienteringsf\u00f6rbund (FSO).<\/p><p>I november 2014 grundade AOK, tillsammans med Sibbo Vargarnas orienteringssektion och OK Orient, en ny \u00d6stnyl\u00e4ndsk takf\u00f6rening inom orienteringen &#8211;\u00a0<strong>OK Trian<\/strong>. I och med en takf\u00f6rening, har medlemsf\u00f6reningarna b\u00e4ttre f\u00f6ruts\u00e4ttningar att erbjuda sina medlemmar m\u00e5ngsidig och konkurrenskraftig orienteringsverksamhet. Samtidigt ges de \u00f6stnyl\u00e4ndska orienterarna en m\u00f6jlighet att representera en gemensam f\u00f6rening. Mera information om OK Trian finns p\u00e5 web&#8211;adressen\u00a0<a href=\"http:\/\/oktrian.fi\/\" target=\"_blank\" rel=\"noopener\">www.oktrian.fi<\/a>.<\/p><p>AOK informerar sina medlemmar via hemsidan (www.akillesok.idrott.fi) samt per epost. F\u00f6reningen har \u00e4ven en Facebook-sida som anv\u00e4nds f\u00f6r informering och som bildgalleri.<\/p><p>F\u00f6r till\u00e4ggsinformation, ta kontakt med ordf\u00f6rande i f\u00f6reningen: <a href=\"https:\/\/www.akilles.fi\/orientering\/kontaktuppgifter-yhteystiedot\/\" target=\"_blank\" rel=\"noopener\">Kontaktuppgifter<\/a><\/p><h4>Medlemsskap<\/h4><p>Som medlem i AOK har du m\u00f6jlighet att delta i all v\u00e5r egen verksamhet samt OK Trians verksamhet. Som medlem har du \u00e4ven m\u00f6jlighet att utnyttja klubbstugan Holken f\u00f6r privat bruk.<\/p><h6>Medlemsavgifter 2021<\/h6><p>V\u00e4lj ett av f\u00f6ljande alternativ:<\/p><p>1) Borg\u00e5 Akilles \/ Akilles OK medlemsavgift 20\u20ac vuxna, 10\u20ac under 18 \u00e5r<\/p><ul><li>R\u00e4tt att gratis delta i AOK:s moto evenemang (ca 6-7st per s\u00e4song)<\/li><\/ul><p>2) OK Trian medlemsavgift 60 \u20ac\/person, inneh\u00e5llande<\/p><ul><li>Ing\u00e5r AOK medlemsavgift<\/li><li>R\u00e4tt till deltaga OK Trians versamhet medlemsavgift<\/li><li>R\u00e4tt att gratis delta i AOK:s moto evenemang (ca 6-7st per s\u00e4song)<\/li><li>Under 19 &#8211; \u00e5riga juniorer f\u00e5r delta gratis i moton arrangerade av (OK Trian) AOK, OK Orient och i KU-Rastit som arrangeras av Sibbo Vargarna.<\/li><\/ul><p>3) OK Trian medlemsavgift 150 \u20ac\/familj, inneh\u00e5llande<\/p><ul><li>Ing\u00e5r AOK medlemsavgifterna<\/li><li>R\u00e4tt till hela familjen att delta i OK Trians versamhet<\/li><li>R\u00e4tt att gratis delta i AOK:s moto evenemang (ca 6-7st per s\u00e4song)<\/li><li>Under 19 &#8211; \u00e5riga juniorer f\u00e5r delta gratis i moton arrangerade av (OK Trian) AOK, OK Orient och i KU-Rastit som arrangeras av Sibbo Vargarna.<\/li><\/ul><h4>Bli medlem i AOK<\/h4><p><strong>Blir medlem i myclub:<\/strong> <a href=\"http:\/\/akilles.myclub.fi\/login\" target=\"_blank\" rel=\"noopener\"><strong>http:\/\/akilles.myclub.fi\/login<\/strong><\/a><\/p><p>Kontakta ordf\u00f6rande eller n\u00e5gon annan styrelsemedlem om du har problem med myclub.<\/p>\t\t\t\t\t\t\t\t<\/div>\n\t\t\t\t<\/div>\n\t\t\t\t\t<\/div>\n\t\t<\/div>\n\t\t\t\t\t<\/div>\n\t\t<\/section>\n\t\t\t\t<\/div>\n\t\t","protected":false},"excerpt":{"rendered":"<p>Akilles OK (AOK) \u00e4r orienteringssektionen inom Borg\u00e5 Akilles. AOK grundades \u00e5r 1937 och har f\u00f6r tillf\u00e4llet kring 100 medlemmar. Till f\u00f6reningens uppgifter h\u00f6r att erbjuda sina medlemmar f\u00f6ruts\u00e4ttningar att ut\u00f6va orienteringssporten p\u00e5 \u00f6nskad niv\u00e5, allt fr\u00e5n h\u00f6gklassig elit- och t\u00e4vlingsorientering till ungdoms och motionsorientering. Tyngdpunkten ligger p\u00e5 juniorverksamheten men f\u00f6reningen riktar sig till orienterare i [&hellip;]<\/p>\n","protected":false},"author":4,"featured_media":0,"parent":0,"menu_order":0,"comment_status":"closed","ping_status":"closed","template":"","meta":{"_crdt_document":"","footnotes":""},"class_list":["post-448","page","type-page","status-publish","hentry"],"yoast_head":"<!-- This site is optimized with the Yoast SEO plugin v27.4 - https:\/\/yoast.com\/product\/yoast-seo-wordpress\/ -->\n<title>Sektionsinfo - Jaostoinfo - Orientering - Suunnistus<\/title>\n<meta name=\"robots\" content=\"index, follow, max-snippet:-1, max-image-preview:large, max-video-preview:-1\" \/>\n<link rel=\"canonical\" href=\"https:\/\/www.akilles.fi\/orientering\/sektionsinfo-jaostoinfo\/\" \/>\n<meta property=\"og:locale\" content=\"en_US\" \/>\n<meta property=\"og:type\" content=\"article\" \/>\n<meta property=\"og:title\" content=\"Sektionsinfo - Jaostoinfo - Orientering - Suunnistus\" \/>\n<meta property=\"og:description\" content=\"Akilles OK (AOK) \u00e4r orienteringssektionen inom Borg\u00e5 Akilles. AOK grundades \u00e5r 1937 och har f\u00f6r tillf\u00e4llet kring 100 medlemmar. Till f\u00f6reningens uppgifter h\u00f6r att erbjuda sina medlemmar f\u00f6ruts\u00e4ttningar att ut\u00f6va orienteringssporten p\u00e5 \u00f6nskad niv\u00e5, allt fr\u00e5n h\u00f6gklassig elit- och t\u00e4vlingsorientering till ungdoms och motionsorientering. Tyngdpunkten ligger p\u00e5 juniorverksamheten men f\u00f6reningen riktar sig till orienterare i [&hellip;]\" \/>\n<meta property=\"og:url\" content=\"https:\/\/www.akilles.fi\/orientering\/sektionsinfo-jaostoinfo\/\" \/>\n<meta property=\"og:site_name\" content=\"Orientering - Suunnistus\" \/>\n<meta property=\"article:modified_time\" content=\"2021-04-11T16:59:44+00:00\" \/>\n<meta name=\"twitter:card\" content=\"summary_large_image\" \/>\n<meta name=\"twitter:label1\" content=\"Est. reading time\" \/>\n\t<meta name=\"twitter:data1\" content=\"2 minutes\" \/>\n<script type=\"application\/ld+json\" class=\"yoast-schema-graph\">{\"@context\":\"https:\\\/\\\/schema.org\",\"@graph\":[{\"@type\":\"WebPage\",\"@id\":\"https:\\\/\\\/www.akilles.fi\\\/orientering\\\/sektionsinfo-jaostoinfo\\\/\",\"url\":\"https:\\\/\\\/www.akilles.fi\\\/orientering\\\/sektionsinfo-jaostoinfo\\\/\",\"name\":\"Sektionsinfo - Jaostoinfo - Orientering - Suunnistus\",\"isPartOf\":{\"@id\":\"https:\\\/\\\/www.akilles.fi\\\/orientering\\\/#website\"},\"datePublished\":\"2019-02-07T08:55:07+00:00\",\"dateModified\":\"2021-04-11T16:59:44+00:00\",\"breadcrumb\":{\"@id\":\"https:\\\/\\\/www.akilles.fi\\\/orientering\\\/sektionsinfo-jaostoinfo\\\/#breadcrumb\"},\"inLanguage\":\"en-US\",\"potentialAction\":[{\"@type\":\"ReadAction\",\"target\":[\"https:\\\/\\\/www.akilles.fi\\\/orientering\\\/sektionsinfo-jaostoinfo\\\/\"]}]},{\"@type\":\"BreadcrumbList\",\"@id\":\"https:\\\/\\\/www.akilles.fi\\\/orientering\\\/sektionsinfo-jaostoinfo\\\/#breadcrumb\",\"itemListElement\":[{\"@type\":\"ListItem\",\"position\":1,\"name\":\"Home\",\"item\":\"https:\\\/\\\/www.akilles.fi\\\/orientering\\\/\"},{\"@type\":\"ListItem\",\"position\":2,\"name\":\"Sektionsinfo &#8211; Jaostoinfo\"}]},{\"@type\":\"WebSite\",\"@id\":\"https:\\\/\\\/www.akilles.fi\\\/orientering\\\/#website\",\"url\":\"https:\\\/\\\/www.akilles.fi\\\/orientering\\\/\",\"name\":\"Orientering - Suunnistus\",\"description\":\"Borg\u00e5 Akilles Orientering - Porvoon Akilles Suunnistus\",\"potentialAction\":[{\"@type\":\"SearchAction\",\"target\":{\"@type\":\"EntryPoint\",\"urlTemplate\":\"https:\\\/\\\/www.akilles.fi\\\/orientering\\\/?s={search_term_string}\"},\"query-input\":{\"@type\":\"PropertyValueSpecification\",\"valueRequired\":true,\"valueName\":\"search_term_string\"}}],\"inLanguage\":\"en-US\"}]}<\/script>\n<!-- \/ Yoast SEO plugin. -->","yoast_head_json":{"title":"Sektionsinfo - Jaostoinfo - Orientering - Suunnistus","robots":{"index":"index","follow":"follow","max-snippet":"max-snippet:-1","max-image-preview":"max-image-preview:large","max-video-preview":"max-video-preview:-1"},"canonical":"https:\/\/www.akilles.fi\/orientering\/sektionsinfo-jaostoinfo\/","og_locale":"en_US","og_type":"article","og_title":"Sektionsinfo - Jaostoinfo - Orientering - Suunnistus","og_description":"Akilles OK (AOK) \u00e4r orienteringssektionen inom Borg\u00e5 Akilles. AOK grundades \u00e5r 1937 och har f\u00f6r tillf\u00e4llet kring 100 medlemmar. Till f\u00f6reningens uppgifter h\u00f6r att erbjuda sina medlemmar f\u00f6ruts\u00e4ttningar att ut\u00f6va orienteringssporten p\u00e5 \u00f6nskad niv\u00e5, allt fr\u00e5n h\u00f6gklassig elit- och t\u00e4vlingsorientering till ungdoms och motionsorientering. Tyngdpunkten ligger p\u00e5 juniorverksamheten men f\u00f6reningen riktar sig till orienterare i [&hellip;]","og_url":"https:\/\/www.akilles.fi\/orientering\/sektionsinfo-jaostoinfo\/","og_site_name":"Orientering - Suunnistus","article_modified_time":"2021-04-11T16:59:44+00:00","twitter_card":"summary_large_image","twitter_misc":{"Est. reading time":"2 minutes"},"schema":{"@context":"https:\/\/schema.org","@graph":[{"@type":"WebPage","@id":"https:\/\/www.akilles.fi\/orientering\/sektionsinfo-jaostoinfo\/","url":"https:\/\/www.akilles.fi\/orientering\/sektionsinfo-jaostoinfo\/","name":"Sektionsinfo - Jaostoinfo - Orientering - Suunnistus","isPartOf":{"@id":"https:\/\/www.akilles.fi\/orientering\/#website"},"datePublished":"2019-02-07T08:55:07+00:00","dateModified":"2021-04-11T16:59:44+00:00","breadcrumb":{"@id":"https:\/\/www.akilles.fi\/orientering\/sektionsinfo-jaostoinfo\/#breadcrumb"},"inLanguage":"en-US","potentialAction":[{"@type":"ReadAction","target":["https:\/\/www.akilles.fi\/orientering\/sektionsinfo-jaostoinfo\/"]}]},{"@type":"BreadcrumbList","@id":"https:\/\/www.akilles.fi\/orientering\/sektionsinfo-jaostoinfo\/#breadcrumb","itemListElement":[{"@type":"ListItem","position":1,"name":"Home","item":"https:\/\/www.akilles.fi\/orientering\/"},{"@type":"ListItem","position":2,"name":"Sektionsinfo &#8211; Jaostoinfo"}]},{"@type":"WebSite","@id":"https:\/\/www.akilles.fi\/orientering\/#website","url":"https:\/\/www.akilles.fi\/orientering\/","name":"Orientering - Suunnistus","description":"Borg\u00e5 Akilles Orientering - Porvoon Akilles Suunnistus","potentialAction":[{"@type":"SearchAction","target":{"@type":"EntryPoint","urlTemplate":"https:\/\/www.akilles.fi\/orientering\/?s={search_term_string}"},"query-input":{"@type":"PropertyValueSpecification","valueRequired":true,"valueName":"search_term_string"}}],"inLanguage":"en-US"}]}},"_links":{"self":[{"href":"https:\/\/www.akilles.fi\/orientering\/wp-json\/wp\/v2\/pages\/448","targetHints":{"allow":["GET"]}}],"collection":[{"href":"https:\/\/www.akilles.fi\/orientering\/wp-json\/wp\/v2\/pages"}],"about":[{"href":"https:\/\/www.akilles.fi\/orientering\/wp-json\/wp\/v2\/types\/page"}],"author":[{"embeddable":true,"href":"https:\/\/www.akilles.fi\/orientering\/wp-json\/wp\/v2\/users\/4"}],"replies":[{"embeddable":true,"href":"https:\/\/www.akilles.fi\/orientering\/wp-json\/wp\/v2\/comments?post=448"}],"version-history":[{"count":9,"href":"https:\/\/www.akilles.fi\/orientering\/wp-json\/wp\/v2\/pages\/448\/revisions"}],"predecessor-version":[{"id":1154,"href":"https:\/\/www.akilles.fi\/orientering\/wp-json\/wp\/v2\/pages\/448\/revisions\/1154"}],"wp:attachment":[{"href":"https:\/\/www.akilles.fi\/orientering\/wp-json\/wp\/v2\/media?parent=448"}],"curies":[{"name":"wp","href":"https:\/\/api.w.org\/{rel}","templated":true}]}}