{"id":451,"date":"2019-02-07T08:55:56","date_gmt":"2019-02-07T08:55:56","guid":{"rendered":"http:\/\/94.237.33.215\/~akilles\/nyasida\/orientering\/?page_id=451"},"modified":"2020-09-10T06:51:14","modified_gmt":"2020-09-10T06:51:14","slug":"motionsorientering-kuntosuunnistus","status":"publish","type":"page","link":"https:\/\/www.akilles.fi\/orientering\/motionsorientering-kuntosuunnistus\/","title":{"rendered":"Motionsorientering &#8211; Kuntosuunnistus 2019"},"content":{"rendered":"\t\t<div data-elementor-type=\"wp-post\" data-elementor-id=\"451\" class=\"elementor elementor-451\" data-elementor-post-type=\"page\">\n\t\t\t\t\t\t<section class=\"elementor-section elementor-top-section elementor-element elementor-element-0306ea6 elementor-section-boxed elementor-section-height-default elementor-section-height-default\" data-id=\"0306ea6\" data-element_type=\"section\">\n\t\t\t\t\t\t<div class=\"elementor-container elementor-column-gap-default\">\n\t\t\t\t\t<div class=\"elementor-column elementor-col-100 elementor-top-column elementor-element elementor-element-e176574\" data-id=\"e176574\" data-element_type=\"column\">\n\t\t\t<div class=\"elementor-widget-wrap elementor-element-populated\">\n\t\t\t\t\t\t<div class=\"elementor-element elementor-element-32a3c1a elementor-widget elementor-widget-text-editor\" data-id=\"32a3c1a\" data-element_type=\"widget\" data-widget_type=\"text-editor.default\">\n\t\t\t\t<div class=\"elementor-widget-container\">\n\t\t\t\t\t\t\t\t\t<p>AOK MOTO 2019<\/p><hr \/><p><strong>8.4 V\u00e5rberga, R\u00f6nnv\u00e4gens p-plats \/ Kev\u00e4tkumpu, Pihjajatien p-paikka<\/strong><\/p><p>Banl\u00e4ggare &#8211; Ratamestari: Hasse Ekholm<\/p><p><a href=\"http:\/\/www.akilles.fi\/orientering\/wp-content\/uploads\/sites\/23\/2019\/04\/t20190408.pdf\" target=\"_blank\" rel=\"noopener\">Resultat &#8211; Tulokset<\/a><\/p><p><a href=\"http:\/\/www.akilles.fi\/orientering\/wp-content\/uploads\/sites\/23\/2019\/04\/v20190408.pdf\" target=\"_blank\" rel=\"noopener\">Mellantider &#8211; V\u00e4liajat<\/a><\/p><hr \/><p><strong>6.5 Holken, Ebbo \/ Epoo<\/strong><\/p><p>Banl\u00e4ggare &#8211; Ratamestari: Vesa Isoniemi<\/p><p><a href=\"http:\/\/www.akilles.fi\/orientering\/wp-content\/uploads\/sites\/23\/2019\/05\/t20190506.pdf\" target=\"_blank\" rel=\"noopener\">Resultat &#8211; Tulokset<\/a><\/p><p><a href=\"http:\/\/www.akilles.fi\/orientering\/wp-content\/uploads\/sites\/23\/2019\/05\/v20190506.pdf\" target=\"_blank\" rel=\"noopener\">Mellantider &#8211; V\u00e4liajat<\/a><\/p><hr \/><p><strong>17.6 Illby \/ Ilola<\/strong><\/p><p>Banl\u00e4ggare &#8211; Ratamestari: Peter Stenb\u00e4ck<\/p><p><a href=\"http:\/\/www.akilles.fi\/orientering\/wp-content\/uploads\/sites\/23\/2019\/06\/t20190617.pdf\" target=\"_blank\" rel=\"noopener\">Resultat &#8211; Tulokset<\/a><\/p><p><a href=\"http:\/\/www.akilles.fi\/orientering\/wp-content\/uploads\/sites\/23\/2019\/06\/v20190617.pdf\" target=\"_blank\" rel=\"noopener\">Mellantider &#8211; V\u00e4liajat<\/a><\/p><hr \/><p><strong>1.7 Sondby<\/strong><\/p><p>Banl\u00e4ggare &#8211; Ratamestari: Hasse Ekholm<\/p><p><a href=\"http:\/\/www.akilles.fi\/orientering\/wp-content\/uploads\/sites\/23\/2019\/07\/t20190701.pdf\" target=\"_blank\" rel=\"noopener\">Resultat &#8211; Tulokset<\/a><\/p><p><a href=\"http:\/\/www.akilles.fi\/orientering\/wp-content\/uploads\/sites\/23\/2019\/07\/v20190701.pdf\" target=\"_blank\" rel=\"noopener\">Mellantider &#8211; V\u00e4liajat<\/a><\/p><hr \/><p><strong>29.7\u00a0<\/strong><span style=\"font-weight: 600\">Holken, Ebbo \/ Epoo<\/span><\/p><p>Banl\u00e4ggare &#8211; Ratamestari: Janne Alden<\/p><p><a href=\"http:\/\/www.akilles.fi\/orientering\/wp-content\/uploads\/sites\/23\/2019\/07\/t20190730.pdf\" target=\"_blank\" rel=\"noopener\">Resultat &#8211; Tulokset<\/a><\/p><p><a href=\"http:\/\/www.akilles.fi\/orientering\/wp-content\/uploads\/sites\/23\/2019\/07\/v20190730.pdf\" target=\"_blank\" rel=\"noopener\">Mellantider &#8211; V\u00e4liajat<\/a><\/p><hr \/><p><strong>19.8 <\/strong><b>Karhunkorpi<\/b><\/p><p>Banl\u00e4ggare &#8211; Ratamestari: Vesa Isoniemi<\/p><p><a href=\"http:\/\/www.akilles.fi\/orientering\/wp-content\/uploads\/sites\/23\/2019\/08\/t20190820.pdf\" target=\"_blank\" rel=\"noopener\">Resultat &#8211; Tulokset<\/a><\/p><p><a href=\"http:\/\/www.akilles.fi\/orientering\/wp-content\/uploads\/sites\/23\/2019\/08\/v20190820.pdf\" target=\"_blank\" rel=\"noopener\">Mellantider &#8211; V\u00e4liajat<\/a><\/p><hr \/><p><strong>23.9 Sillvik, ocks\u00e5 natt \/ my\u00f6s y\u00f6<\/strong><\/p><p>Banl\u00e4ggare &#8211; Ratamestari: Anders Lindahl<\/p><p><a href=\"http:\/\/www.akilles.fi\/orientering\/wp-content\/uploads\/sites\/23\/2019\/09\/t20190923.pdf\" target=\"_blank\" rel=\"noopener\">Resultat &#8211; Tulokset<\/a><\/p><p><a href=\"http:\/\/www.akilles.fi\/orientering\/wp-content\/uploads\/sites\/23\/2019\/09\/v20190923.pdf\" target=\"_blank\" rel=\"noopener\">Mellantider &#8211; V\u00e4liajat<\/a><\/p><hr \/><p><a href=\"https:\/\/www.borga.fi\/motionsorientering-i-borganejden-2019\" target=\"_blank\" rel=\"noopener\">Moto direktiv &#8211; ohjeet<\/a><\/p>\t\t\t\t\t\t\t\t<\/div>\n\t\t\t\t<\/div>\n\t\t\t\t\t<\/div>\n\t\t<\/div>\n\t\t\t\t\t<\/div>\n\t\t<\/section>\n\t\t\t\t<\/div>\n\t\t","protected":false},"excerpt":{"rendered":"<p>AOK MOTO 2019 8.4 V\u00e5rberga, R\u00f6nnv\u00e4gens p-plats \/ Kev\u00e4tkumpu, Pihjajatien p-paikka Banl\u00e4ggare &#8211; Ratamestari: Hasse Ekholm Resultat &#8211; Tulokset Mellantider &#8211; V\u00e4liajat 6.5 Holken, Ebbo \/ Epoo Banl\u00e4ggare &#8211; Ratamestari: Vesa Isoniemi Resultat &#8211; Tulokset Mellantider &#8211; V\u00e4liajat 17.6 Illby \/ Ilola Banl\u00e4ggare &#8211; Ratamestari: Peter Stenb\u00e4ck Resultat &#8211; Tulokset Mellantider &#8211; V\u00e4liajat 1.7 Sondby [&hellip;]<\/p>\n","protected":false},"author":4,"featured_media":0,"parent":0,"menu_order":0,"comment_status":"closed","ping_status":"closed","template":"","meta":{"_crdt_document":"","footnotes":""},"class_list":["post-451","page","type-page","status-publish","hentry"],"yoast_head":"<!-- This site is optimized with the Yoast SEO plugin v26.8 - https:\/\/yoast.com\/product\/yoast-seo-wordpress\/ -->\n<title>Motionsorientering - Kuntosuunnistus 2019 - Orientering - Suunnistus<\/title>\n<meta name=\"robots\" content=\"index, follow, max-snippet:-1, max-image-preview:large, max-video-preview:-1\" \/>\n<link rel=\"canonical\" href=\"https:\/\/www.akilles.fi\/orientering\/motionsorientering-kuntosuunnistus\/\" \/>\n<meta property=\"og:locale\" content=\"en_US\" \/>\n<meta property=\"og:type\" content=\"article\" \/>\n<meta property=\"og:title\" content=\"Motionsorientering - Kuntosuunnistus 2019 - Orientering - Suunnistus\" \/>\n<meta property=\"og:description\" content=\"AOK MOTO 2019 8.4 V\u00e5rberga, R\u00f6nnv\u00e4gens p-plats \/ Kev\u00e4tkumpu, Pihjajatien p-paikka Banl\u00e4ggare &#8211; Ratamestari: Hasse Ekholm Resultat &#8211; Tulokset Mellantider &#8211; V\u00e4liajat 6.5 Holken, Ebbo \/ Epoo Banl\u00e4ggare &#8211; Ratamestari: Vesa Isoniemi Resultat &#8211; Tulokset Mellantider &#8211; V\u00e4liajat 17.6 Illby \/ Ilola Banl\u00e4ggare &#8211; Ratamestari: Peter Stenb\u00e4ck Resultat &#8211; Tulokset Mellantider &#8211; V\u00e4liajat 1.7 Sondby [&hellip;]\" \/>\n<meta property=\"og:url\" content=\"https:\/\/www.akilles.fi\/orientering\/motionsorientering-kuntosuunnistus\/\" \/>\n<meta property=\"og:site_name\" content=\"Orientering - Suunnistus\" \/>\n<meta property=\"article:modified_time\" content=\"2020-09-10T06:51:14+00:00\" \/>\n<meta name=\"twitter:card\" content=\"summary_large_image\" \/>\n<meta name=\"twitter:label1\" content=\"Est. reading time\" \/>\n\t<meta name=\"twitter:data1\" content=\"1 minute\" \/>\n<script type=\"application\/ld+json\" class=\"yoast-schema-graph\">{\"@context\":\"https:\/\/schema.org\",\"@graph\":[{\"@type\":\"WebPage\",\"@id\":\"https:\/\/www.akilles.fi\/orientering\/motionsorientering-kuntosuunnistus\/\",\"url\":\"https:\/\/www.akilles.fi\/orientering\/motionsorientering-kuntosuunnistus\/\",\"name\":\"Motionsorientering - Kuntosuunnistus 2019 - Orientering - Suunnistus\",\"isPartOf\":{\"@id\":\"https:\/\/www.akilles.fi\/orientering\/#website\"},\"datePublished\":\"2019-02-07T08:55:56+00:00\",\"dateModified\":\"2020-09-10T06:51:14+00:00\",\"breadcrumb\":{\"@id\":\"https:\/\/www.akilles.fi\/orientering\/motionsorientering-kuntosuunnistus\/#breadcrumb\"},\"inLanguage\":\"en-US\",\"potentialAction\":[{\"@type\":\"ReadAction\",\"target\":[\"https:\/\/www.akilles.fi\/orientering\/motionsorientering-kuntosuunnistus\/\"]}]},{\"@type\":\"BreadcrumbList\",\"@id\":\"https:\/\/www.akilles.fi\/orientering\/motionsorientering-kuntosuunnistus\/#breadcrumb\",\"itemListElement\":[{\"@type\":\"ListItem\",\"position\":1,\"name\":\"Home\",\"item\":\"https:\/\/www.akilles.fi\/orientering\/\"},{\"@type\":\"ListItem\",\"position\":2,\"name\":\"Motionsorientering &#8211; Kuntosuunnistus 2019\"}]},{\"@type\":\"WebSite\",\"@id\":\"https:\/\/www.akilles.fi\/orientering\/#website\",\"url\":\"https:\/\/www.akilles.fi\/orientering\/\",\"name\":\"Orientering - Suunnistus\",\"description\":\"Borg\u00e5 Akilles Orientering - Porvoon Akilles Suunnistus\",\"potentialAction\":[{\"@type\":\"SearchAction\",\"target\":{\"@type\":\"EntryPoint\",\"urlTemplate\":\"https:\/\/www.akilles.fi\/orientering\/?s={search_term_string}\"},\"query-input\":{\"@type\":\"PropertyValueSpecification\",\"valueRequired\":true,\"valueName\":\"search_term_string\"}}],\"inLanguage\":\"en-US\"}]}<\/script>\n<!-- \/ Yoast SEO plugin. -->","yoast_head_json":{"title":"Motionsorientering - Kuntosuunnistus 2019 - Orientering - Suunnistus","robots":{"index":"index","follow":"follow","max-snippet":"max-snippet:-1","max-image-preview":"max-image-preview:large","max-video-preview":"max-video-preview:-1"},"canonical":"https:\/\/www.akilles.fi\/orientering\/motionsorientering-kuntosuunnistus\/","og_locale":"en_US","og_type":"article","og_title":"Motionsorientering - Kuntosuunnistus 2019 - Orientering - Suunnistus","og_description":"AOK MOTO 2019 8.4 V\u00e5rberga, R\u00f6nnv\u00e4gens p-plats \/ Kev\u00e4tkumpu, Pihjajatien p-paikka Banl\u00e4ggare &#8211; Ratamestari: Hasse Ekholm Resultat &#8211; Tulokset Mellantider &#8211; V\u00e4liajat 6.5 Holken, Ebbo \/ Epoo Banl\u00e4ggare &#8211; Ratamestari: Vesa Isoniemi Resultat &#8211; Tulokset Mellantider &#8211; V\u00e4liajat 17.6 Illby \/ Ilola Banl\u00e4ggare &#8211; Ratamestari: Peter Stenb\u00e4ck Resultat &#8211; Tulokset Mellantider &#8211; V\u00e4liajat 1.7 Sondby [&hellip;]","og_url":"https:\/\/www.akilles.fi\/orientering\/motionsorientering-kuntosuunnistus\/","og_site_name":"Orientering - Suunnistus","article_modified_time":"2020-09-10T06:51:14+00:00","twitter_card":"summary_large_image","twitter_misc":{"Est. reading time":"1 minute"},"schema":{"@context":"https:\/\/schema.org","@graph":[{"@type":"WebPage","@id":"https:\/\/www.akilles.fi\/orientering\/motionsorientering-kuntosuunnistus\/","url":"https:\/\/www.akilles.fi\/orientering\/motionsorientering-kuntosuunnistus\/","name":"Motionsorientering - Kuntosuunnistus 2019 - Orientering - Suunnistus","isPartOf":{"@id":"https:\/\/www.akilles.fi\/orientering\/#website"},"datePublished":"2019-02-07T08:55:56+00:00","dateModified":"2020-09-10T06:51:14+00:00","breadcrumb":{"@id":"https:\/\/www.akilles.fi\/orientering\/motionsorientering-kuntosuunnistus\/#breadcrumb"},"inLanguage":"en-US","potentialAction":[{"@type":"ReadAction","target":["https:\/\/www.akilles.fi\/orientering\/motionsorientering-kuntosuunnistus\/"]}]},{"@type":"BreadcrumbList","@id":"https:\/\/www.akilles.fi\/orientering\/motionsorientering-kuntosuunnistus\/#breadcrumb","itemListElement":[{"@type":"ListItem","position":1,"name":"Home","item":"https:\/\/www.akilles.fi\/orientering\/"},{"@type":"ListItem","position":2,"name":"Motionsorientering &#8211; Kuntosuunnistus 2019"}]},{"@type":"WebSite","@id":"https:\/\/www.akilles.fi\/orientering\/#website","url":"https:\/\/www.akilles.fi\/orientering\/","name":"Orientering - Suunnistus","description":"Borg\u00e5 Akilles Orientering - Porvoon Akilles Suunnistus","potentialAction":[{"@type":"SearchAction","target":{"@type":"EntryPoint","urlTemplate":"https:\/\/www.akilles.fi\/orientering\/?s={search_term_string}"},"query-input":{"@type":"PropertyValueSpecification","valueRequired":true,"valueName":"search_term_string"}}],"inLanguage":"en-US"}]}},"_links":{"self":[{"href":"https:\/\/www.akilles.fi\/orientering\/wp-json\/wp\/v2\/pages\/451","targetHints":{"allow":["GET"]}}],"collection":[{"href":"https:\/\/www.akilles.fi\/orientering\/wp-json\/wp\/v2\/pages"}],"about":[{"href":"https:\/\/www.akilles.fi\/orientering\/wp-json\/wp\/v2\/types\/page"}],"author":[{"embeddable":true,"href":"https:\/\/www.akilles.fi\/orientering\/wp-json\/wp\/v2\/users\/4"}],"replies":[{"embeddable":true,"href":"https:\/\/www.akilles.fi\/orientering\/wp-json\/wp\/v2\/comments?post=451"}],"version-history":[{"count":20,"href":"https:\/\/www.akilles.fi\/orientering\/wp-json\/wp\/v2\/pages\/451\/revisions"}],"predecessor-version":[{"id":1087,"href":"https:\/\/www.akilles.fi\/orientering\/wp-json\/wp\/v2\/pages\/451\/revisions\/1087"}],"wp:attachment":[{"href":"https:\/\/www.akilles.fi\/orientering\/wp-json\/wp\/v2\/media?parent=451"}],"curies":[{"name":"wp","href":"https:\/\/api.w.org\/{rel}","templated":true}]}}