{"id":724,"date":"2020-06-18T21:17:40","date_gmt":"2020-06-18T21:17:40","guid":{"rendered":"http:\/\/www.akilles.fi\/orientering\/?page_id=724"},"modified":"2020-10-22T18:02:00","modified_gmt":"2020-10-22T18:02:00","slug":"naid-2020-orientering-masterskap","status":"publish","type":"page","link":"https:\/\/www.akilles.fi\/orientering\/naid-2020-orientering-masterskap\/","title":{"rendered":"N\u00c5ID 2020 Orientering m\u00e4sterskap"},"content":{"rendered":"\t\t<div data-elementor-type=\"wp-page\" data-elementor-id=\"724\" class=\"elementor elementor-724\" data-elementor-post-type=\"page\">\n\t\t\t\t\t\t<section class=\"elementor-section elementor-top-section elementor-element elementor-element-252fa114 elementor-section-boxed elementor-section-height-default elementor-section-height-default\" data-id=\"252fa114\" data-element_type=\"section\">\n\t\t\t\t\t\t<div class=\"elementor-container elementor-column-gap-default\">\n\t\t\t\t\t<div class=\"elementor-column elementor-col-100 elementor-top-column elementor-element elementor-element-58f88a20\" data-id=\"58f88a20\" data-element_type=\"column\">\n\t\t\t<div class=\"elementor-widget-wrap elementor-element-populated\">\n\t\t\t\t\t\t<div class=\"elementor-element elementor-element-48a13db elementor-widget elementor-widget-text-editor\" data-id=\"48a13db\" data-element_type=\"widget\" data-widget_type=\"text-editor.default\">\n\t\t\t\t<div class=\"elementor-widget-container\">\n\t\t\t\t\t\t\t\t\t<h2><strong>Nyland-\u00c5bolands Idrotts distrikt (N\u00c5ID) orienterings m\u00e4sterskap 2020 arrangerades i Borg\u00e5 den 6.9.2020<\/strong><\/h2>\n<p>\u00a0<\/p>\t\t\t\t\t\t\t\t<\/div>\n\t\t\t\t<\/div>\n\t\t\t\t<div class=\"elementor-element elementor-element-3fd84e3f elementor-widget elementor-widget-text-editor\" data-id=\"3fd84e3f\" data-element_type=\"widget\" data-widget_type=\"text-editor.default\">\n\t\t\t\t<div class=\"elementor-widget-container\">\n\t\t\t\t\t\t\t\t\t<h3><a href=\"http:\/\/www.akilles.fi\/orientering\/wp-content\/uploads\/sites\/23\/2020\/08\/N\u00c5ID2020-t\u00e4vlingsinbjudan.pdf\" target=\"_blank\" rel=\"noopener\">N\u00c5ID 2020 t\u00e4vlingsinbjudan<\/a> \u00a0<\/h3>\n<h3><a href=\"http:\/\/www.akilles.fi\/orientering\/wp-content\/uploads\/sites\/23\/2020\/09\/NAID2020-tavlingsdirektiv.pdf\" target=\"_blank\" rel=\"noopener\">N\u00c5ID2020 t\u00e4vlingsdirektiv<\/a> \u00a0 \u00a0<\/h3>\n<h3><a href=\"http:\/\/www.akilles.fi\/orientering\/wp-content\/uploads\/sites\/23\/2020\/09\/Startlista-i-klassvis.pdf\" target=\"_blank\" rel=\"noopener\">Individuella medeldistans, startlista, klassvis<\/a><\/h3>\n<h3><a href=\"http:\/\/www.akilles.fi\/orientering\/wp-content\/uploads\/sites\/23\/2020\/09\/Startlista-i-foreningsvis.pdf\" target=\"_blank\" rel=\"noopener\">Individuella medeldistans, startlista, f\u00f6reningsvis<\/a><\/h3>\n<h3><a href=\"http:\/\/www.akilles.fi\/orientering\/wp-content\/uploads\/sites\/23\/2020\/09\/Startlista-stafett.pdf\" target=\"_blank\" rel=\"noopener\">Stafett startlista, klassvis<\/a><\/h3>\n<p>\u00a0<\/p>\n<p>\u00a0<\/p>\n<p>\u00a0<\/p>\n<p>\u00a0<\/p>\n<h3><!-- \/wp:paragraph --><!-- wp:paragraph --><\/h3>\n<h3><a href=\"http:\/\/www.akilles.fi\/orientering\/wp-content\/uploads\/sites\/23\/2020\/10\/Resultat-inviduell.pdf\">Resultat, inviduell<\/a><\/h3>\n<h3><a href=\"http:\/\/www.akilles.fi\/orientering\/wp-content\/uploads\/sites\/23\/2020\/09\/Resultat-stafett.pdf\" target=\"_blank\" rel=\"noopener\">Resultat, stafett<\/a><\/h3>\n<h3><a href=\"http:\/\/www.akilles.fi\/orientering\/wp-content\/uploads\/sites\/23\/2020\/09\/Stracktider-stafett.pdf\" target=\"_blank\" rel=\"noopener\">Str\u00e4cktider, stafett<\/a><\/h3>\n<h3>\u00a0<\/h3>\n<h3>\u00a0\u00a0 \u00a0 \u00a0 \u00a0 \u00a0 \u00a0\u00a0\u00a0\u00a0\u00a0\u00a0\u00a0\u00a0\u00a0\u00a0\u00a0\u00a0\u00a0<\/h3>\n<p>\u00a0<\/p>\n<h6><strong>\u00a0 \u00a0 \u00a0 \u00a0 \u00a0 \u00a0 \u00a0 \u00a0 \u00a0 \u00a0 \u00a0 \u00a0 \u00a0 \u00a0 \u00a0 \u00a0 \u00a0 \u00a0 \u00a0 \u00a0 \u00a0 \u00a0\u00a0 <\/strong><strong><br \/><\/strong><\/h6>\n<p>\u00a0<\/p>\n<p><!-- \/wp:paragraph --><!-- wp:paragraph --><\/p>\n<p><!-- \/wp:paragraph --><\/p>\t\t\t\t\t\t\t\t<\/div>\n\t\t\t\t<\/div>\n\t\t\t\t\t<\/div>\n\t\t<\/div>\n\t\t\t\t\t<\/div>\n\t\t<\/section>\n\t\t\t\t<\/div>\n\t\t","protected":false},"excerpt":{"rendered":"<p>Nyland-\u00c5bolands Idrotts distrikt (N\u00c5ID) orienterings m\u00e4sterskap 2020 arrangerades i Borg\u00e5 den 6.9.2020 \u00a0 N\u00c5ID 2020 t\u00e4vlingsinbjudan \u00a0 N\u00c5ID2020 t\u00e4vlingsdirektiv \u00a0 \u00a0 Individuella medeldistans, startlista, klassvis Individuella medeldistans, startlista, f\u00f6reningsvis Stafett startlista, klassvis \u00a0 \u00a0 \u00a0 \u00a0 Resultat, inviduell Resultat, stafett Str\u00e4cktider, stafett \u00a0 \u00a0\u00a0 \u00a0 \u00a0 \u00a0 \u00a0 \u00a0\u00a0\u00a0\u00a0\u00a0\u00a0\u00a0\u00a0\u00a0\u00a0\u00a0\u00a0\u00a0 \u00a0 \u00a0 \u00a0 \u00a0 \u00a0 \u00a0 [&hellip;]<\/p>\n","protected":false},"author":21,"featured_media":0,"parent":0,"menu_order":0,"comment_status":"closed","ping_status":"closed","template":"","meta":{"_crdt_document":"","footnotes":""},"class_list":["post-724","page","type-page","status-publish","hentry"],"yoast_head":"<!-- This site is optimized with the Yoast SEO plugin v27.4 - https:\/\/yoast.com\/product\/yoast-seo-wordpress\/ -->\n<title>N\u00c5ID 2020 Orientering m\u00e4sterskap - Orientering - Suunnistus<\/title>\n<meta name=\"robots\" content=\"index, follow, max-snippet:-1, max-image-preview:large, max-video-preview:-1\" \/>\n<link rel=\"canonical\" href=\"https:\/\/www.akilles.fi\/orientering\/naid-2020-orientering-masterskap\/\" \/>\n<meta property=\"og:locale\" content=\"en_US\" \/>\n<meta property=\"og:type\" content=\"article\" \/>\n<meta property=\"og:title\" content=\"N\u00c5ID 2020 Orientering m\u00e4sterskap - Orientering - Suunnistus\" \/>\n<meta property=\"og:description\" content=\"Nyland-\u00c5bolands Idrotts distrikt (N\u00c5ID) orienterings m\u00e4sterskap 2020 arrangerades i Borg\u00e5 den 6.9.2020 \u00a0 N\u00c5ID 2020 t\u00e4vlingsinbjudan \u00a0 N\u00c5ID2020 t\u00e4vlingsdirektiv \u00a0 \u00a0 Individuella medeldistans, startlista, klassvis Individuella medeldistans, startlista, f\u00f6reningsvis Stafett startlista, klassvis \u00a0 \u00a0 \u00a0 \u00a0 Resultat, inviduell Resultat, stafett Str\u00e4cktider, stafett \u00a0 \u00a0\u00a0 \u00a0 \u00a0 \u00a0 \u00a0 \u00a0\u00a0\u00a0\u00a0\u00a0\u00a0\u00a0\u00a0\u00a0\u00a0\u00a0\u00a0\u00a0 \u00a0 \u00a0 \u00a0 \u00a0 \u00a0 \u00a0 [&hellip;]\" \/>\n<meta property=\"og:url\" content=\"https:\/\/www.akilles.fi\/orientering\/naid-2020-orientering-masterskap\/\" \/>\n<meta property=\"og:site_name\" content=\"Orientering - Suunnistus\" \/>\n<meta property=\"article:modified_time\" content=\"2020-10-22T18:02:00+00:00\" \/>\n<meta name=\"twitter:card\" content=\"summary_large_image\" \/>\n<script type=\"application\/ld+json\" class=\"yoast-schema-graph\">{\"@context\":\"https:\\\/\\\/schema.org\",\"@graph\":[{\"@type\":\"WebPage\",\"@id\":\"https:\\\/\\\/www.akilles.fi\\\/orientering\\\/naid-2020-orientering-masterskap\\\/\",\"url\":\"https:\\\/\\\/www.akilles.fi\\\/orientering\\\/naid-2020-orientering-masterskap\\\/\",\"name\":\"N\u00c5ID 2020 Orientering m\u00e4sterskap - Orientering - Suunnistus\",\"isPartOf\":{\"@id\":\"https:\\\/\\\/www.akilles.fi\\\/orientering\\\/#website\"},\"datePublished\":\"2020-06-18T21:17:40+00:00\",\"dateModified\":\"2020-10-22T18:02:00+00:00\",\"breadcrumb\":{\"@id\":\"https:\\\/\\\/www.akilles.fi\\\/orientering\\\/naid-2020-orientering-masterskap\\\/#breadcrumb\"},\"inLanguage\":\"en-US\",\"potentialAction\":[{\"@type\":\"ReadAction\",\"target\":[\"https:\\\/\\\/www.akilles.fi\\\/orientering\\\/naid-2020-orientering-masterskap\\\/\"]}]},{\"@type\":\"BreadcrumbList\",\"@id\":\"https:\\\/\\\/www.akilles.fi\\\/orientering\\\/naid-2020-orientering-masterskap\\\/#breadcrumb\",\"itemListElement\":[{\"@type\":\"ListItem\",\"position\":1,\"name\":\"Home\",\"item\":\"https:\\\/\\\/www.akilles.fi\\\/orientering\\\/\"},{\"@type\":\"ListItem\",\"position\":2,\"name\":\"N\u00c5ID 2020 Orientering m\u00e4sterskap\"}]},{\"@type\":\"WebSite\",\"@id\":\"https:\\\/\\\/www.akilles.fi\\\/orientering\\\/#website\",\"url\":\"https:\\\/\\\/www.akilles.fi\\\/orientering\\\/\",\"name\":\"Orientering - Suunnistus\",\"description\":\"Borg\u00e5 Akilles Orientering - Porvoon Akilles Suunnistus\",\"potentialAction\":[{\"@type\":\"SearchAction\",\"target\":{\"@type\":\"EntryPoint\",\"urlTemplate\":\"https:\\\/\\\/www.akilles.fi\\\/orientering\\\/?s={search_term_string}\"},\"query-input\":{\"@type\":\"PropertyValueSpecification\",\"valueRequired\":true,\"valueName\":\"search_term_string\"}}],\"inLanguage\":\"en-US\"}]}<\/script>\n<!-- \/ Yoast SEO plugin. -->","yoast_head_json":{"title":"N\u00c5ID 2020 Orientering m\u00e4sterskap - Orientering - Suunnistus","robots":{"index":"index","follow":"follow","max-snippet":"max-snippet:-1","max-image-preview":"max-image-preview:large","max-video-preview":"max-video-preview:-1"},"canonical":"https:\/\/www.akilles.fi\/orientering\/naid-2020-orientering-masterskap\/","og_locale":"en_US","og_type":"article","og_title":"N\u00c5ID 2020 Orientering m\u00e4sterskap - Orientering - Suunnistus","og_description":"Nyland-\u00c5bolands Idrotts distrikt (N\u00c5ID) orienterings m\u00e4sterskap 2020 arrangerades i Borg\u00e5 den 6.9.2020 \u00a0 N\u00c5ID 2020 t\u00e4vlingsinbjudan \u00a0 N\u00c5ID2020 t\u00e4vlingsdirektiv \u00a0 \u00a0 Individuella medeldistans, startlista, klassvis Individuella medeldistans, startlista, f\u00f6reningsvis Stafett startlista, klassvis \u00a0 \u00a0 \u00a0 \u00a0 Resultat, inviduell Resultat, stafett Str\u00e4cktider, stafett \u00a0 \u00a0\u00a0 \u00a0 \u00a0 \u00a0 \u00a0 \u00a0\u00a0\u00a0\u00a0\u00a0\u00a0\u00a0\u00a0\u00a0\u00a0\u00a0\u00a0\u00a0 \u00a0 \u00a0 \u00a0 \u00a0 \u00a0 \u00a0 [&hellip;]","og_url":"https:\/\/www.akilles.fi\/orientering\/naid-2020-orientering-masterskap\/","og_site_name":"Orientering - Suunnistus","article_modified_time":"2020-10-22T18:02:00+00:00","twitter_card":"summary_large_image","schema":{"@context":"https:\/\/schema.org","@graph":[{"@type":"WebPage","@id":"https:\/\/www.akilles.fi\/orientering\/naid-2020-orientering-masterskap\/","url":"https:\/\/www.akilles.fi\/orientering\/naid-2020-orientering-masterskap\/","name":"N\u00c5ID 2020 Orientering m\u00e4sterskap - Orientering - Suunnistus","isPartOf":{"@id":"https:\/\/www.akilles.fi\/orientering\/#website"},"datePublished":"2020-06-18T21:17:40+00:00","dateModified":"2020-10-22T18:02:00+00:00","breadcrumb":{"@id":"https:\/\/www.akilles.fi\/orientering\/naid-2020-orientering-masterskap\/#breadcrumb"},"inLanguage":"en-US","potentialAction":[{"@type":"ReadAction","target":["https:\/\/www.akilles.fi\/orientering\/naid-2020-orientering-masterskap\/"]}]},{"@type":"BreadcrumbList","@id":"https:\/\/www.akilles.fi\/orientering\/naid-2020-orientering-masterskap\/#breadcrumb","itemListElement":[{"@type":"ListItem","position":1,"name":"Home","item":"https:\/\/www.akilles.fi\/orientering\/"},{"@type":"ListItem","position":2,"name":"N\u00c5ID 2020 Orientering m\u00e4sterskap"}]},{"@type":"WebSite","@id":"https:\/\/www.akilles.fi\/orientering\/#website","url":"https:\/\/www.akilles.fi\/orientering\/","name":"Orientering - Suunnistus","description":"Borg\u00e5 Akilles Orientering - Porvoon Akilles Suunnistus","potentialAction":[{"@type":"SearchAction","target":{"@type":"EntryPoint","urlTemplate":"https:\/\/www.akilles.fi\/orientering\/?s={search_term_string}"},"query-input":{"@type":"PropertyValueSpecification","valueRequired":true,"valueName":"search_term_string"}}],"inLanguage":"en-US"}]}},"_links":{"self":[{"href":"https:\/\/www.akilles.fi\/orientering\/wp-json\/wp\/v2\/pages\/724","targetHints":{"allow":["GET"]}}],"collection":[{"href":"https:\/\/www.akilles.fi\/orientering\/wp-json\/wp\/v2\/pages"}],"about":[{"href":"https:\/\/www.akilles.fi\/orientering\/wp-json\/wp\/v2\/types\/page"}],"author":[{"embeddable":true,"href":"https:\/\/www.akilles.fi\/orientering\/wp-json\/wp\/v2\/users\/21"}],"replies":[{"embeddable":true,"href":"https:\/\/www.akilles.fi\/orientering\/wp-json\/wp\/v2\/comments?post=724"}],"version-history":[{"count":72,"href":"https:\/\/www.akilles.fi\/orientering\/wp-json\/wp\/v2\/pages\/724\/revisions"}],"predecessor-version":[{"id":1107,"href":"https:\/\/www.akilles.fi\/orientering\/wp-json\/wp\/v2\/pages\/724\/revisions\/1107"}],"wp:attachment":[{"href":"https:\/\/www.akilles.fi\/orientering\/wp-json\/wp\/v2\/media?parent=724"}],"curies":[{"name":"wp","href":"https:\/\/api.w.org\/{rel}","templated":true}]}}